{"id":153,"date":"2016-12-12T22:36:30","date_gmt":"2016-12-12T21:36:30","guid":{"rendered":"https:\/\/edurec.ge.ch\/site\/openboard\/?page_id=153"},"modified":"2016-12-12T22:40:01","modified_gmt":"2016-12-12T21:40:01","slug":"telecharger-openboard","status":"publish","type":"page","link":"https:\/\/edurec.ge.ch\/site\/openboard\/telecharger-openboard\/","title":{"rendered":"T\u00e9l\u00e9charger OpenBoard"},"content":{"rendered":"<p><img loading=\"lazy\" decoding=\"async\" class=\"alignnone size-medium wp-image-182\" src=\"https:\/\/edurec.ge.ch\/site\/openboard\/wp-content\/uploads\/sites\/139\/2016\/12\/cloud-computing-300x300.png\" alt=\"cloud-computing\" width=\"300\" height=\"300\" srcset=\"https:\/\/edurec.ge.ch\/site\/openboard\/wp-content\/uploads\/sites\/139\/2016\/12\/cloud-computing-300x300.png 300w, https:\/\/edurec.ge.ch\/site\/openboard\/wp-content\/uploads\/sites\/139\/2016\/12\/cloud-computing-150x150.png 150w, https:\/\/edurec.ge.ch\/site\/openboard\/wp-content\/uploads\/sites\/139\/2016\/12\/cloud-computing.png 512w\" sizes=\"auto, (max-width: 300px) 100vw, 300px\" \/><\/p>\n<p>Si vous souhaitez t\u00e9l\u00e9charger OpenBoard, <a href=\"http:\/\/openboard.ch\/\" target=\"_blank\"><strong>c&rsquo;est par ici que \u00e7a se passe<\/strong><\/a>.<\/p>\n<p><strong>Pourquoi t\u00e9l\u00e9charger OpenBoard?<\/strong><\/p>\n<ul>\n<li>Pour l&rsquo;avoir \u00e0 la maison et s&rsquo;entra\u00eener aux manipulations<\/li>\n<li>Pour l&rsquo;avoir \u00e0 la maison et pr\u00e9parer ses cours dessus<\/li>\n<li>Pour suivre les vid\u00e9os de ce site et faire les exercices propos\u00e9s<\/li>\n<\/ul>\n","protected":false},"excerpt":{"rendered":"<p>Si vous souhaitez t\u00e9l\u00e9charger OpenBoard, c&rsquo;est par ici que \u00e7a se passe. Pourquoi t\u00e9l\u00e9charger OpenBoard? Pour l&rsquo;avoir \u00e0 la maison et s&rsquo;entra\u00eener aux manipulations Pour l&rsquo;avoir \u00e0 la maison et pr\u00e9parer ses cours dessus Pour suivre les vid\u00e9os de ce site et faire les exercices propos\u00e9s<\/p>\n","protected":false},"author":24,"featured_media":0,"parent":0,"menu_order":0,"comment_status":"closed","ping_status":"closed","template":"","meta":{"footnotes":""},"class_list":["post-153","page","type-page","status-publish"],"yoast_head":"<!-- This site is optimized with the Yoast SEO plugin v26.4 - https:\/\/yoast.com\/wordpress\/plugins\/seo\/ -->\n<title>T\u00e9l\u00e9charger OpenBoard - OpenBoard<\/title>\n<meta name=\"robots\" content=\"index, follow, max-snippet:-1, max-image-preview:large, max-video-preview:-1\" \/>\n<link rel=\"canonical\" href=\"https:\/\/edurec.ge.ch\/site\/openboard\/telecharger-openboard\/\" \/>\n<meta property=\"og:locale\" content=\"fr_FR\" \/>\n<meta property=\"og:type\" content=\"article\" \/>\n<meta property=\"og:title\" content=\"T\u00e9l\u00e9charger OpenBoard - OpenBoard\" \/>\n<meta property=\"og:description\" content=\"Si vous souhaitez t\u00e9l\u00e9charger OpenBoard, c&rsquo;est par ici que \u00e7a se passe. Pourquoi t\u00e9l\u00e9charger OpenBoard? Pour l&rsquo;avoir \u00e0 la maison et s&rsquo;entra\u00eener aux manipulations Pour l&rsquo;avoir \u00e0 la maison et pr\u00e9parer ses cours dessus Pour suivre les vid\u00e9os de ce site et faire les exercices propos\u00e9s\" \/>\n<meta property=\"og:url\" content=\"https:\/\/edurec.ge.ch\/site\/openboard\/telecharger-openboard\/\" \/>\n<meta property=\"og:site_name\" content=\"OpenBoard\" \/>\n<meta property=\"article:modified_time\" content=\"2016-12-12T21:40:01+00:00\" \/>\n<meta property=\"og:image\" content=\"https:\/\/edurec.ge.ch\/site\/openboard\/wp-content\/uploads\/sites\/139\/2016\/12\/cloud-computing-300x300.png\" \/>\n<meta name=\"twitter:card\" content=\"summary_large_image\" \/>\n<script type=\"application\/ld+json\" class=\"yoast-schema-graph\">{\"@context\":\"https:\/\/schema.org\",\"@graph\":[{\"@type\":\"WebPage\",\"@id\":\"https:\/\/edurec.ge.ch\/site\/openboard\/telecharger-openboard\/\",\"url\":\"https:\/\/edurec.ge.ch\/site\/openboard\/telecharger-openboard\/\",\"name\":\"T\u00e9l\u00e9charger OpenBoard - OpenBoard\",\"isPartOf\":{\"@id\":\"https:\/\/edurec.ge.ch\/site\/openboard\/#website\"},\"primaryImageOfPage\":{\"@id\":\"https:\/\/edurec.ge.ch\/site\/openboard\/telecharger-openboard\/#primaryimage\"},\"image\":{\"@id\":\"https:\/\/edurec.ge.ch\/site\/openboard\/telecharger-openboard\/#primaryimage\"},\"thumbnailUrl\":\"https:\/\/edurec.ge.ch\/site\/openboard\/wp-content\/uploads\/sites\/139\/2016\/12\/cloud-computing-300x300.png\",\"datePublished\":\"2016-12-12T21:36:30+00:00\",\"dateModified\":\"2016-12-12T21:40:01+00:00\",\"breadcrumb\":{\"@id\":\"https:\/\/edurec.ge.ch\/site\/openboard\/telecharger-openboard\/#breadcrumb\"},\"inLanguage\":\"fr-FR\",\"potentialAction\":[{\"@type\":\"ReadAction\",\"target\":[\"https:\/\/edurec.ge.ch\/site\/openboard\/telecharger-openboard\/\"]}]},{\"@type\":\"ImageObject\",\"inLanguage\":\"fr-FR\",\"@id\":\"https:\/\/edurec.ge.ch\/site\/openboard\/telecharger-openboard\/#primaryimage\",\"url\":\"https:\/\/edurec.ge.ch\/site\/openboard\/wp-content\/uploads\/sites\/139\/2016\/12\/cloud-computing.png\",\"contentUrl\":\"https:\/\/edurec.ge.ch\/site\/openboard\/wp-content\/uploads\/sites\/139\/2016\/12\/cloud-computing.png\",\"width\":512,\"height\":512},{\"@type\":\"BreadcrumbList\",\"@id\":\"https:\/\/edurec.ge.ch\/site\/openboard\/telecharger-openboard\/#breadcrumb\",\"itemListElement\":[{\"@type\":\"ListItem\",\"position\":1,\"name\":\"Accueil\",\"item\":\"https:\/\/edurec.ge.ch\/site\/openboard\/\"},{\"@type\":\"ListItem\",\"position\":2,\"name\":\"T\u00e9l\u00e9charger OpenBoard\"}]},{\"@type\":\"WebSite\",\"@id\":\"https:\/\/edurec.ge.ch\/site\/openboard\/#website\",\"url\":\"https:\/\/edurec.ge.ch\/site\/openboard\/\",\"name\":\"OpenBoard\",\"description\":\"Un syst\u00e8me de projection interactif en classe\",\"potentialAction\":[{\"@type\":\"SearchAction\",\"target\":{\"@type\":\"EntryPoint\",\"urlTemplate\":\"https:\/\/edurec.ge.ch\/site\/openboard\/?s={search_term_string}\"},\"query-input\":{\"@type\":\"PropertyValueSpecification\",\"valueRequired\":true,\"valueName\":\"search_term_string\"}}],\"inLanguage\":\"fr-FR\"}]}<\/script>\n<!-- \/ Yoast SEO plugin. -->","yoast_head_json":{"title":"T\u00e9l\u00e9charger OpenBoard - OpenBoard","robots":{"index":"index","follow":"follow","max-snippet":"max-snippet:-1","max-image-preview":"max-image-preview:large","max-video-preview":"max-video-preview:-1"},"canonical":"https:\/\/edurec.ge.ch\/site\/openboard\/telecharger-openboard\/","og_locale":"fr_FR","og_type":"article","og_title":"T\u00e9l\u00e9charger OpenBoard - OpenBoard","og_description":"Si vous souhaitez t\u00e9l\u00e9charger OpenBoard, c&rsquo;est par ici que \u00e7a se passe. Pourquoi t\u00e9l\u00e9charger OpenBoard? Pour l&rsquo;avoir \u00e0 la maison et s&rsquo;entra\u00eener aux manipulations Pour l&rsquo;avoir \u00e0 la maison et pr\u00e9parer ses cours dessus Pour suivre les vid\u00e9os de ce site et faire les exercices propos\u00e9s","og_url":"https:\/\/edurec.ge.ch\/site\/openboard\/telecharger-openboard\/","og_site_name":"OpenBoard","article_modified_time":"2016-12-12T21:40:01+00:00","og_image":[{"url":"https:\/\/edurec.ge.ch\/site\/openboard\/wp-content\/uploads\/sites\/139\/2016\/12\/cloud-computing-300x300.png","type":"","width":"","height":""}],"twitter_card":"summary_large_image","schema":{"@context":"https:\/\/schema.org","@graph":[{"@type":"WebPage","@id":"https:\/\/edurec.ge.ch\/site\/openboard\/telecharger-openboard\/","url":"https:\/\/edurec.ge.ch\/site\/openboard\/telecharger-openboard\/","name":"T\u00e9l\u00e9charger OpenBoard - OpenBoard","isPartOf":{"@id":"https:\/\/edurec.ge.ch\/site\/openboard\/#website"},"primaryImageOfPage":{"@id":"https:\/\/edurec.ge.ch\/site\/openboard\/telecharger-openboard\/#primaryimage"},"image":{"@id":"https:\/\/edurec.ge.ch\/site\/openboard\/telecharger-openboard\/#primaryimage"},"thumbnailUrl":"https:\/\/edurec.ge.ch\/site\/openboard\/wp-content\/uploads\/sites\/139\/2016\/12\/cloud-computing-300x300.png","datePublished":"2016-12-12T21:36:30+00:00","dateModified":"2016-12-12T21:40:01+00:00","breadcrumb":{"@id":"https:\/\/edurec.ge.ch\/site\/openboard\/telecharger-openboard\/#breadcrumb"},"inLanguage":"fr-FR","potentialAction":[{"@type":"ReadAction","target":["https:\/\/edurec.ge.ch\/site\/openboard\/telecharger-openboard\/"]}]},{"@type":"ImageObject","inLanguage":"fr-FR","@id":"https:\/\/edurec.ge.ch\/site\/openboard\/telecharger-openboard\/#primaryimage","url":"https:\/\/edurec.ge.ch\/site\/openboard\/wp-content\/uploads\/sites\/139\/2016\/12\/cloud-computing.png","contentUrl":"https:\/\/edurec.ge.ch\/site\/openboard\/wp-content\/uploads\/sites\/139\/2016\/12\/cloud-computing.png","width":512,"height":512},{"@type":"BreadcrumbList","@id":"https:\/\/edurec.ge.ch\/site\/openboard\/telecharger-openboard\/#breadcrumb","itemListElement":[{"@type":"ListItem","position":1,"name":"Accueil","item":"https:\/\/edurec.ge.ch\/site\/openboard\/"},{"@type":"ListItem","position":2,"name":"T\u00e9l\u00e9charger OpenBoard"}]},{"@type":"WebSite","@id":"https:\/\/edurec.ge.ch\/site\/openboard\/#website","url":"https:\/\/edurec.ge.ch\/site\/openboard\/","name":"OpenBoard","description":"Un syst\u00e8me de projection interactif en classe","potentialAction":[{"@type":"SearchAction","target":{"@type":"EntryPoint","urlTemplate":"https:\/\/edurec.ge.ch\/site\/openboard\/?s={search_term_string}"},"query-input":{"@type":"PropertyValueSpecification","valueRequired":true,"valueName":"search_term_string"}}],"inLanguage":"fr-FR"}]}},"_links":{"self":[{"href":"https:\/\/edurec.ge.ch\/site\/openboard\/wp-json\/wp\/v2\/pages\/153","targetHints":{"allow":["GET"]}}],"collection":[{"href":"https:\/\/edurec.ge.ch\/site\/openboard\/wp-json\/wp\/v2\/pages"}],"about":[{"href":"https:\/\/edurec.ge.ch\/site\/openboard\/wp-json\/wp\/v2\/types\/page"}],"author":[{"embeddable":true,"href":"https:\/\/edurec.ge.ch\/site\/openboard\/wp-json\/wp\/v2\/users\/24"}],"replies":[{"embeddable":true,"href":"https:\/\/edurec.ge.ch\/site\/openboard\/wp-json\/wp\/v2\/comments?post=153"}],"version-history":[{"count":2,"href":"https:\/\/edurec.ge.ch\/site\/openboard\/wp-json\/wp\/v2\/pages\/153\/revisions"}],"predecessor-version":[{"id":186,"href":"https:\/\/edurec.ge.ch\/site\/openboard\/wp-json\/wp\/v2\/pages\/153\/revisions\/186"}],"wp:attachment":[{"href":"https:\/\/edurec.ge.ch\/site\/openboard\/wp-json\/wp\/v2\/media?parent=153"}],"curies":[{"name":"wp","href":"https:\/\/api.w.org\/{rel}","templated":true}]}}