{"id":135,"date":"2016-12-12T20:34:54","date_gmt":"2016-12-12T19:34:54","guid":{"rendered":"https:\/\/edurec.ge.ch\/site\/openboard\/?page_id=135"},"modified":"2017-03-03T12:09:25","modified_gmt":"2017-03-03T11:09:25","slug":"toutes-les-manipulations","status":"publish","type":"page","link":"https:\/\/edurec.ge.ch\/site\/openboard\/toutes-les-manipulations\/","title":{"rendered":"Toutes les manipulations"},"content":{"rendered":"<div id=\"pl-135\"  class=\"panel-layout\" ><div id=\"pg-135-0\"  class=\"panel-grid panel-no-style\" ><div id=\"pgc-135-0-0\"  class=\"panel-grid-cell\" ><div id=\"panel-135-0-0-0\" class=\"so-panel widget widget_sow-editor panel-first-child panel-last-child\" data-index=\"0\" ><div\n\t\t\t\n\t\t\tclass=\"so-widget-sow-editor so-widget-sow-editor-base\"\n\t\t\t\n\t\t>\n<div class=\"siteorigin-widget-tinymce textwidget\">\n\t<h2><img loading=\"lazy\" decoding=\"async\" class=\"alignnone size-medium wp-image-143\" src=\"https:\/\/edurec.ge.ch\/site\/openboard\/wp-content\/uploads\/sites\/139\/2016\/12\/tap-300x300.png\" alt=\"tap\" width=\"300\" height=\"300\" srcset=\"https:\/\/edurec.ge.ch\/site\/openboard\/wp-content\/uploads\/sites\/139\/2016\/12\/tap-300x300.png 300w, https:\/\/edurec.ge.ch\/site\/openboard\/wp-content\/uploads\/sites\/139\/2016\/12\/tap-150x150.png 150w, https:\/\/edurec.ge.ch\/site\/openboard\/wp-content\/uploads\/sites\/139\/2016\/12\/tap.png 512w\" sizes=\"auto, (max-width: 300px) 100vw, 300px\" \/><\/h2>\n<h2><span style=\"color: #e04433\">Les tous premiers pas:<\/span><\/h2>\n<p><a href=\"https:\/\/www.youtube.com\/watch?v=ZJgdtqgs8jk\" target=\"_blank\"><strong>0:00<\/strong><\/a> l'entr\u00e9e en classe<br \/><a href=\"https:\/\/edurec.ge.ch\/site\/openboard\/utiliser-le-stylet\/\" target=\"_blank\"><strong>0:00<\/strong><\/a> utiliser le stylet<\/p>\n<h2><span style=\"color: #e04433\">Pr\u00e9parer ses documents:<\/span><\/h2>\n<p><a href=\"https:\/\/www.youtube.com\/watch?v=sFEwASXVOrI\" target=\"_blank\"><strong>0:00<\/strong><\/a> convertir un document au format PDF<br \/><a href=\"https:\/\/edurec.ge.ch\/site\/openboard\/numeriser-documents-mopieur\/\" target=\"_blank\"><strong>0:00<\/strong><\/a> num\u00e9riser ses manuels avec un mopieur<\/p>\n<h2><span style=\"color: #e04433\">\u00a0Naviguer dans OpenBoard:<\/span><\/h2>\n<p><strong><a href=\"https:\/\/www.youtube.com\/watch?v=ungtfOcnh4A&amp;t=4s#t=0m39s\" target=\"_blank\">0:39<\/a><\/strong> naviguer dans les 4 zones de l'\u00e9cran<br \/> <strong><a href=\"https:\/\/www.youtube.com\/watch?v=ungtfOcnh4A&amp;t=4s#t=1m10s\" target=\"_blank\">1:10<\/a><\/strong> faire appara\u00eetre ou dispara\u00eetre les barres de menu<br \/> <strong><a href=\"https:\/\/www.youtube.com\/watch?v=ungtfOcnh4A&amp;t=4s#t=1m29s\" target=\"_blank\">1:29<\/a><\/strong> d\u00e9placer la palette d'outils<br \/> <strong><a href=\"https:\/\/www.youtube.com\/watch?v=ungtfOcnh4A&amp;t=4s#t=1m42s\" target=\"_blank\">1:42<\/a><\/strong> utiliser la barre des menus<br \/> <strong><a href=\"https:\/\/www.youtube.com\/watch?v=ungtfOcnh4A&amp;t=4s#t=2m01s\" target=\"_blank\">2:01<\/a><\/strong> faire appara\u00eetre ou dispara\u00eetre la palette d'outils<br \/> <strong><a href=\"https:\/\/youtu.be\/n6UIWM9apdk#t=0m43s\" target=\"_blank\">0:43<\/a><\/strong> agrandir ou r\u00e9tr\u00e9cir les ic\u00f4nes de la biblioth\u00e8ques<br \/> <strong><a href=\"https:\/\/www.youtube.com\/watch?v=B9Yrssal29c&amp;t=1s#t=0m58s\" target=\"_blank\">0:58<\/a><\/strong> afficher la partie \"Tableau\"<br \/> <a href=\"https:\/\/www.youtube.com\/watch?v=B9Yrssal29c&amp;t=1s#t=1m11s\" target=\"_blank\"><strong>1:11<\/strong><\/a> aller sur le navigateur Internet d'OpenBoard<br \/> <a href=\"https:\/\/www.youtube.com\/watch?v=B9Yrssal29c&amp;t=1s#t=3m47s\" target=\"_blank\"><strong>3:47<\/strong><\/a> afficher la partie \"documents\" pour g\u00e9rer mes cours et acc\u00e9der \u00e0 des anciens cours<br \/> <a href=\"https:\/\/www.youtube.com\/watch?v=B9Yrssal29c&amp;t=1s#t=4m37s\" target=\"_blank\"><strong>4:37<\/strong><\/a> afficher la partie \"bureau\" pour annoter ce que je vois \u00e0 l'\u00e9cran en dehors d'OpenBoard<br \/> <a href=\"https:\/\/www.youtube.com\/watch?v=B9Yrssal29c&amp;t=1s#t=5m52s\" target=\"_blank\"><strong>5:52<\/strong><\/a> afficher le menu<br \/> <a href=\"https:\/\/www.youtube.com\/watch?v=B9Yrssal29c&amp;t=1s#t=5m57s\" target=\"_blank\"><strong>5:57<\/strong><\/a> cacher OpenBoard pour int\u00e9ragir avec le reste du syst\u00e8me<br \/> <a href=\"https:\/\/www.youtube.com\/watch?v=B9Yrssal29c&amp;t=1s#t=6m39s\" target=\"_blank\"><strong>6:39<\/strong><\/a> quitter OpenBoard<br \/> <a href=\"https:\/\/www.youtube.com\/watch?v=BFeSf0H0ZnM#t=0m30s\" target=\"_blank\"><strong>0:30<\/strong><\/a> acc\u00e9der \u00e0 la partie \"Documents\"<\/p>\n<h2><span style=\"color: #e04433\">Naviguer dans un document:<\/span><\/h2>\n<p><a href=\"https:\/\/www.youtube.com\/watch?v=8wDFKhDRtHQ&amp;t=95s#t=3m35s\" target=\"_blank\"><strong>3:35<\/strong><\/a> zoomer et d\u00e9zoomer<br \/> <a href=\"https:\/\/www.youtube.com\/watch?v=8wDFKhDRtHQ&amp;t=95s#t=4m02s\" target=\"_blank\"><strong>4:02<\/strong><\/a> se d\u00e9placer dans la page<br \/> <strong><a href=\"https:\/\/www.youtube.com\/watch?v=ungtfOcnh4A&amp;t=4s#t=3m45s\" target=\"_blank\">3:45<\/a><\/strong> changer de page<br \/> <a href=\"https:\/\/www.youtube.com\/watch?v=8wDFKhDRtHQ&amp;t=95s#t=4m32s\" target=\"_blank\"><strong>4:32<\/strong><\/a> utiliser le pointeur laser<\/p>\n<h2><span style=\"color: #e04433\">Annoter un document:<\/span><\/h2>\n<p><strong><a href=\"https:\/\/www.youtube.com\/watch?v=ungtfOcnh4A&amp;t=4s#t=2m11s\" target=\"_blank\">2:11<\/a><\/strong> \u00e9crire de diff\u00e9rentes couleurs<br \/> <strong><a href=\"https:\/\/www.youtube.com\/watch?v=ungtfOcnh4A&amp;t=4s#t=2m28s\" target=\"_blank\">2:28<\/a><\/strong> changer l'\u00e9paisseur du trait<br \/> <strong><a href=\"https:\/\/www.youtube.com\/watch?v=ungtfOcnh4A&amp;t=4s#t=2m36s\" target=\"_blank\">2:36<\/a><\/strong> effacer avec la gomme<br \/> <a href=\"https:\/\/www.youtube.com\/watch?v=8wDFKhDRtHQ&amp;t=95s#t=0m55s\" target=\"_blank\"><strong>0:55<\/strong><\/a> surligner<br \/> <strong><a href=\"https:\/\/www.youtube.com\/watch?v=ungtfOcnh4A&amp;t=4s#t=3m23s\" target=\"_blank\">3:23<\/a> <\/strong>annuler les derni\u00e8res actions ou les r\u00e9tablir<br \/> <a href=\"https:\/\/www.youtube.com\/watch?v=8wDFKhDRtHQ&amp;t=95s#t=4m40s\" target=\"_blank\"><strong>4:40<\/strong><\/a> tracer des lignes droites<br \/> <a href=\"https:\/\/www.youtube.com\/watch?v=8wDFKhDRtHQ&amp;t=95s#t=4m50s\" target=\"_blank\"><strong>4:50<\/strong><\/a> ajouter du texte dactylographi\u00e9<br \/> <a href=\"https:\/\/www.youtube.com\/watch?v=8wDFKhDRtHQ&amp;t=95s#t=5m02s\" target=\"_blank\"><strong>5:02<\/strong><\/a> d\u00e9placer le texte et changer sa taille<br \/> <a href=\"https:\/\/www.youtube.com\/watch?v=8wDFKhDRtHQ&amp;t=95s#t=5m21s\" target=\"_blank\"><strong>5:21<\/strong><\/a> changer le style de la police et sa couleur<br \/> <a href=\"https:\/\/www.youtube.com\/watch?v=8wDFKhDRtHQ&amp;t=95s#t=5m44s\" target=\"_blank\"><strong>5:44<\/strong><\/a> changer l'alignement du texte<br \/> <a href=\"https:\/\/www.youtube.com\/watch?v=8wDFKhDRtHQ&amp;t=95s#t=7m13s\" target=\"_blank\"><strong>7:13<\/strong><\/a> utiliser le clavier virtuel<\/p>\n<h2><span style=\"color: #e04433\">Modifier un document:<\/span><\/h2>\n<p><strong><a href=\"https:\/\/www.youtube.com\/watch?v=ungtfOcnh4A&amp;t=4s#t=2m48s\" target=\"_blank\">2:48<\/a><\/strong> changer le fond<br \/> <strong><a href=\"https:\/\/www.youtube.com\/watch?v=ungtfOcnh4A&amp;t=4s#t=3m38s\" target=\"_blank\">3:38<\/a><\/strong> rajouter une page \u00e0 mon document<br \/> <strong><a href=\"https:\/\/www.youtube.com\/watch?v=ungtfOcnh4A&amp;t=4s#t=4m20s\" target=\"_blank\">4:20<\/a><\/strong> effacer la page<br \/> <strong><a href=\"https:\/\/www.youtube.com\/watch?v=ungtfOcnh4A&amp;t=4s#t=4m35s\" target=\"_blank\">4:35<\/a><\/strong> utiliser davantage d'options dans le menu<\/p>\n<h2><span style=\"color: #e04433\">D\u00e9placer et modifier des objets:<\/span><\/h2>\n<p><a href=\"https:\/\/www.youtube.com\/watch?v=8wDFKhDRtHQ&amp;t=95s#t=1m07s\" target=\"_blank\"><strong>1:07<\/strong><\/a> s\u00e9lectionner les objets pour les d\u00e9placer\/modifier\/supprimer<br \/> <a href=\"https:\/\/www.youtube.com\/watch?v=8wDFKhDRtHQ&amp;t=95s#t=1m41s\" target=\"_blank\"><strong>1:41<\/strong><\/a> duppliquer les objets<br \/> <a href=\"https:\/\/www.youtube.com\/watch?v=8wDFKhDRtHQ&amp;t=95s#t=1m48s\" target=\"_blank\"><strong>1:48<\/strong><\/a> rendre un objet invisible sur l'\u00e9cran \u00e9tendu<br \/> <a href=\"https:\/\/www.youtube.com\/watch?v=8wDFKhDRtHQ&amp;t=95s#t=2m24s\" target=\"_blank\"><strong>2:24<\/strong><\/a> v\u00e9rouiller un objet<br \/> <a href=\"https:\/\/www.youtube.com\/watch?v=8wDFKhDRtHQ&amp;t=95s#t=2m51s\" target=\"_blank\"><strong>2:51<\/strong><\/a> d\u00e9placer et int\u00e9ragir avec les objets avec le doigt magique<\/p>\n<h2><span style=\"color: #e04433\">Faire une capture d'\u00e9cran:<\/span><\/h2>\n<p><a href=\"https:\/\/www.youtube.com\/watch?v=8wDFKhDRtHQ&amp;t=95s#t=6m02s\" target=\"_blank\"><strong>6:02<\/strong><\/a> faire une capture d'\u00e9cran<br \/> <a href=\"https:\/\/www.youtube.com\/watch?v=B9Yrssal29c&amp;t=1s#t=1m44s\" target=\"_blank\"><strong>1:44<\/strong><\/a> capturer une page Internet pour l'annoter<br \/><a href=\"https:\/\/www.youtube.com\/watch?v=vsyli1D2xrk#t=1m15s\" target=\"_blank\"><strong>1:15<\/strong><\/a> capturer une image provenant d'un film (DVD)<br \/><a href=\"https:\/\/www.youtube.com\/watch?v=vsyli1D2xrk#t=6m53s\" target=\"_blank\"><strong>6:53<\/strong><\/a> capturer une page d'un document que l'on n'a pas import\u00e9 dans OpenBoard<\/p>\n<h2><span style=\"color: #e04433\">Utiliser les \u00e9l\u00e9ments de la biblioth\u00e8que:<\/span><\/h2>\n<p><a href=\"https:\/\/youtu.be\/n6UIWM9apdk#t=1m04s\" target=\"_blank\"><strong>1:04<\/strong><\/a> masquer un document<br \/> <a href=\"https:\/\/youtu.be\/n6UIWM9apdk#t=2m18s\" target=\"_blank\"><strong>2:18<\/strong><\/a> utiliser un compas<br \/> <a href=\"https:\/\/youtu.be\/n6UIWM9apdk#t=2m22s\" target=\"_blank\"><strong>2:22<\/strong><\/a> utiliser un rapporteur<br \/> <a href=\"https:\/\/youtu.be\/n6UIWM9apdk#t=2m28s\" target=\"_blank\"><strong>2:28<\/strong><\/a> utiliser une carte Google Map<br \/> <a href=\"https:\/\/youtu.be\/n6UIWM9apdk#t=2m43s\" target=\"_blank\"><strong>2:43<\/strong><\/a> dessiner des fonctions math\u00e9matiques<br \/> <a href=\"https:\/\/youtu.be\/n6UIWM9apdk#t=2m55s\" target=\"_blank\"><strong>2:55<\/strong><\/a> acc\u00e9der \u00e0 Wikipedia et au Wiktionnaire<br \/> <a href=\"https:\/\/youtu.be\/n6UIWM9apdk#t=3m22s\" target=\"_blank\"><strong>3:22<\/strong><\/a> utiliser un minuteur<br \/> <a href=\"https:\/\/youtu.be\/n6UIWM9apdk#t=3m54s\" target=\"_blank\"><strong>3:54<\/strong><\/a> ajouter une image, du son ou une vid\u00e9o \u00e0 la biblioth\u00e8que puis dans une page<br \/> <a href=\"https:\/\/youtu.be\/n6UIWM9apdk#t=5m51s\" target=\"_blank\"><strong>5:27<\/strong><\/a> ajouter des objets ou des captures d'\u00e9cran dans les favoris de la biblioth\u00e8que<br \/> <a href=\"https:\/\/youtu.be\/n6UIWM9apdk#t=6m29s\" target=\"_blank\"><strong>6:57<\/strong><\/a> ajouter des formes et les adapter<br \/> <a href=\"https:\/\/youtu.be\/n6UIWM9apdk#t=7m16s\" target=\"_blank\"><strong>7:43<\/strong><\/a> changer l'ordre des pages dans le chemin de fer<br \/> <a href=\"https:\/\/youtu.be\/n6UIWM9apdk#t=7m30s\" target=\"_blank\"><strong>7:57<\/strong><\/a> dupliquer et supprimer une page dans le chemin de fer<\/p>\n<h2><span style=\"color: #e04433\">G\u00e9rer ses cours et ses documents:<\/span><\/h2>\n<p><a href=\"https:\/\/www.youtube.com\/watch?v=BFeSf0H0ZnM#t=0m45s\" target=\"_blank\"><strong>0:45<\/strong><\/a> acc\u00e9der \u00e0 l'historique de mes cours<br \/> <a href=\"https:\/\/www.youtube.com\/watch?v=BFeSf0H0ZnM#t=0m59s\" target=\"_blank\"><strong>0:59<\/strong><\/a> cr\u00e9er un nouveau cours et le renommer<br \/> <a href=\"https:\/\/www.youtube.com\/watch?v=BFeSf0H0ZnM#t=1m42s\" target=\"_blank\"><strong>1:42<\/strong><\/a> cr\u00e9er un nouveau document et l'ouvrir<br \/> <a href=\"https:\/\/www.youtube.com\/watch?v=BFeSf0H0ZnM#t=2m33s\" target=\"_blank\"><strong>2:33<\/strong><\/a> d\u00e9placer une page<br \/> <a href=\"https:\/\/www.youtube.com\/watch?v=BFeSf0H0ZnM#t=2m59s\" target=\"_blank\"><strong>2:59<\/strong><\/a> ajouter un fichier PDF dans un cours et l'ouvrir<br \/> <a href=\"https:\/\/www.youtube.com\/watch?v=BFeSf0H0ZnM#t=3m53s\" target=\"_blank\"><strong>3:53<\/strong><\/a> ajouter une ou plusieurs images dans un cours<br \/> <a href=\"https:\/\/www.youtube.com\/watch?v=BFeSf0H0ZnM#t=5m12s\" target=\"_blank\"><strong>5:12<\/strong><\/a> importer un fichier PDF<br \/><a href=\"https:\/\/www.youtube.com\/watch?v=ZeRZ3OjKDkA&amp;list=PLziC9ALSenVvOW4SJ6mIdL2UZ2Q7Qoj66&amp;index=12#t=2m20s\" target=\"_blank\"><strong>2:20<\/strong><\/a> importer un document depuis son espace personnel sur le r\u00e9seau de l'\u00e9cole<br \/> <a href=\"https:\/\/www.youtube.com\/watch?v=BFeSf0H0ZnM#t=5m46s\" target=\"_blank\"><strong>5:46<\/strong><\/a> dupliquer un document\/cours<br \/> <a href=\"https:\/\/www.youtube.com\/watch?v=BFeSf0H0ZnM#t=6m07s\" target=\"_blank\"><strong>6:07<\/strong><\/a> d\u00e9placer une page sur un autre cours<br \/> <a href=\"https:\/\/www.youtube.com\/watch?v=BFeSf0H0ZnM#t=6m42s\" target=\"_blank\"><strong>6:42<\/strong><\/a> exporter son cours en format PDF pour le lire n'importe o\u00f9<br \/> <a href=\"https:\/\/www.youtube.com\/watch?v=BFeSf0H0ZnM#t=7m58s\" target=\"_blank\"><strong>7:58<\/strong><\/a> exporter son cours en format OpenBoard pour pouvoir le modifier ult\u00e9rieurement<br \/><a href=\"https:\/\/edurec.ge.ch\/site\/openboard\/utiliser-cle-usb\/\" target=\"_blank\"><strong>0:00<\/strong><\/a> importer et exporter des documents en utilisant une cl\u00e9 USB<br \/><a href=\"https:\/\/www.youtube.com\/watch?v=ZeRZ3OjKDkA&amp;list=PLziC9ALSenVvOW4SJ6mIdL2UZ2Q7Qoj66&amp;index=12#t=3m00s\" target=\"_blank\"><strong>3:00<\/strong><\/a> exporter son cours et l'enregistrer sur son espace personnel<br \/><a href=\"https:\/\/edurec.ge.ch\/site\/openboard\/utiliser-un-cloud\/\" target=\"_blank\"><strong>0:00<\/strong><\/a> importer et exporter des documents en utilisant un cloud (serveur en ligne)<\/p>\n<h2><span style=\"color: #e04433\">Autres:<\/span><\/h2>\n<p><a href=\"https:\/\/www.youtube.com\/watch?v=B9Yrssal29c&amp;t=1s#t=6m47s\" target=\"_blank\"><strong>6:47<\/strong><\/a> enregistrer un podcast<\/p>\n<\/div>\n<\/div><\/div><\/div><\/div><\/div>","protected":false},"excerpt":{"rendered":"<p>Les tous premiers pas:0:00 l&rsquo;entr\u00e9e en classe0:00 utiliser le styletPr\u00e9parer ses documents:0:00 convertir un document au format PDF0:00 num\u00e9riser ses manuels avec un mopieur\u00a0Naviguer dans OpenBoard:0:39 naviguer dans les 4 zones de l&rsquo;\u00e9cran 1:10 faire appara\u00eetre ou dispara\u00eetre les barres de menu 1:29 d\u00e9placer la palette d&rsquo;outils 1:42 utiliser la barre des menus 2:01 faire &#8230; <a title=\"Toutes les manipulations\" class=\"read-more\" href=\"https:\/\/edurec.ge.ch\/site\/openboard\/toutes-les-manipulations\/\" aria-label=\"En savoir plus sur Toutes les manipulations\">Lire la suite<\/a><\/p>\n","protected":false},"author":24,"featured_media":0,"parent":0,"menu_order":0,"comment_status":"closed","ping_status":"closed","template":"","meta":{"footnotes":""},"class_list":["post-135","page","type-page","status-publish"],"yoast_head":"<!-- This site is optimized with the Yoast SEO plugin v26.4 - https:\/\/yoast.com\/wordpress\/plugins\/seo\/ -->\n<title>Toutes les manipulations - OpenBoard<\/title>\n<meta name=\"robots\" content=\"index, follow, max-snippet:-1, max-image-preview:large, max-video-preview:-1\" \/>\n<link rel=\"canonical\" href=\"https:\/\/edurec.ge.ch\/site\/openboard\/toutes-les-manipulations\/\" \/>\n<meta property=\"og:locale\" content=\"fr_FR\" \/>\n<meta property=\"og:type\" content=\"article\" \/>\n<meta property=\"og:title\" content=\"Toutes les manipulations - OpenBoard\" \/>\n<meta property=\"og:description\" content=\"Les tous premiers pas:0:00 l&#039;entr\u00e9e en classe0:00 utiliser le styletPr\u00e9parer ses documents:0:00 convertir un document au format PDF0:00 num\u00e9riser ses manuels avec un mopieur\u00a0Naviguer dans OpenBoard:0:39 naviguer dans les 4 zones de l&#039;\u00e9cran 1:10 faire appara\u00eetre ou dispara\u00eetre les barres de menu 1:29 d\u00e9placer la palette d&#039;outils 1:42 utiliser la barre des menus 2:01 faire ... Lire la suite\" \/>\n<meta property=\"og:url\" content=\"https:\/\/edurec.ge.ch\/site\/openboard\/toutes-les-manipulations\/\" \/>\n<meta property=\"og:site_name\" content=\"OpenBoard\" \/>\n<meta property=\"article:modified_time\" content=\"2017-03-03T11:09:25+00:00\" \/>\n<meta property=\"og:image\" content=\"https:\/\/edurec.ge.ch\/site\/openboard\/wp-content\/uploads\/sites\/139\/2016\/12\/tap-300x300.png\" \/>\n<meta name=\"twitter:card\" content=\"summary_large_image\" \/>\n<meta name=\"twitter:label1\" content=\"Dur\u00e9e de lecture estim\u00e9e\" \/>\n\t<meta name=\"twitter:data1\" content=\"3 minutes\" \/>\n<script type=\"application\/ld+json\" class=\"yoast-schema-graph\">{\"@context\":\"https:\/\/schema.org\",\"@graph\":[{\"@type\":\"WebPage\",\"@id\":\"https:\/\/edurec.ge.ch\/site\/openboard\/toutes-les-manipulations\/\",\"url\":\"https:\/\/edurec.ge.ch\/site\/openboard\/toutes-les-manipulations\/\",\"name\":\"Toutes les manipulations - OpenBoard\",\"isPartOf\":{\"@id\":\"https:\/\/edurec.ge.ch\/site\/openboard\/#website\"},\"primaryImageOfPage\":{\"@id\":\"https:\/\/edurec.ge.ch\/site\/openboard\/toutes-les-manipulations\/#primaryimage\"},\"image\":{\"@id\":\"https:\/\/edurec.ge.ch\/site\/openboard\/toutes-les-manipulations\/#primaryimage\"},\"thumbnailUrl\":\"https:\/\/edurec.ge.ch\/site\/openboard\/wp-content\/uploads\/sites\/139\/2016\/12\/tap-300x300.png\",\"datePublished\":\"2016-12-12T19:34:54+00:00\",\"dateModified\":\"2017-03-03T11:09:25+00:00\",\"breadcrumb\":{\"@id\":\"https:\/\/edurec.ge.ch\/site\/openboard\/toutes-les-manipulations\/#breadcrumb\"},\"inLanguage\":\"fr-FR\",\"potentialAction\":[{\"@type\":\"ReadAction\",\"target\":[\"https:\/\/edurec.ge.ch\/site\/openboard\/toutes-les-manipulations\/\"]}]},{\"@type\":\"ImageObject\",\"inLanguage\":\"fr-FR\",\"@id\":\"https:\/\/edurec.ge.ch\/site\/openboard\/toutes-les-manipulations\/#primaryimage\",\"url\":\"https:\/\/edurec.ge.ch\/site\/openboard\/wp-content\/uploads\/sites\/139\/2016\/12\/tap.png\",\"contentUrl\":\"https:\/\/edurec.ge.ch\/site\/openboard\/wp-content\/uploads\/sites\/139\/2016\/12\/tap.png\",\"width\":512,\"height\":512},{\"@type\":\"BreadcrumbList\",\"@id\":\"https:\/\/edurec.ge.ch\/site\/openboard\/toutes-les-manipulations\/#breadcrumb\",\"itemListElement\":[{\"@type\":\"ListItem\",\"position\":1,\"name\":\"Accueil\",\"item\":\"https:\/\/edurec.ge.ch\/site\/openboard\/\"},{\"@type\":\"ListItem\",\"position\":2,\"name\":\"Toutes les manipulations\"}]},{\"@type\":\"WebSite\",\"@id\":\"https:\/\/edurec.ge.ch\/site\/openboard\/#website\",\"url\":\"https:\/\/edurec.ge.ch\/site\/openboard\/\",\"name\":\"OpenBoard\",\"description\":\"Un syst\u00e8me de projection interactif en classe\",\"potentialAction\":[{\"@type\":\"SearchAction\",\"target\":{\"@type\":\"EntryPoint\",\"urlTemplate\":\"https:\/\/edurec.ge.ch\/site\/openboard\/?s={search_term_string}\"},\"query-input\":{\"@type\":\"PropertyValueSpecification\",\"valueRequired\":true,\"valueName\":\"search_term_string\"}}],\"inLanguage\":\"fr-FR\"}]}<\/script>\n<!-- \/ Yoast SEO plugin. -->","yoast_head_json":{"title":"Toutes les manipulations - OpenBoard","robots":{"index":"index","follow":"follow","max-snippet":"max-snippet:-1","max-image-preview":"max-image-preview:large","max-video-preview":"max-video-preview:-1"},"canonical":"https:\/\/edurec.ge.ch\/site\/openboard\/toutes-les-manipulations\/","og_locale":"fr_FR","og_type":"article","og_title":"Toutes les manipulations - OpenBoard","og_description":"Les tous premiers pas:0:00 l'entr\u00e9e en classe0:00 utiliser le styletPr\u00e9parer ses documents:0:00 convertir un document au format PDF0:00 num\u00e9riser ses manuels avec un mopieur\u00a0Naviguer dans OpenBoard:0:39 naviguer dans les 4 zones de l'\u00e9cran 1:10 faire appara\u00eetre ou dispara\u00eetre les barres de menu 1:29 d\u00e9placer la palette d'outils 1:42 utiliser la barre des menus 2:01 faire ... Lire la suite","og_url":"https:\/\/edurec.ge.ch\/site\/openboard\/toutes-les-manipulations\/","og_site_name":"OpenBoard","article_modified_time":"2017-03-03T11:09:25+00:00","og_image":[{"url":"https:\/\/edurec.ge.ch\/site\/openboard\/wp-content\/uploads\/sites\/139\/2016\/12\/tap-300x300.png","type":"","width":"","height":""}],"twitter_card":"summary_large_image","twitter_misc":{"Dur\u00e9e de lecture estim\u00e9e":"3 minutes"},"schema":{"@context":"https:\/\/schema.org","@graph":[{"@type":"WebPage","@id":"https:\/\/edurec.ge.ch\/site\/openboard\/toutes-les-manipulations\/","url":"https:\/\/edurec.ge.ch\/site\/openboard\/toutes-les-manipulations\/","name":"Toutes les manipulations - OpenBoard","isPartOf":{"@id":"https:\/\/edurec.ge.ch\/site\/openboard\/#website"},"primaryImageOfPage":{"@id":"https:\/\/edurec.ge.ch\/site\/openboard\/toutes-les-manipulations\/#primaryimage"},"image":{"@id":"https:\/\/edurec.ge.ch\/site\/openboard\/toutes-les-manipulations\/#primaryimage"},"thumbnailUrl":"https:\/\/edurec.ge.ch\/site\/openboard\/wp-content\/uploads\/sites\/139\/2016\/12\/tap-300x300.png","datePublished":"2016-12-12T19:34:54+00:00","dateModified":"2017-03-03T11:09:25+00:00","breadcrumb":{"@id":"https:\/\/edurec.ge.ch\/site\/openboard\/toutes-les-manipulations\/#breadcrumb"},"inLanguage":"fr-FR","potentialAction":[{"@type":"ReadAction","target":["https:\/\/edurec.ge.ch\/site\/openboard\/toutes-les-manipulations\/"]}]},{"@type":"ImageObject","inLanguage":"fr-FR","@id":"https:\/\/edurec.ge.ch\/site\/openboard\/toutes-les-manipulations\/#primaryimage","url":"https:\/\/edurec.ge.ch\/site\/openboard\/wp-content\/uploads\/sites\/139\/2016\/12\/tap.png","contentUrl":"https:\/\/edurec.ge.ch\/site\/openboard\/wp-content\/uploads\/sites\/139\/2016\/12\/tap.png","width":512,"height":512},{"@type":"BreadcrumbList","@id":"https:\/\/edurec.ge.ch\/site\/openboard\/toutes-les-manipulations\/#breadcrumb","itemListElement":[{"@type":"ListItem","position":1,"name":"Accueil","item":"https:\/\/edurec.ge.ch\/site\/openboard\/"},{"@type":"ListItem","position":2,"name":"Toutes les manipulations"}]},{"@type":"WebSite","@id":"https:\/\/edurec.ge.ch\/site\/openboard\/#website","url":"https:\/\/edurec.ge.ch\/site\/openboard\/","name":"OpenBoard","description":"Un syst\u00e8me de projection interactif en classe","potentialAction":[{"@type":"SearchAction","target":{"@type":"EntryPoint","urlTemplate":"https:\/\/edurec.ge.ch\/site\/openboard\/?s={search_term_string}"},"query-input":{"@type":"PropertyValueSpecification","valueRequired":true,"valueName":"search_term_string"}}],"inLanguage":"fr-FR"}]}},"_links":{"self":[{"href":"https:\/\/edurec.ge.ch\/site\/openboard\/wp-json\/wp\/v2\/pages\/135","targetHints":{"allow":["GET"]}}],"collection":[{"href":"https:\/\/edurec.ge.ch\/site\/openboard\/wp-json\/wp\/v2\/pages"}],"about":[{"href":"https:\/\/edurec.ge.ch\/site\/openboard\/wp-json\/wp\/v2\/types\/page"}],"author":[{"embeddable":true,"href":"https:\/\/edurec.ge.ch\/site\/openboard\/wp-json\/wp\/v2\/users\/24"}],"replies":[{"embeddable":true,"href":"https:\/\/edurec.ge.ch\/site\/openboard\/wp-json\/wp\/v2\/comments?post=135"}],"version-history":[{"count":13,"href":"https:\/\/edurec.ge.ch\/site\/openboard\/wp-json\/wp\/v2\/pages\/135\/revisions"}],"predecessor-version":[{"id":286,"href":"https:\/\/edurec.ge.ch\/site\/openboard\/wp-json\/wp\/v2\/pages\/135\/revisions\/286"}],"wp:attachment":[{"href":"https:\/\/edurec.ge.ch\/site\/openboard\/wp-json\/wp\/v2\/media?parent=135"}],"curies":[{"name":"wp","href":"https:\/\/api.w.org\/{rel}","templated":true}]}}