{"id":13030,"date":"2025-02-10T08:26:10","date_gmt":"2025-02-10T07:26:10","guid":{"rendered":"https:\/\/edurec.ge.ch\/site\/cfpt\/?page_id=13030"},"modified":"2025-02-17T07:44:32","modified_gmt":"2025-02-17T06:44:32","slug":"quinzaine-decloisonnee-2025","status":"publish","type":"page","link":"https:\/\/edurec.ge.ch\/site\/cfpt\/quinzaine-decloisonnee-2025\/","title":{"rendered":"Quinzaine d\u00e9cloisonn\u00e9e 2025"},"content":{"rendered":"<div id=\"pl-13030\"  class=\"panel-layout\" ><div id=\"pg-13030-0\"  class=\"panel-grid panel-no-style\" ><div id=\"pgc-13030-0-0\"  class=\"panel-grid-cell\" ><div id=\"panel-13030-0-0-0\" class=\"so-panel widget widget_sow-editor panel-first-child panel-last-child\" data-index=\"0\" ><div\n\t\t\t\n\t\t\tclass=\"so-widget-sow-editor so-widget-sow-editor-base\"\n\t\t\t\n\t\t>\n<div class=\"siteorigin-widget-tinymce textwidget\">\n\t<h1><span style=\"color: #0000ff\"><strong>Les inscriptions \u00e0 la Quinzaine d\u00e9cloisonn\u00e9e 2025 sont ouvertes!<\/strong><\/span><\/h1>\n<p>La Quinzaine d\u00e9cloisonn\u00e9e est de retour, du 10 au 21 mars, avec une belle offre d'ateliers tr\u00e8s vari\u00e9s !<\/p>\n<p>L'objectif est, le temps d'une Quinzaine sp\u00e9cifique, de faire \"tomber\" les cloisons entre les diff\u00e9rentes branches d'enseignement et les diff\u00e9rentes \u00e9coles du CFPT, en proposant des activit\u00e9s vari\u00e9es sur le th\u00e8me du BIEN VIVRE ENSEMBLE.<\/p>\n<p><strong>A qui s'adresse cette semaine?<\/strong><\/p>\n<p>A tous les \u00e9l\u00e8ves du CFPT. Les activit\u00e9s propos\u00e9es s'adressent \u00e0 toutes les classes, de toutes les \u00e9coles, de toutes les branches d'enseignement et de tous les degr\u00e9s.<\/p>\n<p>ATTENTION: il n'y aura pas assez d'activit\u00e9s pour toutes les classes. Inscrivez-vous rapidement !<\/p>\n<p><strong>Quelles activit\u00e9s et comment s'inscrire?<\/strong><\/p>\n<p><a href=\"https:\/\/edurec.ge.ch\/site\/cfpt\/wp-content\/uploads\/sites\/112\/2025\/02\/Descriptif-des-activites.pdf\" target=\"_blank\" rel=\"noopener\">Descriptif des activit\u00e9s<\/a><\/p>\n<p><a href=\"https:\/\/edurec.ge.ch\/site\/cfpt\/wp-content\/uploads\/sites\/112\/2025\/02\/Programme_dispo.pdf\" target=\"_blank\" rel=\"noopener\">Programme d\u00e9taill\u00e9<\/a><\/p>\n<p>&nbsp;<\/p>\n<p>Pour s'inscrire: <a href=\"https:\/\/forms.gle\/VBFMtRkntqrYGE9t5\">https:\/\/forms.gle\/VBFMtRkntqrYGE9t5<\/a><\/p>\n<p>(Identification EEL obligatoire)<\/p>\n<\/div>\n<\/div><\/div><\/div><div id=\"pgc-13030-0-1\"  class=\"panel-grid-cell\" ><div id=\"panel-13030-0-1-0\" class=\"so-panel widget widget_sow-image panel-first-child panel-last-child\" data-index=\"1\" ><div\n\t\t\t\n\t\t\tclass=\"so-widget-sow-image so-widget-sow-image-default-8b5b6f678277-13030\"\n\t\t\t\n\t\t>\n<div class=\"sow-image-container\">\n\t\t<img \n\tsrc=\"https:\/\/edurec.ge.ch\/site\/cfpt\/wp-content\/uploads\/sites\/112\/2025\/02\/Affiche.jpg\" width=\"723\" height=\"1024\" srcset=\"https:\/\/edurec.ge.ch\/site\/cfpt\/wp-content\/uploads\/sites\/112\/2025\/02\/Affiche.jpg 723w, https:\/\/edurec.ge.ch\/site\/cfpt\/wp-content\/uploads\/sites\/112\/2025\/02\/Affiche-212x300.jpg 212w\" sizes=\"(max-width: 723px) 100vw, 723px\" alt=\"\" \t\tclass=\"so-widget-image\"\/>\n\t<\/div>\n\n<\/div><\/div><\/div><\/div><div id=\"pg-13030-1\"  class=\"panel-grid panel-no-style\" ><div id=\"pgc-13030-1-0\"  class=\"panel-grid-cell panel-grid-cell-empty panel-grid-cell-mobile-last\" ><\/div><div id=\"pgc-13030-1-1\"  class=\"panel-grid-cell panel-grid-cell-empty\" ><\/div><\/div><\/div>","protected":false},"excerpt":{"rendered":"<p>Les inscriptions \u00e0 la Quinzaine d\u00e9cloisonn\u00e9e 2025 sont ouvertes! La Quinzaine d\u00e9cloisonn\u00e9e est de retour, du 10 au 21 mars, avec une belle offre d&rsquo;ateliers tr\u00e8s vari\u00e9s ! L&rsquo;objectif est, le temps d&rsquo;une Quinzaine sp\u00e9cifique, de faire \u00ab\u00a0tomber\u00a0\u00bb les cloisons entre les diff\u00e9rentes branches d&rsquo;enseignement et les diff\u00e9rentes \u00e9coles du CFPT, en proposant des activit\u00e9s [&hellip;]<\/p>\n","protected":false},"author":1235,"featured_media":0,"parent":0,"menu_order":0,"comment_status":"closed","ping_status":"closed","template":"","meta":{"footnotes":""},"class_list":["post-13030","page","type-page","status-publish","czr-hentry"],"yoast_head":"<!-- This site is optimized with the Yoast SEO plugin v26.4 - https:\/\/yoast.com\/wordpress\/plugins\/seo\/ -->\n<title>Quinzaine d\u00e9cloisonn\u00e9e 2025 ~ CFPT<\/title>\n<meta name=\"robots\" content=\"index, follow, max-snippet:-1, max-image-preview:large, max-video-preview:-1\" \/>\n<link rel=\"canonical\" href=\"https:\/\/edurec.ge.ch\/site\/cfpt\/quinzaine-decloisonnee-2025\/\" \/>\n<meta property=\"og:locale\" content=\"fr_FR\" \/>\n<meta property=\"og:type\" content=\"article\" \/>\n<meta property=\"og:title\" content=\"Quinzaine d\u00e9cloisonn\u00e9e 2025 ~ CFPT\" \/>\n<meta property=\"og:description\" content=\"Les inscriptions \u00e0 la Quinzaine d\u00e9cloisonn\u00e9e 2025 sont ouvertes! La Quinzaine d\u00e9cloisonn\u00e9e est de retour, du 10 au 21 mars, avec une belle offre d&#039;ateliers tr\u00e8s vari\u00e9s ! L&#039;objectif est, le temps d&#039;une Quinzaine sp\u00e9cifique, de faire &quot;tomber&quot; les cloisons entre les diff\u00e9rentes branches d&#039;enseignement et les diff\u00e9rentes \u00e9coles du CFPT, en proposant des activit\u00e9s [&hellip;]\" \/>\n<meta property=\"og:url\" content=\"https:\/\/edurec.ge.ch\/site\/cfpt\/quinzaine-decloisonnee-2025\/\" \/>\n<meta property=\"og:site_name\" content=\"CFPT\" \/>\n<meta property=\"article:modified_time\" content=\"2025-02-17T06:44:32+00:00\" \/>\n<meta name=\"twitter:card\" content=\"summary_large_image\" \/>\n<meta name=\"twitter:label1\" content=\"Dur\u00e9e de lecture estim\u00e9e\" \/>\n\t<meta name=\"twitter:data1\" content=\"1 minute\" \/>\n<script type=\"application\/ld+json\" class=\"yoast-schema-graph\">{\"@context\":\"https:\/\/schema.org\",\"@graph\":[{\"@type\":\"WebPage\",\"@id\":\"https:\/\/edurec.ge.ch\/site\/cfpt\/quinzaine-decloisonnee-2025\/\",\"url\":\"https:\/\/edurec.ge.ch\/site\/cfpt\/quinzaine-decloisonnee-2025\/\",\"name\":\"Quinzaine d\u00e9cloisonn\u00e9e 2025 ~ CFPT\",\"isPartOf\":{\"@id\":\"https:\/\/edurec.ge.ch\/site\/cfpt\/#website\"},\"datePublished\":\"2025-02-10T07:26:10+00:00\",\"dateModified\":\"2025-02-17T06:44:32+00:00\",\"breadcrumb\":{\"@id\":\"https:\/\/edurec.ge.ch\/site\/cfpt\/quinzaine-decloisonnee-2025\/#breadcrumb\"},\"inLanguage\":\"fr-FR\",\"potentialAction\":[{\"@type\":\"ReadAction\",\"target\":[\"https:\/\/edurec.ge.ch\/site\/cfpt\/quinzaine-decloisonnee-2025\/\"]}]},{\"@type\":\"BreadcrumbList\",\"@id\":\"https:\/\/edurec.ge.ch\/site\/cfpt\/quinzaine-decloisonnee-2025\/#breadcrumb\",\"itemListElement\":[{\"@type\":\"ListItem\",\"position\":1,\"name\":\"Accueil\",\"item\":\"https:\/\/edurec.ge.ch\/site\/cfpt\/\"},{\"@type\":\"ListItem\",\"position\":2,\"name\":\"Quinzaine d\u00e9cloisonn\u00e9e 2025\"}]},{\"@type\":\"WebSite\",\"@id\":\"https:\/\/edurec.ge.ch\/site\/cfpt\/#website\",\"url\":\"https:\/\/edurec.ge.ch\/site\/cfpt\/\",\"name\":\"CFPT\",\"description\":\"CFP Technique\",\"publisher\":{\"@id\":\"https:\/\/edurec.ge.ch\/site\/cfpt\/#organization\"},\"potentialAction\":[{\"@type\":\"SearchAction\",\"target\":{\"@type\":\"EntryPoint\",\"urlTemplate\":\"https:\/\/edurec.ge.ch\/site\/cfpt\/?s={search_term_string}\"},\"query-input\":{\"@type\":\"PropertyValueSpecification\",\"valueRequired\":true,\"valueName\":\"search_term_string\"}}],\"inLanguage\":\"fr-FR\"},{\"@type\":\"Organization\",\"@id\":\"https:\/\/edurec.ge.ch\/site\/cfpt\/#organization\",\"name\":\"Centre de formation professionnelle technique\",\"url\":\"https:\/\/edurec.ge.ch\/site\/cfpt\/\",\"logo\":{\"@type\":\"ImageObject\",\"inLanguage\":\"fr-FR\",\"@id\":\"https:\/\/edurec.ge.ch\/site\/cfpt\/#\/schema\/logo\/image\/\",\"url\":\"https:\/\/edurec.ge.ch\/site\/cfpt\/wp-content\/uploads\/sites\/112\/2016\/02\/logo-cfpt-site.png\",\"contentUrl\":\"https:\/\/edurec.ge.ch\/site\/cfpt\/wp-content\/uploads\/sites\/112\/2016\/02\/logo-cfpt-site.png\",\"width\":483,\"height\":483,\"caption\":\"Centre de formation professionnelle technique\"},\"image\":{\"@id\":\"https:\/\/edurec.ge.ch\/site\/cfpt\/#\/schema\/logo\/image\/\"}}]}<\/script>\n<!-- \/ Yoast SEO plugin. -->","yoast_head_json":{"title":"Quinzaine d\u00e9cloisonn\u00e9e 2025 ~ CFPT","robots":{"index":"index","follow":"follow","max-snippet":"max-snippet:-1","max-image-preview":"max-image-preview:large","max-video-preview":"max-video-preview:-1"},"canonical":"https:\/\/edurec.ge.ch\/site\/cfpt\/quinzaine-decloisonnee-2025\/","og_locale":"fr_FR","og_type":"article","og_title":"Quinzaine d\u00e9cloisonn\u00e9e 2025 ~ CFPT","og_description":"Les inscriptions \u00e0 la Quinzaine d\u00e9cloisonn\u00e9e 2025 sont ouvertes! La Quinzaine d\u00e9cloisonn\u00e9e est de retour, du 10 au 21 mars, avec une belle offre d'ateliers tr\u00e8s vari\u00e9s ! L'objectif est, le temps d'une Quinzaine sp\u00e9cifique, de faire \"tomber\" les cloisons entre les diff\u00e9rentes branches d'enseignement et les diff\u00e9rentes \u00e9coles du CFPT, en proposant des activit\u00e9s [&hellip;]","og_url":"https:\/\/edurec.ge.ch\/site\/cfpt\/quinzaine-decloisonnee-2025\/","og_site_name":"CFPT","article_modified_time":"2025-02-17T06:44:32+00:00","twitter_card":"summary_large_image","twitter_misc":{"Dur\u00e9e de lecture estim\u00e9e":"1 minute"},"schema":{"@context":"https:\/\/schema.org","@graph":[{"@type":"WebPage","@id":"https:\/\/edurec.ge.ch\/site\/cfpt\/quinzaine-decloisonnee-2025\/","url":"https:\/\/edurec.ge.ch\/site\/cfpt\/quinzaine-decloisonnee-2025\/","name":"Quinzaine d\u00e9cloisonn\u00e9e 2025 ~ CFPT","isPartOf":{"@id":"https:\/\/edurec.ge.ch\/site\/cfpt\/#website"},"datePublished":"2025-02-10T07:26:10+00:00","dateModified":"2025-02-17T06:44:32+00:00","breadcrumb":{"@id":"https:\/\/edurec.ge.ch\/site\/cfpt\/quinzaine-decloisonnee-2025\/#breadcrumb"},"inLanguage":"fr-FR","potentialAction":[{"@type":"ReadAction","target":["https:\/\/edurec.ge.ch\/site\/cfpt\/quinzaine-decloisonnee-2025\/"]}]},{"@type":"BreadcrumbList","@id":"https:\/\/edurec.ge.ch\/site\/cfpt\/quinzaine-decloisonnee-2025\/#breadcrumb","itemListElement":[{"@type":"ListItem","position":1,"name":"Accueil","item":"https:\/\/edurec.ge.ch\/site\/cfpt\/"},{"@type":"ListItem","position":2,"name":"Quinzaine d\u00e9cloisonn\u00e9e 2025"}]},{"@type":"WebSite","@id":"https:\/\/edurec.ge.ch\/site\/cfpt\/#website","url":"https:\/\/edurec.ge.ch\/site\/cfpt\/","name":"CFPT","description":"CFP Technique","publisher":{"@id":"https:\/\/edurec.ge.ch\/site\/cfpt\/#organization"},"potentialAction":[{"@type":"SearchAction","target":{"@type":"EntryPoint","urlTemplate":"https:\/\/edurec.ge.ch\/site\/cfpt\/?s={search_term_string}"},"query-input":{"@type":"PropertyValueSpecification","valueRequired":true,"valueName":"search_term_string"}}],"inLanguage":"fr-FR"},{"@type":"Organization","@id":"https:\/\/edurec.ge.ch\/site\/cfpt\/#organization","name":"Centre de formation professionnelle technique","url":"https:\/\/edurec.ge.ch\/site\/cfpt\/","logo":{"@type":"ImageObject","inLanguage":"fr-FR","@id":"https:\/\/edurec.ge.ch\/site\/cfpt\/#\/schema\/logo\/image\/","url":"https:\/\/edurec.ge.ch\/site\/cfpt\/wp-content\/uploads\/sites\/112\/2016\/02\/logo-cfpt-site.png","contentUrl":"https:\/\/edurec.ge.ch\/site\/cfpt\/wp-content\/uploads\/sites\/112\/2016\/02\/logo-cfpt-site.png","width":483,"height":483,"caption":"Centre de formation professionnelle technique"},"image":{"@id":"https:\/\/edurec.ge.ch\/site\/cfpt\/#\/schema\/logo\/image\/"}}]}},"publishpress_future_action":{"enabled":false,"date":"2026-05-24 15:12:03","action":"change-status","newStatus":"draft","terms":[],"taxonomy":"","extraData":[]},"publishpress_future_workflow_manual_trigger":{"enabledWorkflows":[]},"_links":{"self":[{"href":"https:\/\/edurec.ge.ch\/site\/cfpt\/wp-json\/wp\/v2\/pages\/13030","targetHints":{"allow":["GET"]}}],"collection":[{"href":"https:\/\/edurec.ge.ch\/site\/cfpt\/wp-json\/wp\/v2\/pages"}],"about":[{"href":"https:\/\/edurec.ge.ch\/site\/cfpt\/wp-json\/wp\/v2\/types\/page"}],"author":[{"embeddable":true,"href":"https:\/\/edurec.ge.ch\/site\/cfpt\/wp-json\/wp\/v2\/users\/1235"}],"replies":[{"embeddable":true,"href":"https:\/\/edurec.ge.ch\/site\/cfpt\/wp-json\/wp\/v2\/comments?post=13030"}],"version-history":[{"count":13,"href":"https:\/\/edurec.ge.ch\/site\/cfpt\/wp-json\/wp\/v2\/pages\/13030\/revisions"}],"predecessor-version":[{"id":13851,"href":"https:\/\/edurec.ge.ch\/site\/cfpt\/wp-json\/wp\/v2\/pages\/13030\/revisions\/13851"}],"wp:attachment":[{"href":"https:\/\/edurec.ge.ch\/site\/cfpt\/wp-json\/wp\/v2\/media?parent=13030"}],"curies":[{"name":"wp","href":"https:\/\/api.w.org\/{rel}","templated":true}]}}