{"id":305,"date":"2018-02-13T10:26:11","date_gmt":"2018-02-13T09:26:11","guid":{"rendered":"https:\/\/edurec.ge.ch\/site\/cfpt-mecatronique-industrielle\/?page_id=305"},"modified":"2025-01-22T12:32:32","modified_gmt":"2025-01-22T11:32:32","slug":"passerelles","status":"publish","type":"page","link":"https:\/\/edurec.ge.ch\/site\/cfpt-mecatronique-industrielle\/passerelles\/","title":{"rendered":"Passerelles"},"content":{"rendered":"<p style=\"text-align: justify\"><strong>La passerelle du Centre de Formation Professionnelle Technique offre la possibilit\u00e9 d\u2019obtenir une attestation permettant d\u2019acc\u00e9der aux \u00e9coles d\u00e9livrant un titre bachelor HES-SO of Science en G\u00e9nie m\u00e9canique, en Microtechniques et en ing\u00e9nierie des technologies de l\u2019information. La formation d\u2019un an approfondit les notions scientifiques des branches directement li\u00e9es aux futurs m\u00e9tiers de niveau bachelor des diff\u00e9rentes fili\u00e8res HES.<\/strong><\/p>\n<p><span style=\"color: #00ccff\"><strong>Fili\u00e8res G\u00e9nie M\u00e9canique et Microtechniques<\/strong><\/span><\/p>\n<p style=\"text-align: justify\">L\u2019avenir vous interpelle, vous voulez \u00eatre acteur-trice dans la mise en \u0153uvre de la production industrielle et \u00e9nerg\u00e9tique dans une perspective de d\u00e9veloppement durable, alors la fili\u00e8re m\u00e9canique va vous permettre d\u2019\u00eatre sur le devant de la sc\u00e8ne.<\/p>\n<p style=\"text-align: justify\">Vous aimez la miniaturisation et la pr\u00e9cision, vous souhaitez vous \u00e9panouir dans un domaine technique pluridisciplinaire o\u00f9 il vous sera demand\u00e9 de cr\u00e9er et de r\u00e9aliser des composants, des appareils et des syst\u00e8mes \u00abhigh-tech\u00bb, alors la fili\u00e8re microtechnique va vous ouvrir de grandes portes.<\/p>\n<p><span style=\"color: #00ccff\"><strong>Enseignement th\u00e9oriques<\/strong><\/span><\/p>\n<p>Bases d\u2019\u00e9lectrotechnique et d\u2019\u00e9lectronique.<\/p>\n<p><span style=\"color: #00ccff\"><strong> Enseignement pratiques<\/strong><\/span><\/p>\n<p>Ateliers de technique m\u00e9canique, laboratoire de dessin assist\u00e9 par ordinateur en m\u00e9canique et \u00e9lectronique, laboratoire d\u2019\u00e9lectronique, projets.<\/p>\n<p><span style=\"color: #00ccff\"><strong>Fili\u00e8re Informatique et syst\u00e8mes de communication (ISC)<br \/>\n<\/strong><\/span><\/p>\n<p style=\"text-align: justify\">Vous voulez \u00eatre partie prenante du monde de demain, cr\u00e9er, d\u00e9velopper, apporter votre contribution et aiguiser vos talents.<\/p>\n<p style=\"text-align: justify\">Vous souhaitez b\u00e9n\u00e9ficier d\u2019un large choix de domaine d\u2019application, d\u2019une grande place laiss\u00e9e \u00e0 l\u2019imagination et \u00e0 l\u2019initiative, alors les m\u00e9tiers li\u00e9s aux technologies de l\u2019information et de la communication s\u2019offrent \u00e0 vous.<\/p>\n<p style=\"text-align: justify\"><span style=\"color: #00ccff\"><strong>Enseignement th\u00e9oriques<br \/>\n<\/strong><\/span><\/p>\n<p style=\"text-align: justify\">Programmation, WEB et Base de Donn\u00e9es.<\/p>\n<p style=\"text-align: justify\"><span style=\"color: #00ccff\"><strong>Enseignement pratiques\u00a0 <\/strong><\/span><\/p>\n<p style=\"text-align: justify\">Mat\u00e9riel informatique, r\u00e9seaux, laboratoire \u00e9lectronique, projets.<\/p>\n<p><span style=\"color: #00ccff\"><strong>La classe passerelle<\/strong><\/span><\/p>\n<p>\u00c9quivaut \u00e0 une ann\u00e9e d\u2019immersion professionnelle. Elle inclut une formation en \u00e9cole de 26 semaines et un stage pratique en entreprise de 12 semaines. En \u00e9cole, les cours th\u00e9oriques et les ateliers pratiques traitent des particularit\u00e9s de conceptions et de r\u00e9alisations constructives. Suite \u00e0 la r\u00e9ussite de la classe passerelle, vous obtenez une attestation qui vous permet l\u2019acc\u00e8s direct aux fili\u00e8res bachelor (Technologies industrielles, Ing\u00e9nierie des technologies de l\u2019information) de la HES-SO<strong>.<span style=\"color: #ff6600\"><span style=\"color: #00ccff\"> http:\/\/hepia.hesge.ch\/fr\/bachelor\/departements<\/span> <\/span><\/strong><\/p>\n<p>Centre de Formation Professionnelle Technique &#8211; Av. Louis-Bertrand 38 &#8211; 1213 Petit-Lancy 1<\/p>\n<p>Inscription d\u00e8s 20 janvier 2025 via\u00a0 <strong><span style=\"color: #993366\"><a href=\"https:\/\/www.ge.ch\/inscription-enseignement-secondaire-ii\">e-demarche <\/a><\/span><\/strong><\/p>\n<p>Confirmation d\u2019admission <strong><span style=\"color: #800080\">\u00a026 juin 2025.<\/span><\/strong><\/p>\n<p>Lien pour les <a href=\"https:\/\/www.ge.ch\/document\/processus-inscription-formations-adultes-esii-tertiaire-b\">Modalit\u00e9s d&rsquo;inscription.<\/a><\/p>\n<p><strong><span style=\"color: #993366\">Contact pour l\u2019inscription Fili\u00e8re M\u00e9canique et Microtechnique\u00a0<\/span><\/strong>:<\/p>\n<p>cfpt.mecatronique@edurec.ge.ch<\/p>\n<p>022 388 88 01<\/p>\n<p><strong><span style=\"color: #3366ff\">Fili\u00e8re Informatique :<\/span><\/strong><\/p>\n<p>sandrine.manfrini@etat.ge.ch<\/p>\n<p>022 388 87 28<\/p>\n","protected":false},"excerpt":{"rendered":"<p>La passerelle du Centre de Formation Professionnelle Technique offre la possibilit\u00e9 d\u2019obtenir une attestation permettant d\u2019acc\u00e9der aux \u00e9coles d\u00e9livrant un titre bachelor HES-SO of Science en G\u00e9nie m\u00e9canique, en Microtechniques et en ing\u00e9nierie des technologies de l\u2019information. La formation d\u2019un an approfondit les notions scientifiques des branches directement li\u00e9es aux futurs m\u00e9tiers de niveau bachelor [&hellip;]<\/p>\n","protected":false},"author":2186,"featured_media":0,"parent":0,"menu_order":0,"comment_status":"closed","ping_status":"closed","template":"","meta":{"footnotes":""},"class_list":["post-305","page","type-page","status-publish","czr-hentry"],"yoast_head":"<!-- This site is optimized with the Yoast SEO plugin v26.4 - https:\/\/yoast.com\/wordpress\/plugins\/seo\/ -->\n<title>Passerelles - CFPT M\u00e9catronique industrielle<\/title>\n<meta name=\"robots\" content=\"index, follow, max-snippet:-1, max-image-preview:large, max-video-preview:-1\" \/>\n<link rel=\"canonical\" href=\"https:\/\/edurec.ge.ch\/site\/cfpt-mecatronique-industrielle\/passerelles\/\" \/>\n<meta property=\"og:locale\" content=\"fr_FR\" \/>\n<meta property=\"og:type\" content=\"article\" \/>\n<meta property=\"og:title\" content=\"Passerelles - CFPT M\u00e9catronique industrielle\" \/>\n<meta property=\"og:description\" content=\"La passerelle du Centre de Formation Professionnelle Technique offre la possibilit\u00e9 d\u2019obtenir une attestation permettant d\u2019acc\u00e9der aux \u00e9coles d\u00e9livrant un titre bachelor HES-SO of Science en G\u00e9nie m\u00e9canique, en Microtechniques et en ing\u00e9nierie des technologies de l\u2019information. La formation d\u2019un an approfondit les notions scientifiques des branches directement li\u00e9es aux futurs m\u00e9tiers de niveau bachelor [&hellip;]\" \/>\n<meta property=\"og:url\" content=\"https:\/\/edurec.ge.ch\/site\/cfpt-mecatronique-industrielle\/passerelles\/\" \/>\n<meta property=\"og:site_name\" content=\"CFPT M\u00e9catronique industrielle\" \/>\n<meta property=\"article:modified_time\" content=\"2025-01-22T11:32:32+00:00\" \/>\n<meta name=\"twitter:card\" content=\"summary_large_image\" \/>\n<meta name=\"twitter:label1\" content=\"Dur\u00e9e de lecture estim\u00e9e\" \/>\n\t<meta name=\"twitter:data1\" content=\"2 minutes\" \/>\n<script type=\"application\/ld+json\" class=\"yoast-schema-graph\">{\"@context\":\"https:\/\/schema.org\",\"@graph\":[{\"@type\":\"WebPage\",\"@id\":\"https:\/\/edurec.ge.ch\/site\/cfpt-mecatronique-industrielle\/passerelles\/\",\"url\":\"https:\/\/edurec.ge.ch\/site\/cfpt-mecatronique-industrielle\/passerelles\/\",\"name\":\"Passerelles - CFPT M\u00e9catronique industrielle\",\"isPartOf\":{\"@id\":\"https:\/\/edurec.ge.ch\/site\/cfpt-mecatronique-industrielle\/#website\"},\"datePublished\":\"2018-02-13T09:26:11+00:00\",\"dateModified\":\"2025-01-22T11:32:32+00:00\",\"breadcrumb\":{\"@id\":\"https:\/\/edurec.ge.ch\/site\/cfpt-mecatronique-industrielle\/passerelles\/#breadcrumb\"},\"inLanguage\":\"fr-FR\",\"potentialAction\":[{\"@type\":\"ReadAction\",\"target\":[\"https:\/\/edurec.ge.ch\/site\/cfpt-mecatronique-industrielle\/passerelles\/\"]}]},{\"@type\":\"BreadcrumbList\",\"@id\":\"https:\/\/edurec.ge.ch\/site\/cfpt-mecatronique-industrielle\/passerelles\/#breadcrumb\",\"itemListElement\":[{\"@type\":\"ListItem\",\"position\":1,\"name\":\"Accueil\",\"item\":\"https:\/\/edurec.ge.ch\/site\/cfpt-mecatronique-industrielle\/\"},{\"@type\":\"ListItem\",\"position\":2,\"name\":\"Passerelles\"}]},{\"@type\":\"WebSite\",\"@id\":\"https:\/\/edurec.ge.ch\/site\/cfpt-mecatronique-industrielle\/#website\",\"url\":\"https:\/\/edurec.ge.ch\/site\/cfpt-mecatronique-industrielle\/\",\"name\":\"CFPT M\u00e9catronique industrielle\",\"description\":\"CFPT M\u00e9catronique industrielle\",\"potentialAction\":[{\"@type\":\"SearchAction\",\"target\":{\"@type\":\"EntryPoint\",\"urlTemplate\":\"https:\/\/edurec.ge.ch\/site\/cfpt-mecatronique-industrielle\/?s={search_term_string}\"},\"query-input\":{\"@type\":\"PropertyValueSpecification\",\"valueRequired\":true,\"valueName\":\"search_term_string\"}}],\"inLanguage\":\"fr-FR\"}]}<\/script>\n<!-- \/ Yoast SEO plugin. -->","yoast_head_json":{"title":"Passerelles - CFPT M\u00e9catronique industrielle","robots":{"index":"index","follow":"follow","max-snippet":"max-snippet:-1","max-image-preview":"max-image-preview:large","max-video-preview":"max-video-preview:-1"},"canonical":"https:\/\/edurec.ge.ch\/site\/cfpt-mecatronique-industrielle\/passerelles\/","og_locale":"fr_FR","og_type":"article","og_title":"Passerelles - CFPT M\u00e9catronique industrielle","og_description":"La passerelle du Centre de Formation Professionnelle Technique offre la possibilit\u00e9 d\u2019obtenir une attestation permettant d\u2019acc\u00e9der aux \u00e9coles d\u00e9livrant un titre bachelor HES-SO of Science en G\u00e9nie m\u00e9canique, en Microtechniques et en ing\u00e9nierie des technologies de l\u2019information. La formation d\u2019un an approfondit les notions scientifiques des branches directement li\u00e9es aux futurs m\u00e9tiers de niveau bachelor [&hellip;]","og_url":"https:\/\/edurec.ge.ch\/site\/cfpt-mecatronique-industrielle\/passerelles\/","og_site_name":"CFPT M\u00e9catronique industrielle","article_modified_time":"2025-01-22T11:32:32+00:00","twitter_card":"summary_large_image","twitter_misc":{"Dur\u00e9e de lecture estim\u00e9e":"2 minutes"},"schema":{"@context":"https:\/\/schema.org","@graph":[{"@type":"WebPage","@id":"https:\/\/edurec.ge.ch\/site\/cfpt-mecatronique-industrielle\/passerelles\/","url":"https:\/\/edurec.ge.ch\/site\/cfpt-mecatronique-industrielle\/passerelles\/","name":"Passerelles - CFPT M\u00e9catronique industrielle","isPartOf":{"@id":"https:\/\/edurec.ge.ch\/site\/cfpt-mecatronique-industrielle\/#website"},"datePublished":"2018-02-13T09:26:11+00:00","dateModified":"2025-01-22T11:32:32+00:00","breadcrumb":{"@id":"https:\/\/edurec.ge.ch\/site\/cfpt-mecatronique-industrielle\/passerelles\/#breadcrumb"},"inLanguage":"fr-FR","potentialAction":[{"@type":"ReadAction","target":["https:\/\/edurec.ge.ch\/site\/cfpt-mecatronique-industrielle\/passerelles\/"]}]},{"@type":"BreadcrumbList","@id":"https:\/\/edurec.ge.ch\/site\/cfpt-mecatronique-industrielle\/passerelles\/#breadcrumb","itemListElement":[{"@type":"ListItem","position":1,"name":"Accueil","item":"https:\/\/edurec.ge.ch\/site\/cfpt-mecatronique-industrielle\/"},{"@type":"ListItem","position":2,"name":"Passerelles"}]},{"@type":"WebSite","@id":"https:\/\/edurec.ge.ch\/site\/cfpt-mecatronique-industrielle\/#website","url":"https:\/\/edurec.ge.ch\/site\/cfpt-mecatronique-industrielle\/","name":"CFPT M\u00e9catronique industrielle","description":"CFPT M\u00e9catronique industrielle","potentialAction":[{"@type":"SearchAction","target":{"@type":"EntryPoint","urlTemplate":"https:\/\/edurec.ge.ch\/site\/cfpt-mecatronique-industrielle\/?s={search_term_string}"},"query-input":{"@type":"PropertyValueSpecification","valueRequired":true,"valueName":"search_term_string"}}],"inLanguage":"fr-FR"}]}},"_links":{"self":[{"href":"https:\/\/edurec.ge.ch\/site\/cfpt-mecatronique-industrielle\/wp-json\/wp\/v2\/pages\/305","targetHints":{"allow":["GET"]}}],"collection":[{"href":"https:\/\/edurec.ge.ch\/site\/cfpt-mecatronique-industrielle\/wp-json\/wp\/v2\/pages"}],"about":[{"href":"https:\/\/edurec.ge.ch\/site\/cfpt-mecatronique-industrielle\/wp-json\/wp\/v2\/types\/page"}],"author":[{"embeddable":true,"href":"https:\/\/edurec.ge.ch\/site\/cfpt-mecatronique-industrielle\/wp-json\/wp\/v2\/users\/2186"}],"replies":[{"embeddable":true,"href":"https:\/\/edurec.ge.ch\/site\/cfpt-mecatronique-industrielle\/wp-json\/wp\/v2\/comments?post=305"}],"version-history":[{"count":19,"href":"https:\/\/edurec.ge.ch\/site\/cfpt-mecatronique-industrielle\/wp-json\/wp\/v2\/pages\/305\/revisions"}],"predecessor-version":[{"id":1621,"href":"https:\/\/edurec.ge.ch\/site\/cfpt-mecatronique-industrielle\/wp-json\/wp\/v2\/pages\/305\/revisions\/1621"}],"wp:attachment":[{"href":"https:\/\/edurec.ge.ch\/site\/cfpt-mecatronique-industrielle\/wp-json\/wp\/v2\/media?parent=305"}],"curies":[{"name":"wp","href":"https:\/\/api.w.org\/{rel}","templated":true}]}}