{"id":140,"date":"2017-08-30T09:27:49","date_gmt":"2017-08-30T08:27:49","guid":{"rendered":"https:\/\/edurec.ge.ch\/site\/cfpt-mecatronique-industrielle\/?page_id=140"},"modified":"2022-10-20T15:49:25","modified_gmt":"2022-10-20T14:49:25","slug":"automaticiens","status":"publish","type":"page","link":"https:\/\/edurec.ge.ch\/site\/cfpt-mecatronique-industrielle\/metier-et-formations\/automaticiens\/","title":{"rendered":"Automaticien \/ Automaticienne"},"content":{"rendered":"<p><strong><span style=\"color: #ff6600\">Description<\/span><\/strong><\/p>\n<p>L&rsquo;automaticien ou l&rsquo;automaticienne installent, montent, mettent en service, entretiennent et r\u00e9parent les commandes \u00e9lectriques d&rsquo;installations automatis\u00e9es (robots, ventilateurs, tableaux de commande de distributeurs d&rsquo;\u00e9nergie, etc.). A l&rsquo;aide de l&rsquo;ordinateur, ils d\u00e9veloppent des solutions pour r\u00e9gler des machines \u00e9lectriques en appliquant leurs connaissances des domaines \u00e9lectrique, \u00e9lectronique, hydraulique et pneumatique.<\/p>\n<p>Leurs principales activit\u00e9s consistent \u00e0 :<\/p>\n<p><strong><span style=\"color: #ff6600\">Conception et production<\/span><\/strong><\/p>\n<ul>\n<li>\u00e9tudier les demandes des clients; collaborer, avec l&rsquo;\u00e9quipe du bureau technique, \u00e0 l&rsquo;\u00e9laboration d&rsquo;un projet;<\/li>\n<li>analyser le processus de fabrication de l&rsquo;appareil ou de la machine pour d\u00e9cider des op\u00e9rations \u00e0 automatiser;<\/li>\n<li>utiliser des logiciels informatiques ou d\u00e9velopper un programme particulier r\u00e9pondant \u00e0 l&rsquo;application industrielle recherch\u00e9e;<\/li>\n<li>proposer une ou plusieurs solutions de r\u00e9glage et d&rsquo;automation; les tester \u00e0 l&rsquo;aide de l&rsquo;ordinateur en laboratoire ou sur le site;<\/li>\n<li>planifier les travaux de production, en surveiller l&rsquo;\u00e9volution;<\/li>\n<li>r\u00e9diger les documents techniques d&rsquo;exploitation et de maintenance de l&rsquo;appareil;<\/li>\n<\/ul>\n<p><span style=\"color: #ff6600\"><strong>Montage et mise en service<\/strong><\/span><\/p>\n<ul>\n<li>monter des installations automatiques, des robots, des syst\u00e8mes de commandes;<\/li>\n<li>assembler et c\u00e2bler en suivant le protocole;<\/li>\n<li>soumettre l&rsquo;installation \u00e0 un contr\u00f4le de fonctionnement pr\u00e9cis (vitesse, temp\u00e9rature, arr\u00eat d&rsquo;urgence);<\/li>\n<li>respecter les normes de s\u00e9curit\u00e9, r\u00e9gler, ajuster et tester l&rsquo;appareil ou la machine dans les diff\u00e9rentes conditions d&rsquo;utilisation pr\u00e9vues;<\/li>\n<li>r\u00e9soudre les probl\u00e8mes qui se pr\u00e9sentent ou faire appel \u00e0 des sp\u00e9cialistes de l&rsquo;informatique ou de la m\u00e9canique;<br \/>\nmettre en service les installations automatiques, connecter les diff\u00e9rents appareils, les rendre compatibles et les raccrocher \u00e0 l&rsquo;unit\u00e9 de commande;<\/li>\n<li>programmer des syst\u00e8mes automatiques ou robotiques, contr\u00f4ler leur fonctionnement et r\u00e9gler;<\/li>\n<li>former le personnel;<\/li>\n<\/ul>\n<p><span style=\"color: #ff6600\"><strong>Maintenance et d\u00e9pannage<\/strong><\/span><\/p>\n<ul>\n<li>\u00e0 l&rsquo;atelier ou chez le client, intervenir rapidement sur le fonctionnement de la machine;<\/li>\n<li>d\u00e9terminer les causes des d\u00e9rangements des circuits de commande, de r\u00e9glage ou de mesure;<\/li>\n<li>d\u00e9monter, r\u00e9parer et remonter les appareils;<\/li>\n<li>entretenir et r\u00e9parer les installations de r\u00e9glage et d&rsquo;enregistrement de donn\u00e9es de tous genres.<\/li>\n<\/ul>\n<p><span style=\"color: #ff6600\"><strong>Environnement de travail<\/strong><\/span><\/p>\n<p>Les automaticiens travaillent dans des entreprises qui utilisent des proc\u00e9d\u00e9s de fabrication ou de production automatis\u00e9s. Ils sont tant\u00f4t \u00e0 l&rsquo;atelier, tant\u00f4t aupr\u00e8s des clients pour la mise en service et l&rsquo;entretien d&rsquo;installations de commandes automatis\u00e9es. Ils collaborent essentiellement avec des ing\u00e9nieurs, des \u00e9lectroniciens, des informaticiens, des polym\u00e9caniciens et des monteurs-automaticiens.<\/p>\n<p><span style=\"color: #ff6600\"><strong>Formation<\/strong><\/span><\/p>\n<p>La formation d&rsquo;automaticien ou d&rsquo;automaticienne s&rsquo;acquiert par un apprentissage en entreprise ou en \u00e9cole \u00e0 plein temps.<\/p>\n<p><strong><span style=\"color: #ff6600\">Lieux :<\/span><br \/>\n<\/strong><\/p>\n<p><span style=\"color: #ff6600\"><strong>En entreprise<\/strong><\/span><\/p>\n<p>Formation pratique (3 \u00e0 4 jours par semaine) dans une entreprise;<\/p>\n<p>Cours th\u00e9oriques (1 \u00e0 2 jours par semaine) \u00e0 l&rsquo;\u00e9cole professionnelle;<\/p>\n<p>Cours interentreprises (48 jours sur 4 ans).<\/p>\n<p><span style=\"color: #ff6600\"><strong>En \u00e9cole \u00e0 plein temps<\/strong><\/span><\/p>\n<p>Th\u00e9orie et pratique \u00e0 Fribourg, Gen\u00e8ve, Lausanne, Le Locle, Porrentruy, Neuchatel, St-Imier, Sion et Yverdon-les-Bains.<br \/>\nPour plus de d\u00e9tails, consulter <a href=\"https:\/\/orientation.ch\/\">https:\/\/orientation.ch\/<\/a><\/p>\n<p><span style=\"color: #ff6600\"><strong>Dur\u00e9e<\/strong><\/span><\/p>\n<p>4 ans en entreprise, 3 \u00e0 4 ans en \u00e9cole.<\/p>\n<p><span style=\"color: #ff6600\"><strong>Conditions d&rsquo;admission<\/strong><\/span><\/p>\n<p>Scolarit\u00e9 obligatoire achev\u00e9e;<\/p>\n<p>Certaines entreprises ou \u00e9coles recourent \u00e0 un examen d&rsquo;admission.<\/p>\n<p><span style=\"color: #ff6600\"><strong>Titre obtenu<\/strong><\/span><\/p>\n<p>Certificat f\u00e9d\u00e9ral de capacit\u00e9 (CFC) d&rsquo;automaticien ou d&rsquo;automaticienne.<\/p>\n<p>Possibilit\u00e9 d&rsquo;obtenir une maturit\u00e9 professionnelle, pendant l&rsquo;apprentissage ou apr\u00e8s l&rsquo;obtention du CFC, selon des modalit\u00e9s variables d&rsquo;un canton \u00e0 l&rsquo;autre.<\/p>\n<p>&nbsp;<\/p>\n","protected":false},"excerpt":{"rendered":"<p>Description L&rsquo;automaticien ou l&rsquo;automaticienne installent, montent, mettent en service, entretiennent et r\u00e9parent les commandes \u00e9lectriques d&rsquo;installations automatis\u00e9es (robots, ventilateurs, tableaux de commande de distributeurs d&rsquo;\u00e9nergie, etc.). A l&rsquo;aide de l&rsquo;ordinateur, ils d\u00e9veloppent des solutions pour r\u00e9gler des machines \u00e9lectriques en appliquant leurs connaissances des domaines \u00e9lectrique, \u00e9lectronique, hydraulique et pneumatique. Leurs principales activit\u00e9s consistent \u00e0 [&hellip;]<\/p>\n","protected":false},"author":2186,"featured_media":0,"parent":31,"menu_order":0,"comment_status":"closed","ping_status":"closed","template":"","meta":{"footnotes":""},"class_list":["post-140","page","type-page","status-publish","czr-hentry"],"yoast_head":"<!-- This site is optimized with the Yoast SEO plugin v26.4 - https:\/\/yoast.com\/wordpress\/plugins\/seo\/ -->\n<title>Automaticien \/ Automaticienne - CFPT M\u00e9catronique industrielle<\/title>\n<meta name=\"robots\" content=\"index, follow, max-snippet:-1, max-image-preview:large, max-video-preview:-1\" \/>\n<link rel=\"canonical\" href=\"https:\/\/edurec.ge.ch\/site\/cfpt-mecatronique-industrielle\/metier-et-formations\/automaticiens\/\" \/>\n<meta property=\"og:locale\" content=\"fr_FR\" \/>\n<meta property=\"og:type\" content=\"article\" \/>\n<meta property=\"og:title\" content=\"Automaticien \/ Automaticienne - CFPT M\u00e9catronique industrielle\" \/>\n<meta property=\"og:description\" content=\"Description L&rsquo;automaticien ou l&rsquo;automaticienne installent, montent, mettent en service, entretiennent et r\u00e9parent les commandes \u00e9lectriques d&rsquo;installations automatis\u00e9es (robots, ventilateurs, tableaux de commande de distributeurs d&rsquo;\u00e9nergie, etc.). A l&rsquo;aide de l&rsquo;ordinateur, ils d\u00e9veloppent des solutions pour r\u00e9gler des machines \u00e9lectriques en appliquant leurs connaissances des domaines \u00e9lectrique, \u00e9lectronique, hydraulique et pneumatique. Leurs principales activit\u00e9s consistent \u00e0 [&hellip;]\" \/>\n<meta property=\"og:url\" content=\"https:\/\/edurec.ge.ch\/site\/cfpt-mecatronique-industrielle\/metier-et-formations\/automaticiens\/\" \/>\n<meta property=\"og:site_name\" content=\"CFPT M\u00e9catronique industrielle\" \/>\n<meta property=\"article:modified_time\" content=\"2022-10-20T14:49:25+00:00\" \/>\n<meta name=\"twitter:card\" content=\"summary_large_image\" \/>\n<meta name=\"twitter:label1\" content=\"Dur\u00e9e de lecture estim\u00e9e\" \/>\n\t<meta name=\"twitter:data1\" content=\"3 minutes\" \/>\n<script type=\"application\/ld+json\" class=\"yoast-schema-graph\">{\"@context\":\"https:\/\/schema.org\",\"@graph\":[{\"@type\":\"WebPage\",\"@id\":\"https:\/\/edurec.ge.ch\/site\/cfpt-mecatronique-industrielle\/metier-et-formations\/automaticiens\/\",\"url\":\"https:\/\/edurec.ge.ch\/site\/cfpt-mecatronique-industrielle\/metier-et-formations\/automaticiens\/\",\"name\":\"Automaticien \/ Automaticienne - CFPT M\u00e9catronique industrielle\",\"isPartOf\":{\"@id\":\"https:\/\/edurec.ge.ch\/site\/cfpt-mecatronique-industrielle\/#website\"},\"datePublished\":\"2017-08-30T08:27:49+00:00\",\"dateModified\":\"2022-10-20T14:49:25+00:00\",\"breadcrumb\":{\"@id\":\"https:\/\/edurec.ge.ch\/site\/cfpt-mecatronique-industrielle\/metier-et-formations\/automaticiens\/#breadcrumb\"},\"inLanguage\":\"fr-FR\",\"potentialAction\":[{\"@type\":\"ReadAction\",\"target\":[\"https:\/\/edurec.ge.ch\/site\/cfpt-mecatronique-industrielle\/metier-et-formations\/automaticiens\/\"]}]},{\"@type\":\"BreadcrumbList\",\"@id\":\"https:\/\/edurec.ge.ch\/site\/cfpt-mecatronique-industrielle\/metier-et-formations\/automaticiens\/#breadcrumb\",\"itemListElement\":[{\"@type\":\"ListItem\",\"position\":1,\"name\":\"Accueil\",\"item\":\"https:\/\/edurec.ge.ch\/site\/cfpt-mecatronique-industrielle\/\"},{\"@type\":\"ListItem\",\"position\":2,\"name\":\"M\u00e9tiers et formations\",\"item\":\"https:\/\/edurec.ge.ch\/site\/cfpt-mecatronique-industrielle\/metier-et-formations\/\"},{\"@type\":\"ListItem\",\"position\":3,\"name\":\"Automaticien \/ Automaticienne\"}]},{\"@type\":\"WebSite\",\"@id\":\"https:\/\/edurec.ge.ch\/site\/cfpt-mecatronique-industrielle\/#website\",\"url\":\"https:\/\/edurec.ge.ch\/site\/cfpt-mecatronique-industrielle\/\",\"name\":\"CFPT M\u00e9catronique industrielle\",\"description\":\"CFPT M\u00e9catronique industrielle\",\"potentialAction\":[{\"@type\":\"SearchAction\",\"target\":{\"@type\":\"EntryPoint\",\"urlTemplate\":\"https:\/\/edurec.ge.ch\/site\/cfpt-mecatronique-industrielle\/?s={search_term_string}\"},\"query-input\":{\"@type\":\"PropertyValueSpecification\",\"valueRequired\":true,\"valueName\":\"search_term_string\"}}],\"inLanguage\":\"fr-FR\"}]}<\/script>\n<!-- \/ Yoast SEO plugin. -->","yoast_head_json":{"title":"Automaticien \/ Automaticienne - CFPT M\u00e9catronique industrielle","robots":{"index":"index","follow":"follow","max-snippet":"max-snippet:-1","max-image-preview":"max-image-preview:large","max-video-preview":"max-video-preview:-1"},"canonical":"https:\/\/edurec.ge.ch\/site\/cfpt-mecatronique-industrielle\/metier-et-formations\/automaticiens\/","og_locale":"fr_FR","og_type":"article","og_title":"Automaticien \/ Automaticienne - CFPT M\u00e9catronique industrielle","og_description":"Description L&rsquo;automaticien ou l&rsquo;automaticienne installent, montent, mettent en service, entretiennent et r\u00e9parent les commandes \u00e9lectriques d&rsquo;installations automatis\u00e9es (robots, ventilateurs, tableaux de commande de distributeurs d&rsquo;\u00e9nergie, etc.). A l&rsquo;aide de l&rsquo;ordinateur, ils d\u00e9veloppent des solutions pour r\u00e9gler des machines \u00e9lectriques en appliquant leurs connaissances des domaines \u00e9lectrique, \u00e9lectronique, hydraulique et pneumatique. Leurs principales activit\u00e9s consistent \u00e0 [&hellip;]","og_url":"https:\/\/edurec.ge.ch\/site\/cfpt-mecatronique-industrielle\/metier-et-formations\/automaticiens\/","og_site_name":"CFPT M\u00e9catronique industrielle","article_modified_time":"2022-10-20T14:49:25+00:00","twitter_card":"summary_large_image","twitter_misc":{"Dur\u00e9e de lecture estim\u00e9e":"3 minutes"},"schema":{"@context":"https:\/\/schema.org","@graph":[{"@type":"WebPage","@id":"https:\/\/edurec.ge.ch\/site\/cfpt-mecatronique-industrielle\/metier-et-formations\/automaticiens\/","url":"https:\/\/edurec.ge.ch\/site\/cfpt-mecatronique-industrielle\/metier-et-formations\/automaticiens\/","name":"Automaticien \/ Automaticienne - CFPT M\u00e9catronique industrielle","isPartOf":{"@id":"https:\/\/edurec.ge.ch\/site\/cfpt-mecatronique-industrielle\/#website"},"datePublished":"2017-08-30T08:27:49+00:00","dateModified":"2022-10-20T14:49:25+00:00","breadcrumb":{"@id":"https:\/\/edurec.ge.ch\/site\/cfpt-mecatronique-industrielle\/metier-et-formations\/automaticiens\/#breadcrumb"},"inLanguage":"fr-FR","potentialAction":[{"@type":"ReadAction","target":["https:\/\/edurec.ge.ch\/site\/cfpt-mecatronique-industrielle\/metier-et-formations\/automaticiens\/"]}]},{"@type":"BreadcrumbList","@id":"https:\/\/edurec.ge.ch\/site\/cfpt-mecatronique-industrielle\/metier-et-formations\/automaticiens\/#breadcrumb","itemListElement":[{"@type":"ListItem","position":1,"name":"Accueil","item":"https:\/\/edurec.ge.ch\/site\/cfpt-mecatronique-industrielle\/"},{"@type":"ListItem","position":2,"name":"M\u00e9tiers et formations","item":"https:\/\/edurec.ge.ch\/site\/cfpt-mecatronique-industrielle\/metier-et-formations\/"},{"@type":"ListItem","position":3,"name":"Automaticien \/ Automaticienne"}]},{"@type":"WebSite","@id":"https:\/\/edurec.ge.ch\/site\/cfpt-mecatronique-industrielle\/#website","url":"https:\/\/edurec.ge.ch\/site\/cfpt-mecatronique-industrielle\/","name":"CFPT M\u00e9catronique industrielle","description":"CFPT M\u00e9catronique industrielle","potentialAction":[{"@type":"SearchAction","target":{"@type":"EntryPoint","urlTemplate":"https:\/\/edurec.ge.ch\/site\/cfpt-mecatronique-industrielle\/?s={search_term_string}"},"query-input":{"@type":"PropertyValueSpecification","valueRequired":true,"valueName":"search_term_string"}}],"inLanguage":"fr-FR"}]}},"_links":{"self":[{"href":"https:\/\/edurec.ge.ch\/site\/cfpt-mecatronique-industrielle\/wp-json\/wp\/v2\/pages\/140","targetHints":{"allow":["GET"]}}],"collection":[{"href":"https:\/\/edurec.ge.ch\/site\/cfpt-mecatronique-industrielle\/wp-json\/wp\/v2\/pages"}],"about":[{"href":"https:\/\/edurec.ge.ch\/site\/cfpt-mecatronique-industrielle\/wp-json\/wp\/v2\/types\/page"}],"author":[{"embeddable":true,"href":"https:\/\/edurec.ge.ch\/site\/cfpt-mecatronique-industrielle\/wp-json\/wp\/v2\/users\/2186"}],"replies":[{"embeddable":true,"href":"https:\/\/edurec.ge.ch\/site\/cfpt-mecatronique-industrielle\/wp-json\/wp\/v2\/comments?post=140"}],"version-history":[{"count":20,"href":"https:\/\/edurec.ge.ch\/site\/cfpt-mecatronique-industrielle\/wp-json\/wp\/v2\/pages\/140\/revisions"}],"predecessor-version":[{"id":1253,"href":"https:\/\/edurec.ge.ch\/site\/cfpt-mecatronique-industrielle\/wp-json\/wp\/v2\/pages\/140\/revisions\/1253"}],"up":[{"embeddable":true,"href":"https:\/\/edurec.ge.ch\/site\/cfpt-mecatronique-industrielle\/wp-json\/wp\/v2\/pages\/31"}],"wp:attachment":[{"href":"https:\/\/edurec.ge.ch\/site\/cfpt-mecatronique-industrielle\/wp-json\/wp\/v2\/media?parent=140"}],"curies":[{"name":"wp","href":"https:\/\/api.w.org\/{rel}","templated":true}]}}