{"id":112,"date":"2017-02-02T15:18:14","date_gmt":"2017-02-02T14:18:14","guid":{"rendered":"https:\/\/edurec.ge.ch\/site\/cfpt-mecatronique-industrielle\/?page_id=112"},"modified":"2022-10-20T15:49:53","modified_gmt":"2022-10-20T14:49:53","slug":"polymecanicien","status":"publish","type":"page","link":"https:\/\/edurec.ge.ch\/site\/cfpt-mecatronique-industrielle\/polymecanicien\/","title":{"rendered":"Polym\u00e9canicien \/ Polym\u00e9canicienne"},"content":{"rendered":"<p><span style=\"color: #0000ff\"><strong>Description<\/strong><\/span><\/p>\n<p>Le polym\u00e9canicien ou la polym\u00e9canicienne fabriquent des pi\u00e8ces, des outils et des dispositifs en m\u00e9tal, parfois aussi en mati\u00e8re synth\u00e9tique. Ils assemblent des appareils, machines ou robots, programment, contr\u00f4lent, entretiennent et r\u00e9parent des installations de production industrielle. La nature de leur travail d\u00e9pend de la sp\u00e9cialit\u00e9 et de la taille de l&rsquo;entreprise qui les emploie, ainsi que du d\u00e9partement dans lequel ils sont actifs.<br \/>\nLeurs principales activit\u00e9s consistent \u00e0<\/p>\n<p><span style=\"color: #0000ff\"><strong>\u00c9tude de projet et construction de prototypes<\/strong><\/span><\/p>\n<ul>\n<li>\u00e9tudier les demandes des clients \u00e0 partir de dessins, d&rsquo;un cahier des charges ou de simples indications;<\/li>\n<li>collaborer, avec l&rsquo;\u00e9quipe du bureau technique, \u00e0 l&rsquo;\u00e9laboration d&rsquo;un projet;<\/li>\n<li>rassembler les informations n\u00e9cessaires afin que l&rsquo;objet r\u00e9alis\u00e9 r\u00e9ponde au mieux \u00e0 l&rsquo;attente de l&rsquo;int\u00e9ress\u00e9;<\/li>\n<li>\u00e9tablir la liste des mat\u00e9riaux et fournitures, \u00e9valuer le temps n\u00e9cessaire \u00e0 la production, calculer les co\u00fbts;<\/li>\n<li>r\u00e9diger une offre compl\u00e8te (dessins d&rsquo;ensemble et de d\u00e9tail, donn\u00e9es techniques, prix, d\u00e9lai de livraison);<\/li>\n<li>rassembler les informations n\u00e9cessaires afin que l&rsquo;objet r\u00e9alis\u00e9 r\u00e9ponde au mieux \u00e0 l&rsquo;attente de l&rsquo;int\u00e9ress\u00e9;<\/li>\n<li>\u00e9tablir la liste des mat\u00e9riaux et fournitures, \u00e9valuer le temps n\u00e9cessaire \u00e0 la production, calculer les co\u00fbts;<\/li>\n<li>r\u00e9diger une offre compl\u00e8te (dessins d&rsquo;ensemble et de d\u00e9tail, donn\u00e9es techniques, prix, d\u00e9lai de livraison);<\/li>\n<li>fabriquer les diff\u00e9rentes pi\u00e8ces d&rsquo;un prototype, les assembler, contr\u00f4ler le fonctionnement du m\u00e9canisme, tester la machine dans les conditions d&rsquo;utilisation pr\u00e9vues;<\/li>\n<li>r\u00e9diger le mode d&#8217;emploi du syst\u00e8me, indiquer ses sp\u00e9cifications techniques et, le cas \u00e9ch\u00e9ant, les pr\u00e9cautions \u00e0 prendre;<\/li>\n<li>livrer la machine, l&rsquo;installer chez le client, la mettre en service et, au besoin, former le personnel;<\/li>\n<\/ul>\n<p><span style=\"color: #0000ff\"><strong>Production industrielle<\/strong><\/span><\/p>\n<ul>\n<li>choisir les outils d&rsquo;usinage, en fabriquer si n\u00e9cessaire;<\/li>\n<li>organiser la cha\u00eene de production, programmer les machines num\u00e9ris\u00e9es, proc\u00e9der \u00e0 des essais;<\/li>\n<li>contr\u00f4ler de mani\u00e8re rigoureuse la qualit\u00e9 des pi\u00e8ces produites, \u00e9liminer les d\u00e9fauts d&rsquo;usinage;<\/li>\n<li>v\u00e9rifier l&rsquo;installation, r\u00e9gler le rendement;<\/li>\n<li>former le personnel de production;<\/li>\n<\/ul>\n<p><span style=\"color: #0000ff\"><strong>Montage, installation et entretien<\/strong><\/span><\/p>\n<ul>\n<li>\u00e9tudier le sch\u00e9ma de montage fourni par le bureau technique;<\/li>\n<li>assembler les diff\u00e9rentes pi\u00e8ces d&rsquo;une machine, les fixer par soudage, vissage ou boulonnage;<\/li>\n<li>\u00e9tablir les connexions m\u00e9caniques, \u00e9lectriques ou pneumatiques, entre les diff\u00e9rents \u00e9l\u00e9ments d&rsquo;un syst\u00e8me; tester et mettre en service;<\/li>\n<li>contr\u00f4ler, entretenir, r\u00e9parer les machines et appareils, \u00e0 l&rsquo;atelier ou chez le client. <strong><br \/>\n<\/strong><\/li>\n<\/ul>\n<p><span style=\"color: #0000ff\"><strong>Environnement de travail<\/strong><\/span><\/p>\n<p>Les polym\u00e9caniciens travaillent seuls ou en petites \u00e9quipes. Ils collaborent essentiellement avec des automaticiens, des m\u00e9caniciens de production et des dessinateurs-constructeurs industriels du bureau technique. Dans les petites entreprises, ils peuvent \u00eatre associ\u00e9s \u00e0 l&rsquo;ensemble du processus de production. Dans de grandes entreprises, ils sont int\u00e9gr\u00e9s \u00e0 une \u00e9quipe sp\u00e9cialis\u00e9e (recherche et d\u00e9veloppement, production, montage, service client\u00e8le, etc.).<\/p>\n<p><span style=\"color: #0000ff\"><strong>Formation<\/strong><\/span><\/p>\n<p>La formation de polym\u00e9canicien ou de polym\u00e9canicienne s&rsquo;acquiert par un apprentissage en entreprise ou en \u00e9cole \u00e0 plein temps. L\u2019enseignement est dispens\u00e9 en 2 niveaux d&rsquo;exigences: profil B (base) et profil E (\u00e9tendu).<\/p>\n<p><span style=\"color: #0000ff\"><strong>Lieux<\/strong><\/span><br \/>\n<strong><br \/>\n<span style=\"color: #0000ff\">En entreprise<\/span><\/strong><\/p>\n<p>Formation pratique (3 \u00e0 4 jours par semaine) dans une entreprise;<br \/>\nFormation th\u00e9orique (1 \u00e0 2 jours par semaine) \u00e0 l&rsquo;\u00e9cole professionnelle;<br \/>\nCours interentreprises (64 jours sur les 2 premi\u00e8res ann\u00e9es).<br \/>\n<strong><br \/>\n<span style=\"color: #0000ff\">En \u00e9cole \u00e0 plein temps<\/span><\/strong><\/p>\n<p>Th\u00e9orie et pratique \u00e0 Fribourg, Gen\u00e8ve, Lausanne, Le Locle, Sainte-Croix et Saint-Imier.<\/p>\n<p>Pour plus de d\u00e9tails, consulter www.orientation.ch\/ecoles.<\/p>\n<p><span style=\"color: #0000ff\"><strong>Dur\u00e9e<\/strong><\/span><\/p>\n<p>4 ans en entreprise, 3 ou 4 ans en \u00e9cole.<br \/>\n<strong><br \/>\n<span style=\"color: #0000ff\">Conditions d\u2019admission<\/span><\/strong><\/p>\n<p>Scolarit\u00e9 obligatoire achev\u00e9e;<br \/>\nCertaines entreprises ou \u00e9coles recourent \u00e0 un examen d&rsquo;admission.<br \/>\n<strong><br \/>\n<span style=\"color: #0000ff\">Titre obtenu<\/span><\/strong><\/p>\n<p>Certificat f\u00e9d\u00e9ral de capacit\u00e9 (CFC) de polym\u00e9canicien ou de polym\u00e9canicienne.<br \/>\nPossibilit\u00e9 d&rsquo;obtenir une maturit\u00e9 professionnelle, pendant l&rsquo;apprentissage ou apr\u00e8s l&rsquo;obtention du CFC, selon les cantons.<\/p>\n<p>&nbsp;<\/p>\n<p>Pour plus de d\u00e9tails, consulter<a href=\"https:\/\/www.orientation.ch\/\"> https:\/\/www.orientation.ch\/<\/a><\/p>\n<p>&nbsp;<\/p>\n","protected":false},"excerpt":{"rendered":"<p>Description Le polym\u00e9canicien ou la polym\u00e9canicienne fabriquent des pi\u00e8ces, des outils et des dispositifs en m\u00e9tal, parfois aussi en mati\u00e8re synth\u00e9tique. Ils assemblent des appareils, machines ou robots, programment, contr\u00f4lent, entretiennent et r\u00e9parent des installations de production industrielle. La nature de leur travail d\u00e9pend de la sp\u00e9cialit\u00e9 et de la taille de l&rsquo;entreprise qui les [&hellip;]<\/p>\n","protected":false},"author":2186,"featured_media":0,"parent":0,"menu_order":0,"comment_status":"closed","ping_status":"closed","template":"","meta":{"footnotes":""},"class_list":["post-112","page","type-page","status-publish","czr-hentry"],"yoast_head":"<!-- This site is optimized with the Yoast SEO plugin v26.4 - https:\/\/yoast.com\/wordpress\/plugins\/seo\/ -->\n<title>Polym\u00e9canicien \/ Polym\u00e9canicienne - CFPT M\u00e9catronique industrielle<\/title>\n<meta name=\"robots\" content=\"index, follow, max-snippet:-1, max-image-preview:large, max-video-preview:-1\" \/>\n<link rel=\"canonical\" href=\"https:\/\/edurec.ge.ch\/site\/cfpt-mecatronique-industrielle\/polymecanicien\/\" \/>\n<meta property=\"og:locale\" content=\"fr_FR\" \/>\n<meta property=\"og:type\" content=\"article\" \/>\n<meta property=\"og:title\" content=\"Polym\u00e9canicien \/ Polym\u00e9canicienne - CFPT M\u00e9catronique industrielle\" \/>\n<meta property=\"og:description\" content=\"Description Le polym\u00e9canicien ou la polym\u00e9canicienne fabriquent des pi\u00e8ces, des outils et des dispositifs en m\u00e9tal, parfois aussi en mati\u00e8re synth\u00e9tique. Ils assemblent des appareils, machines ou robots, programment, contr\u00f4lent, entretiennent et r\u00e9parent des installations de production industrielle. La nature de leur travail d\u00e9pend de la sp\u00e9cialit\u00e9 et de la taille de l&rsquo;entreprise qui les [&hellip;]\" \/>\n<meta property=\"og:url\" content=\"https:\/\/edurec.ge.ch\/site\/cfpt-mecatronique-industrielle\/polymecanicien\/\" \/>\n<meta property=\"og:site_name\" content=\"CFPT M\u00e9catronique industrielle\" \/>\n<meta property=\"article:modified_time\" content=\"2022-10-20T14:49:53+00:00\" \/>\n<meta name=\"twitter:card\" content=\"summary_large_image\" \/>\n<meta name=\"twitter:label1\" content=\"Dur\u00e9e de lecture estim\u00e9e\" \/>\n\t<meta name=\"twitter:data1\" content=\"3 minutes\" \/>\n<script type=\"application\/ld+json\" class=\"yoast-schema-graph\">{\"@context\":\"https:\/\/schema.org\",\"@graph\":[{\"@type\":\"WebPage\",\"@id\":\"https:\/\/edurec.ge.ch\/site\/cfpt-mecatronique-industrielle\/polymecanicien\/\",\"url\":\"https:\/\/edurec.ge.ch\/site\/cfpt-mecatronique-industrielle\/polymecanicien\/\",\"name\":\"Polym\u00e9canicien \/ Polym\u00e9canicienne - CFPT M\u00e9catronique industrielle\",\"isPartOf\":{\"@id\":\"https:\/\/edurec.ge.ch\/site\/cfpt-mecatronique-industrielle\/#website\"},\"datePublished\":\"2017-02-02T14:18:14+00:00\",\"dateModified\":\"2022-10-20T14:49:53+00:00\",\"breadcrumb\":{\"@id\":\"https:\/\/edurec.ge.ch\/site\/cfpt-mecatronique-industrielle\/polymecanicien\/#breadcrumb\"},\"inLanguage\":\"fr-FR\",\"potentialAction\":[{\"@type\":\"ReadAction\",\"target\":[\"https:\/\/edurec.ge.ch\/site\/cfpt-mecatronique-industrielle\/polymecanicien\/\"]}]},{\"@type\":\"BreadcrumbList\",\"@id\":\"https:\/\/edurec.ge.ch\/site\/cfpt-mecatronique-industrielle\/polymecanicien\/#breadcrumb\",\"itemListElement\":[{\"@type\":\"ListItem\",\"position\":1,\"name\":\"Accueil\",\"item\":\"https:\/\/edurec.ge.ch\/site\/cfpt-mecatronique-industrielle\/\"},{\"@type\":\"ListItem\",\"position\":2,\"name\":\"Polym\u00e9canicien \/ Polym\u00e9canicienne\"}]},{\"@type\":\"WebSite\",\"@id\":\"https:\/\/edurec.ge.ch\/site\/cfpt-mecatronique-industrielle\/#website\",\"url\":\"https:\/\/edurec.ge.ch\/site\/cfpt-mecatronique-industrielle\/\",\"name\":\"CFPT M\u00e9catronique industrielle\",\"description\":\"CFPT M\u00e9catronique industrielle\",\"potentialAction\":[{\"@type\":\"SearchAction\",\"target\":{\"@type\":\"EntryPoint\",\"urlTemplate\":\"https:\/\/edurec.ge.ch\/site\/cfpt-mecatronique-industrielle\/?s={search_term_string}\"},\"query-input\":{\"@type\":\"PropertyValueSpecification\",\"valueRequired\":true,\"valueName\":\"search_term_string\"}}],\"inLanguage\":\"fr-FR\"}]}<\/script>\n<!-- \/ Yoast SEO plugin. -->","yoast_head_json":{"title":"Polym\u00e9canicien \/ Polym\u00e9canicienne - CFPT M\u00e9catronique industrielle","robots":{"index":"index","follow":"follow","max-snippet":"max-snippet:-1","max-image-preview":"max-image-preview:large","max-video-preview":"max-video-preview:-1"},"canonical":"https:\/\/edurec.ge.ch\/site\/cfpt-mecatronique-industrielle\/polymecanicien\/","og_locale":"fr_FR","og_type":"article","og_title":"Polym\u00e9canicien \/ Polym\u00e9canicienne - CFPT M\u00e9catronique industrielle","og_description":"Description Le polym\u00e9canicien ou la polym\u00e9canicienne fabriquent des pi\u00e8ces, des outils et des dispositifs en m\u00e9tal, parfois aussi en mati\u00e8re synth\u00e9tique. Ils assemblent des appareils, machines ou robots, programment, contr\u00f4lent, entretiennent et r\u00e9parent des installations de production industrielle. La nature de leur travail d\u00e9pend de la sp\u00e9cialit\u00e9 et de la taille de l&rsquo;entreprise qui les [&hellip;]","og_url":"https:\/\/edurec.ge.ch\/site\/cfpt-mecatronique-industrielle\/polymecanicien\/","og_site_name":"CFPT M\u00e9catronique industrielle","article_modified_time":"2022-10-20T14:49:53+00:00","twitter_card":"summary_large_image","twitter_misc":{"Dur\u00e9e de lecture estim\u00e9e":"3 minutes"},"schema":{"@context":"https:\/\/schema.org","@graph":[{"@type":"WebPage","@id":"https:\/\/edurec.ge.ch\/site\/cfpt-mecatronique-industrielle\/polymecanicien\/","url":"https:\/\/edurec.ge.ch\/site\/cfpt-mecatronique-industrielle\/polymecanicien\/","name":"Polym\u00e9canicien \/ Polym\u00e9canicienne - CFPT M\u00e9catronique industrielle","isPartOf":{"@id":"https:\/\/edurec.ge.ch\/site\/cfpt-mecatronique-industrielle\/#website"},"datePublished":"2017-02-02T14:18:14+00:00","dateModified":"2022-10-20T14:49:53+00:00","breadcrumb":{"@id":"https:\/\/edurec.ge.ch\/site\/cfpt-mecatronique-industrielle\/polymecanicien\/#breadcrumb"},"inLanguage":"fr-FR","potentialAction":[{"@type":"ReadAction","target":["https:\/\/edurec.ge.ch\/site\/cfpt-mecatronique-industrielle\/polymecanicien\/"]}]},{"@type":"BreadcrumbList","@id":"https:\/\/edurec.ge.ch\/site\/cfpt-mecatronique-industrielle\/polymecanicien\/#breadcrumb","itemListElement":[{"@type":"ListItem","position":1,"name":"Accueil","item":"https:\/\/edurec.ge.ch\/site\/cfpt-mecatronique-industrielle\/"},{"@type":"ListItem","position":2,"name":"Polym\u00e9canicien \/ Polym\u00e9canicienne"}]},{"@type":"WebSite","@id":"https:\/\/edurec.ge.ch\/site\/cfpt-mecatronique-industrielle\/#website","url":"https:\/\/edurec.ge.ch\/site\/cfpt-mecatronique-industrielle\/","name":"CFPT M\u00e9catronique industrielle","description":"CFPT M\u00e9catronique industrielle","potentialAction":[{"@type":"SearchAction","target":{"@type":"EntryPoint","urlTemplate":"https:\/\/edurec.ge.ch\/site\/cfpt-mecatronique-industrielle\/?s={search_term_string}"},"query-input":{"@type":"PropertyValueSpecification","valueRequired":true,"valueName":"search_term_string"}}],"inLanguage":"fr-FR"}]}},"_links":{"self":[{"href":"https:\/\/edurec.ge.ch\/site\/cfpt-mecatronique-industrielle\/wp-json\/wp\/v2\/pages\/112","targetHints":{"allow":["GET"]}}],"collection":[{"href":"https:\/\/edurec.ge.ch\/site\/cfpt-mecatronique-industrielle\/wp-json\/wp\/v2\/pages"}],"about":[{"href":"https:\/\/edurec.ge.ch\/site\/cfpt-mecatronique-industrielle\/wp-json\/wp\/v2\/types\/page"}],"author":[{"embeddable":true,"href":"https:\/\/edurec.ge.ch\/site\/cfpt-mecatronique-industrielle\/wp-json\/wp\/v2\/users\/2186"}],"replies":[{"embeddable":true,"href":"https:\/\/edurec.ge.ch\/site\/cfpt-mecatronique-industrielle\/wp-json\/wp\/v2\/comments?post=112"}],"version-history":[{"count":17,"href":"https:\/\/edurec.ge.ch\/site\/cfpt-mecatronique-industrielle\/wp-json\/wp\/v2\/pages\/112\/revisions"}],"predecessor-version":[{"id":1254,"href":"https:\/\/edurec.ge.ch\/site\/cfpt-mecatronique-industrielle\/wp-json\/wp\/v2\/pages\/112\/revisions\/1254"}],"wp:attachment":[{"href":"https:\/\/edurec.ge.ch\/site\/cfpt-mecatronique-industrielle\/wp-json\/wp\/v2\/media?parent=112"}],"curies":[{"name":"wp","href":"https:\/\/api.w.org\/{rel}","templated":true}]}}