{"id":2031,"date":"2018-09-24T09:42:32","date_gmt":"2018-09-24T08:42:32","guid":{"rendered":"https:\/\/edurec.ge.ch\/site\/cfpt-enseignement-general\/?page_id=2031"},"modified":"2022-05-17T09:16:00","modified_gmt":"2022-05-17T08:16:00","slug":"retenues","status":"publish","type":"page","link":"https:\/\/edurec.ge.ch\/site\/cfpt-enseignement-general\/retenues\/","title":{"rendered":"Retenues MP"},"content":{"rendered":"<h1>Liste des textes \u00e0 recopier<\/h1>\n<p><a href=\"https:\/\/edurec.ge.ch\/site\/cfpt-enseignement-general\/wp-content\/uploads\/sites\/118\/2021\/10\/Cuisiner-des-aubergines-au-parmesan.pdf\">Cuisiner des aubergines au parmesan<\/a><\/p>\n<p><a href=\"https:\/\/edurec.ge.ch\/site\/cfpt-enseignement-general\/wp-content\/uploads\/sites\/118\/2021\/10\/\u00catre-honn\u00eate-sans-\u00eatre-dur.pdf\">\u00catre honn\u00eate sans \u00eatre dur<\/a><\/p>\n<p><a href=\"https:\/\/edurec.ge.ch\/site\/cfpt-enseignement-general\/wp-content\/uploads\/sites\/118\/2021\/10\/Occuper-son-temps-libre.pdf\">Occuper son temps libre<\/a><\/p>\n<p><a href=\"https:\/\/edurec.ge.ch\/site\/cfpt-enseignement-general\/wp-content\/uploads\/sites\/118\/2021\/10\/Apprendre-nimporte-quelle-langue.pdf\">Apprendre n&rsquo;importe quelle langue<\/a><\/p>\n","protected":false},"excerpt":{"rendered":"<p>Liste des textes \u00e0 recopier Cuisiner des aubergines au parmesan \u00catre honn\u00eate sans \u00eatre dur Occuper son temps libre Apprendre n&rsquo;importe quelle langue<\/p>\n","protected":false},"author":1235,"featured_media":0,"parent":0,"menu_order":0,"comment_status":"closed","ping_status":"closed","template":"","meta":{"footnotes":""},"class_list":["post-2031","page","type-page","status-publish","czr-hentry"],"yoast_head":"<!-- This site is optimized with the Yoast SEO plugin v26.4 - https:\/\/yoast.com\/wordpress\/plugins\/seo\/ -->\n<title>Retenues MP - CFPT Enseignement g\u00e9n\u00e9ral<\/title>\n<meta name=\"robots\" content=\"index, follow, max-snippet:-1, max-image-preview:large, max-video-preview:-1\" \/>\n<link rel=\"canonical\" href=\"https:\/\/edurec.ge.ch\/site\/cfpt-enseignement-general\/retenues\/\" \/>\n<meta property=\"og:locale\" content=\"fr_FR\" \/>\n<meta property=\"og:type\" content=\"article\" \/>\n<meta property=\"og:title\" content=\"Retenues MP - CFPT Enseignement g\u00e9n\u00e9ral\" \/>\n<meta property=\"og:description\" content=\"Liste des textes \u00e0 recopier Cuisiner des aubergines au parmesan \u00catre honn\u00eate sans \u00eatre dur Occuper son temps libre Apprendre n&rsquo;importe quelle langue\" \/>\n<meta property=\"og:url\" content=\"https:\/\/edurec.ge.ch\/site\/cfpt-enseignement-general\/retenues\/\" \/>\n<meta property=\"og:site_name\" content=\"CFPT Enseignement g\u00e9n\u00e9ral\" \/>\n<meta property=\"article:modified_time\" content=\"2022-05-17T08:16:00+00:00\" \/>\n<meta name=\"twitter:card\" content=\"summary_large_image\" \/>\n<script type=\"application\/ld+json\" class=\"yoast-schema-graph\">{\"@context\":\"https:\/\/schema.org\",\"@graph\":[{\"@type\":\"WebPage\",\"@id\":\"https:\/\/edurec.ge.ch\/site\/cfpt-enseignement-general\/retenues\/\",\"url\":\"https:\/\/edurec.ge.ch\/site\/cfpt-enseignement-general\/retenues\/\",\"name\":\"Retenues MP - CFPT Enseignement g\u00e9n\u00e9ral\",\"isPartOf\":{\"@id\":\"https:\/\/edurec.ge.ch\/site\/cfpt-enseignement-general\/#website\"},\"datePublished\":\"2018-09-24T08:42:32+00:00\",\"dateModified\":\"2022-05-17T08:16:00+00:00\",\"breadcrumb\":{\"@id\":\"https:\/\/edurec.ge.ch\/site\/cfpt-enseignement-general\/retenues\/#breadcrumb\"},\"inLanguage\":\"fr-FR\",\"potentialAction\":[{\"@type\":\"ReadAction\",\"target\":[\"https:\/\/edurec.ge.ch\/site\/cfpt-enseignement-general\/retenues\/\"]}]},{\"@type\":\"BreadcrumbList\",\"@id\":\"https:\/\/edurec.ge.ch\/site\/cfpt-enseignement-general\/retenues\/#breadcrumb\",\"itemListElement\":[{\"@type\":\"ListItem\",\"position\":1,\"name\":\"Accueil\",\"item\":\"https:\/\/edurec.ge.ch\/site\/cfpt-enseignement-general\/\"},{\"@type\":\"ListItem\",\"position\":2,\"name\":\"Retenues MP\"}]},{\"@type\":\"WebSite\",\"@id\":\"https:\/\/edurec.ge.ch\/site\/cfpt-enseignement-general\/#website\",\"url\":\"https:\/\/edurec.ge.ch\/site\/cfpt-enseignement-general\/\",\"name\":\"CFPT Enseignement g\u00e9n\u00e9ral\",\"description\":\"CFPT Enseignement g\u00e9n\u00e9ral\",\"potentialAction\":[{\"@type\":\"SearchAction\",\"target\":{\"@type\":\"EntryPoint\",\"urlTemplate\":\"https:\/\/edurec.ge.ch\/site\/cfpt-enseignement-general\/?s={search_term_string}\"},\"query-input\":{\"@type\":\"PropertyValueSpecification\",\"valueRequired\":true,\"valueName\":\"search_term_string\"}}],\"inLanguage\":\"fr-FR\"}]}<\/script>\n<!-- \/ Yoast SEO plugin. -->","yoast_head_json":{"title":"Retenues MP - CFPT Enseignement g\u00e9n\u00e9ral","robots":{"index":"index","follow":"follow","max-snippet":"max-snippet:-1","max-image-preview":"max-image-preview:large","max-video-preview":"max-video-preview:-1"},"canonical":"https:\/\/edurec.ge.ch\/site\/cfpt-enseignement-general\/retenues\/","og_locale":"fr_FR","og_type":"article","og_title":"Retenues MP - CFPT Enseignement g\u00e9n\u00e9ral","og_description":"Liste des textes \u00e0 recopier Cuisiner des aubergines au parmesan \u00catre honn\u00eate sans \u00eatre dur Occuper son temps libre Apprendre n&rsquo;importe quelle langue","og_url":"https:\/\/edurec.ge.ch\/site\/cfpt-enseignement-general\/retenues\/","og_site_name":"CFPT Enseignement g\u00e9n\u00e9ral","article_modified_time":"2022-05-17T08:16:00+00:00","twitter_card":"summary_large_image","schema":{"@context":"https:\/\/schema.org","@graph":[{"@type":"WebPage","@id":"https:\/\/edurec.ge.ch\/site\/cfpt-enseignement-general\/retenues\/","url":"https:\/\/edurec.ge.ch\/site\/cfpt-enseignement-general\/retenues\/","name":"Retenues MP - CFPT Enseignement g\u00e9n\u00e9ral","isPartOf":{"@id":"https:\/\/edurec.ge.ch\/site\/cfpt-enseignement-general\/#website"},"datePublished":"2018-09-24T08:42:32+00:00","dateModified":"2022-05-17T08:16:00+00:00","breadcrumb":{"@id":"https:\/\/edurec.ge.ch\/site\/cfpt-enseignement-general\/retenues\/#breadcrumb"},"inLanguage":"fr-FR","potentialAction":[{"@type":"ReadAction","target":["https:\/\/edurec.ge.ch\/site\/cfpt-enseignement-general\/retenues\/"]}]},{"@type":"BreadcrumbList","@id":"https:\/\/edurec.ge.ch\/site\/cfpt-enseignement-general\/retenues\/#breadcrumb","itemListElement":[{"@type":"ListItem","position":1,"name":"Accueil","item":"https:\/\/edurec.ge.ch\/site\/cfpt-enseignement-general\/"},{"@type":"ListItem","position":2,"name":"Retenues MP"}]},{"@type":"WebSite","@id":"https:\/\/edurec.ge.ch\/site\/cfpt-enseignement-general\/#website","url":"https:\/\/edurec.ge.ch\/site\/cfpt-enseignement-general\/","name":"CFPT Enseignement g\u00e9n\u00e9ral","description":"CFPT Enseignement g\u00e9n\u00e9ral","potentialAction":[{"@type":"SearchAction","target":{"@type":"EntryPoint","urlTemplate":"https:\/\/edurec.ge.ch\/site\/cfpt-enseignement-general\/?s={search_term_string}"},"query-input":{"@type":"PropertyValueSpecification","valueRequired":true,"valueName":"search_term_string"}}],"inLanguage":"fr-FR"}]}},"_links":{"self":[{"href":"https:\/\/edurec.ge.ch\/site\/cfpt-enseignement-general\/wp-json\/wp\/v2\/pages\/2031","targetHints":{"allow":["GET"]}}],"collection":[{"href":"https:\/\/edurec.ge.ch\/site\/cfpt-enseignement-general\/wp-json\/wp\/v2\/pages"}],"about":[{"href":"https:\/\/edurec.ge.ch\/site\/cfpt-enseignement-general\/wp-json\/wp\/v2\/types\/page"}],"author":[{"embeddable":true,"href":"https:\/\/edurec.ge.ch\/site\/cfpt-enseignement-general\/wp-json\/wp\/v2\/users\/1235"}],"replies":[{"embeddable":true,"href":"https:\/\/edurec.ge.ch\/site\/cfpt-enseignement-general\/wp-json\/wp\/v2\/comments?post=2031"}],"version-history":[{"count":15,"href":"https:\/\/edurec.ge.ch\/site\/cfpt-enseignement-general\/wp-json\/wp\/v2\/pages\/2031\/revisions"}],"predecessor-version":[{"id":2924,"href":"https:\/\/edurec.ge.ch\/site\/cfpt-enseignement-general\/wp-json\/wp\/v2\/pages\/2031\/revisions\/2924"}],"wp:attachment":[{"href":"https:\/\/edurec.ge.ch\/site\/cfpt-enseignement-general\/wp-json\/wp\/v2\/media?parent=2031"}],"curies":[{"name":"wp","href":"https:\/\/api.w.org\/{rel}","templated":true}]}}