{"id":13,"date":"2016-02-11T07:40:41","date_gmt":"2016-02-11T06:40:41","guid":{"rendered":"https:\/\/edurec.ge.ch\/site\/cfpt-enseignement-general\/?page_id=13"},"modified":"2021-02-25T11:23:32","modified_gmt":"2021-02-25T10:23:32","slug":"vie-de-lecole","status":"publish","type":"page","link":"https:\/\/edurec.ge.ch\/site\/cfpt-enseignement-general\/vie-de-lecole\/","title":{"rendered":"Vie de l&rsquo;\u00e9cole"},"content":{"rendered":"<div id=\"su_carousel_6a09f0449cb3c\" class=\"su-carousel su-carousel-centered su-carousel-pages-no su-carousel-responsive-yes\" style=\"width:100%\" data-autoplay=\"3000\" data-speed=\"800\" data-mousewheel=\"true\" data-items=\"2\" data-scroll=\"1\"><div class=\"su-carousel-slides\"><div class=\"su-carousel-slide\"><a><img decoding=\"async\" src=\"https:\/\/edurec.ge.ch\/site\/cfpt-enseignement-general\/wp-content\/uploads\/sites\/118\/2016\/02\/1.png\" alt=\"1\" \/><\/a><\/div><div class=\"su-carousel-slide\"><a><img decoding=\"async\" src=\"https:\/\/edurec.ge.ch\/site\/cfpt-enseignement-general\/wp-content\/uploads\/sites\/118\/2016\/02\/2.png\" alt=\"2\" \/><\/a><\/div><div class=\"su-carousel-slide\"><a><img decoding=\"async\" src=\"https:\/\/edurec.ge.ch\/site\/cfpt-enseignement-general\/wp-content\/uploads\/sites\/118\/2016\/02\/3.png\" alt=\"3\" \/><\/a><\/div><div class=\"su-carousel-slide\"><a><img decoding=\"async\" src=\"https:\/\/edurec.ge.ch\/site\/cfpt-enseignement-general\/wp-content\/uploads\/sites\/118\/2016\/02\/4.png\" alt=\"4\" \/><\/a><\/div><div class=\"su-carousel-slide\"><a><img decoding=\"async\" src=\"https:\/\/edurec.ge.ch\/site\/cfpt-enseignement-general\/wp-content\/uploads\/sites\/118\/2016\/02\/5.png\" alt=\"5\" \/><\/a><\/div><div class=\"su-carousel-slide\"><a><img decoding=\"async\" src=\"https:\/\/edurec.ge.ch\/site\/cfpt-enseignement-general\/wp-content\/uploads\/sites\/118\/2016\/02\/6.png\" alt=\"6\" \/><\/a><\/div><div class=\"su-carousel-slide\"><a><img decoding=\"async\" src=\"https:\/\/edurec.ge.ch\/site\/cfpt-enseignement-general\/wp-content\/uploads\/sites\/118\/2016\/02\/7.png\" alt=\"7\" \/><\/a><\/div><div class=\"su-carousel-slide\"><a><img decoding=\"async\" src=\"https:\/\/edurec.ge.ch\/site\/cfpt-enseignement-general\/wp-content\/uploads\/sites\/118\/2016\/02\/8.png\" alt=\"8\" \/><\/a><\/div><div class=\"su-carousel-slide\"><a><img decoding=\"async\" src=\"https:\/\/edurec.ge.ch\/site\/cfpt-enseignement-general\/wp-content\/uploads\/sites\/118\/2016\/02\/9.png\" alt=\"9\" \/><\/a><\/div><div class=\"su-carousel-slide\"><a><img decoding=\"async\" src=\"https:\/\/edurec.ge.ch\/site\/cfpt-enseignement-general\/wp-content\/uploads\/sites\/118\/2016\/02\/10.png\" alt=\"10\" \/><\/a><\/div><div class=\"su-carousel-slide\"><a><img decoding=\"async\" src=\"https:\/\/edurec.ge.ch\/site\/cfpt-enseignement-general\/wp-content\/uploads\/sites\/118\/2016\/02\/11.png\" alt=\"11\" \/><\/a><\/div><div class=\"su-carousel-slide\"><a><img decoding=\"async\" src=\"https:\/\/edurec.ge.ch\/site\/cfpt-enseignement-general\/wp-content\/uploads\/sites\/118\/2016\/02\/12.png\" alt=\"12\" \/><\/a><\/div><div class=\"su-carousel-slide\"><a><img decoding=\"async\" src=\"https:\/\/edurec.ge.ch\/site\/cfpt-enseignement-general\/wp-content\/uploads\/sites\/118\/2016\/02\/13.png\" alt=\"13\" \/><\/a><\/div><div class=\"su-carousel-slide\"><a><img decoding=\"async\" src=\"https:\/\/edurec.ge.ch\/site\/cfpt-enseignement-general\/wp-content\/uploads\/sites\/118\/2016\/02\/14.png\" alt=\"14\" \/><\/a><\/div><div class=\"su-carousel-slide\"><a><img decoding=\"async\" src=\"https:\/\/edurec.ge.ch\/site\/cfpt-enseignement-general\/wp-content\/uploads\/sites\/118\/2016\/02\/15.png\" alt=\"15\" \/><\/a><\/div><div class=\"su-carousel-slide\"><a><img decoding=\"async\" src=\"https:\/\/edurec.ge.ch\/site\/cfpt-enseignement-general\/wp-content\/uploads\/sites\/118\/2016\/02\/16.png\" alt=\"16\" \/><\/a><\/div><div class=\"su-carousel-slide\"><a><img decoding=\"async\" src=\"https:\/\/edurec.ge.ch\/site\/cfpt-enseignement-general\/wp-content\/uploads\/sites\/118\/2016\/02\/17.png\" alt=\"17\" \/><\/a><\/div><\/div><div class=\"su-carousel-nav\"><div class=\"su-carousel-direction\"><span class=\"su-carousel-prev\"><\/span><span class=\"su-carousel-next\"><\/span><\/div><div class=\"su-carousel-pagination\"><\/div><\/div><\/div>Vous trouverez ici les diff\u00e9rents \u00e9l\u00e9ments li\u00e9s \u00e0 la vie de l\u2019\u00e9cole et \u00e0 l&rsquo;actualit\u00e9 comme :<\/p>\n<ul>\n<li>Projets divers<\/li>\n<li>Sorties<\/li>\n<li>Voyages humanitaires :\n<ul>\n<li>Vietnam 2011<\/li>\n<li>Vietnam 2012<\/li>\n<li>Vietnam 2013<\/li>\n<li>Madagascar 2015<\/li>\n<li>Vietnam 2017 : <a href=\"http:\/\/www.cfpt-vietnam.com\/\">http:\/\/www.cfpt-vietnam.com\/<\/a><\/li>\n<\/ul>\n<\/li>\n<li>Journ\u00e9e de la m\u00e9moire<\/li>\n<li>Commission culture : th\u00e9\u00e2tre, mus\u00e9e, cin\u00e9ma<\/li>\n<li>Commission Egalit\u00e9:\u00a0<a href=\"http:\/\/edurec.ge.ch\/sefpo\/domaines-transversaux\/egalite\">http:\/\/edurec.ge.ch\/sefpo\/domaines-transversaux\/egalite<\/a><\/li>\n<li>Bourse aux livres<\/li>\n<\/ul>\n","protected":false},"excerpt":{"rendered":"<p>Vous trouverez ici les diff\u00e9rents \u00e9l\u00e9ments li\u00e9s \u00e0 la vie de l\u2019\u00e9cole et \u00e0 l&rsquo;actualit\u00e9 comme : Projets divers Sorties Voyages humanitaires : Vietnam 2011 Vietnam 2012 Vietnam 2013 Madagascar 2015 Vietnam 2017 : http:\/\/www.cfpt-vietnam.com\/ Journ\u00e9e de la m\u00e9moire Commission culture : th\u00e9\u00e2tre, mus\u00e9e, cin\u00e9ma Commission Egalit\u00e9:\u00a0http:\/\/edurec.ge.ch\/sefpo\/domaines-transversaux\/egalite Bourse aux livres<\/p>\n","protected":false},"author":1063,"featured_media":2701,"parent":0,"menu_order":0,"comment_status":"closed","ping_status":"closed","template":"","meta":{"footnotes":""},"class_list":["post-13","page","type-page","status-publish","has-post-thumbnail","czr-hentry"],"yoast_head":"<!-- This site is optimized with the Yoast SEO plugin v26.4 - https:\/\/yoast.com\/wordpress\/plugins\/seo\/ -->\n<title>Vie de l&#039;\u00e9cole - CFPT Enseignement g\u00e9n\u00e9ral<\/title>\n<meta name=\"robots\" content=\"index, follow, max-snippet:-1, max-image-preview:large, max-video-preview:-1\" \/>\n<link rel=\"canonical\" href=\"https:\/\/edurec.ge.ch\/site\/cfpt-enseignement-general\/vie-de-lecole\/\" \/>\n<meta property=\"og:locale\" content=\"fr_FR\" \/>\n<meta property=\"og:type\" content=\"article\" \/>\n<meta property=\"og:title\" content=\"Vie de l&#039;\u00e9cole - CFPT Enseignement g\u00e9n\u00e9ral\" \/>\n<meta property=\"og:description\" content=\"Vous trouverez ici les diff\u00e9rents \u00e9l\u00e9ments li\u00e9s \u00e0 la vie de l\u2019\u00e9cole et \u00e0 l&rsquo;actualit\u00e9 comme : Projets divers Sorties Voyages humanitaires : Vietnam 2011 Vietnam 2012 Vietnam 2013 Madagascar 2015 Vietnam 2017 : http:\/\/www.cfpt-vietnam.com\/ Journ\u00e9e de la m\u00e9moire Commission culture : th\u00e9\u00e2tre, mus\u00e9e, cin\u00e9ma Commission Egalit\u00e9:\u00a0http:\/\/edurec.ge.ch\/sefpo\/domaines-transversaux\/egalite Bourse aux livres\" \/>\n<meta property=\"og:url\" content=\"https:\/\/edurec.ge.ch\/site\/cfpt-enseignement-general\/vie-de-lecole\/\" \/>\n<meta property=\"og:site_name\" content=\"CFPT Enseignement g\u00e9n\u00e9ral\" \/>\n<meta property=\"article:modified_time\" content=\"2021-02-25T10:23:32+00:00\" \/>\n<meta property=\"og:image\" content=\"https:\/\/edurec.ge.ch\/site\/cfpt-enseignement-general\/wp-content\/uploads\/sites\/118\/2021\/02\/logo_cfpt_2.jpg\" \/>\n\t<meta property=\"og:image:width\" content=\"2505\" \/>\n\t<meta property=\"og:image:height\" content=\"2505\" \/>\n\t<meta property=\"og:image:type\" content=\"image\/jpeg\" \/>\n<meta name=\"twitter:card\" content=\"summary_large_image\" \/>\n<script type=\"application\/ld+json\" class=\"yoast-schema-graph\">{\"@context\":\"https:\/\/schema.org\",\"@graph\":[{\"@type\":\"WebPage\",\"@id\":\"https:\/\/edurec.ge.ch\/site\/cfpt-enseignement-general\/vie-de-lecole\/\",\"url\":\"https:\/\/edurec.ge.ch\/site\/cfpt-enseignement-general\/vie-de-lecole\/\",\"name\":\"Vie de l'\u00e9cole - CFPT Enseignement g\u00e9n\u00e9ral\",\"isPartOf\":{\"@id\":\"https:\/\/edurec.ge.ch\/site\/cfpt-enseignement-general\/#website\"},\"primaryImageOfPage\":{\"@id\":\"https:\/\/edurec.ge.ch\/site\/cfpt-enseignement-general\/vie-de-lecole\/#primaryimage\"},\"image\":{\"@id\":\"https:\/\/edurec.ge.ch\/site\/cfpt-enseignement-general\/vie-de-lecole\/#primaryimage\"},\"thumbnailUrl\":\"https:\/\/edurec.ge.ch\/site\/cfpt-enseignement-general\/wp-content\/uploads\/sites\/118\/2021\/02\/logo_cfpt_2.jpg\",\"datePublished\":\"2016-02-11T06:40:41+00:00\",\"dateModified\":\"2021-02-25T10:23:32+00:00\",\"breadcrumb\":{\"@id\":\"https:\/\/edurec.ge.ch\/site\/cfpt-enseignement-general\/vie-de-lecole\/#breadcrumb\"},\"inLanguage\":\"fr-FR\",\"potentialAction\":[{\"@type\":\"ReadAction\",\"target\":[\"https:\/\/edurec.ge.ch\/site\/cfpt-enseignement-general\/vie-de-lecole\/\"]}]},{\"@type\":\"ImageObject\",\"inLanguage\":\"fr-FR\",\"@id\":\"https:\/\/edurec.ge.ch\/site\/cfpt-enseignement-general\/vie-de-lecole\/#primaryimage\",\"url\":\"https:\/\/edurec.ge.ch\/site\/cfpt-enseignement-general\/wp-content\/uploads\/sites\/118\/2021\/02\/logo_cfpt_2.jpg\",\"contentUrl\":\"https:\/\/edurec.ge.ch\/site\/cfpt-enseignement-general\/wp-content\/uploads\/sites\/118\/2021\/02\/logo_cfpt_2.jpg\",\"width\":2505,\"height\":2505},{\"@type\":\"BreadcrumbList\",\"@id\":\"https:\/\/edurec.ge.ch\/site\/cfpt-enseignement-general\/vie-de-lecole\/#breadcrumb\",\"itemListElement\":[{\"@type\":\"ListItem\",\"position\":1,\"name\":\"Accueil\",\"item\":\"https:\/\/edurec.ge.ch\/site\/cfpt-enseignement-general\/\"},{\"@type\":\"ListItem\",\"position\":2,\"name\":\"Vie de l&rsquo;\u00e9cole\"}]},{\"@type\":\"WebSite\",\"@id\":\"https:\/\/edurec.ge.ch\/site\/cfpt-enseignement-general\/#website\",\"url\":\"https:\/\/edurec.ge.ch\/site\/cfpt-enseignement-general\/\",\"name\":\"CFPT Enseignement g\u00e9n\u00e9ral\",\"description\":\"CFPT Enseignement g\u00e9n\u00e9ral\",\"potentialAction\":[{\"@type\":\"SearchAction\",\"target\":{\"@type\":\"EntryPoint\",\"urlTemplate\":\"https:\/\/edurec.ge.ch\/site\/cfpt-enseignement-general\/?s={search_term_string}\"},\"query-input\":{\"@type\":\"PropertyValueSpecification\",\"valueRequired\":true,\"valueName\":\"search_term_string\"}}],\"inLanguage\":\"fr-FR\"}]}<\/script>\n<!-- \/ Yoast SEO plugin. -->","yoast_head_json":{"title":"Vie de l'\u00e9cole - CFPT Enseignement g\u00e9n\u00e9ral","robots":{"index":"index","follow":"follow","max-snippet":"max-snippet:-1","max-image-preview":"max-image-preview:large","max-video-preview":"max-video-preview:-1"},"canonical":"https:\/\/edurec.ge.ch\/site\/cfpt-enseignement-general\/vie-de-lecole\/","og_locale":"fr_FR","og_type":"article","og_title":"Vie de l'\u00e9cole - CFPT Enseignement g\u00e9n\u00e9ral","og_description":"Vous trouverez ici les diff\u00e9rents \u00e9l\u00e9ments li\u00e9s \u00e0 la vie de l\u2019\u00e9cole et \u00e0 l&rsquo;actualit\u00e9 comme : Projets divers Sorties Voyages humanitaires : Vietnam 2011 Vietnam 2012 Vietnam 2013 Madagascar 2015 Vietnam 2017 : http:\/\/www.cfpt-vietnam.com\/ Journ\u00e9e de la m\u00e9moire Commission culture : th\u00e9\u00e2tre, mus\u00e9e, cin\u00e9ma Commission Egalit\u00e9:\u00a0http:\/\/edurec.ge.ch\/sefpo\/domaines-transversaux\/egalite Bourse aux livres","og_url":"https:\/\/edurec.ge.ch\/site\/cfpt-enseignement-general\/vie-de-lecole\/","og_site_name":"CFPT Enseignement g\u00e9n\u00e9ral","article_modified_time":"2021-02-25T10:23:32+00:00","og_image":[{"width":2505,"height":2505,"url":"https:\/\/edurec.ge.ch\/site\/cfpt-enseignement-general\/wp-content\/uploads\/sites\/118\/2021\/02\/logo_cfpt_2.jpg","type":"image\/jpeg"}],"twitter_card":"summary_large_image","schema":{"@context":"https:\/\/schema.org","@graph":[{"@type":"WebPage","@id":"https:\/\/edurec.ge.ch\/site\/cfpt-enseignement-general\/vie-de-lecole\/","url":"https:\/\/edurec.ge.ch\/site\/cfpt-enseignement-general\/vie-de-lecole\/","name":"Vie de l'\u00e9cole - CFPT Enseignement g\u00e9n\u00e9ral","isPartOf":{"@id":"https:\/\/edurec.ge.ch\/site\/cfpt-enseignement-general\/#website"},"primaryImageOfPage":{"@id":"https:\/\/edurec.ge.ch\/site\/cfpt-enseignement-general\/vie-de-lecole\/#primaryimage"},"image":{"@id":"https:\/\/edurec.ge.ch\/site\/cfpt-enseignement-general\/vie-de-lecole\/#primaryimage"},"thumbnailUrl":"https:\/\/edurec.ge.ch\/site\/cfpt-enseignement-general\/wp-content\/uploads\/sites\/118\/2021\/02\/logo_cfpt_2.jpg","datePublished":"2016-02-11T06:40:41+00:00","dateModified":"2021-02-25T10:23:32+00:00","breadcrumb":{"@id":"https:\/\/edurec.ge.ch\/site\/cfpt-enseignement-general\/vie-de-lecole\/#breadcrumb"},"inLanguage":"fr-FR","potentialAction":[{"@type":"ReadAction","target":["https:\/\/edurec.ge.ch\/site\/cfpt-enseignement-general\/vie-de-lecole\/"]}]},{"@type":"ImageObject","inLanguage":"fr-FR","@id":"https:\/\/edurec.ge.ch\/site\/cfpt-enseignement-general\/vie-de-lecole\/#primaryimage","url":"https:\/\/edurec.ge.ch\/site\/cfpt-enseignement-general\/wp-content\/uploads\/sites\/118\/2021\/02\/logo_cfpt_2.jpg","contentUrl":"https:\/\/edurec.ge.ch\/site\/cfpt-enseignement-general\/wp-content\/uploads\/sites\/118\/2021\/02\/logo_cfpt_2.jpg","width":2505,"height":2505},{"@type":"BreadcrumbList","@id":"https:\/\/edurec.ge.ch\/site\/cfpt-enseignement-general\/vie-de-lecole\/#breadcrumb","itemListElement":[{"@type":"ListItem","position":1,"name":"Accueil","item":"https:\/\/edurec.ge.ch\/site\/cfpt-enseignement-general\/"},{"@type":"ListItem","position":2,"name":"Vie de l&rsquo;\u00e9cole"}]},{"@type":"WebSite","@id":"https:\/\/edurec.ge.ch\/site\/cfpt-enseignement-general\/#website","url":"https:\/\/edurec.ge.ch\/site\/cfpt-enseignement-general\/","name":"CFPT Enseignement g\u00e9n\u00e9ral","description":"CFPT Enseignement g\u00e9n\u00e9ral","potentialAction":[{"@type":"SearchAction","target":{"@type":"EntryPoint","urlTemplate":"https:\/\/edurec.ge.ch\/site\/cfpt-enseignement-general\/?s={search_term_string}"},"query-input":{"@type":"PropertyValueSpecification","valueRequired":true,"valueName":"search_term_string"}}],"inLanguage":"fr-FR"}]}},"_links":{"self":[{"href":"https:\/\/edurec.ge.ch\/site\/cfpt-enseignement-general\/wp-json\/wp\/v2\/pages\/13","targetHints":{"allow":["GET"]}}],"collection":[{"href":"https:\/\/edurec.ge.ch\/site\/cfpt-enseignement-general\/wp-json\/wp\/v2\/pages"}],"about":[{"href":"https:\/\/edurec.ge.ch\/site\/cfpt-enseignement-general\/wp-json\/wp\/v2\/types\/page"}],"author":[{"embeddable":true,"href":"https:\/\/edurec.ge.ch\/site\/cfpt-enseignement-general\/wp-json\/wp\/v2\/users\/1063"}],"replies":[{"embeddable":true,"href":"https:\/\/edurec.ge.ch\/site\/cfpt-enseignement-general\/wp-json\/wp\/v2\/comments?post=13"}],"version-history":[{"count":13,"href":"https:\/\/edurec.ge.ch\/site\/cfpt-enseignement-general\/wp-json\/wp\/v2\/pages\/13\/revisions"}],"predecessor-version":[{"id":1602,"href":"https:\/\/edurec.ge.ch\/site\/cfpt-enseignement-general\/wp-json\/wp\/v2\/pages\/13\/revisions\/1602"}],"wp:featuredmedia":[{"embeddable":true,"href":"https:\/\/edurec.ge.ch\/site\/cfpt-enseignement-general\/wp-json\/wp\/v2\/media\/2701"}],"wp:attachment":[{"href":"https:\/\/edurec.ge.ch\/site\/cfpt-enseignement-general\/wp-json\/wp\/v2\/media?parent=13"}],"curies":[{"name":"wp","href":"https:\/\/api.w.org\/{rel}","templated":true}]}}