{"id":11,"date":"2016-02-11T07:40:29","date_gmt":"2016-02-11T06:40:29","guid":{"rendered":"https:\/\/edurec.ge.ch\/site\/cfpt-enseignement-general\/?page_id=11"},"modified":"2023-06-19T05:50:32","modified_gmt":"2023-06-19T04:50:32","slug":"pedagogie","status":"publish","type":"page","link":"https:\/\/edurec.ge.ch\/site\/cfpt-enseignement-general\/pedagogie\/","title":{"rendered":"P\u00e9dagogie"},"content":{"rendered":"<div id=\"pl-11\"  class=\"panel-layout\" ><div id=\"pg-11-0\"  class=\"panel-grid panel-no-style\" ><div id=\"pgc-11-0-0\"  class=\"panel-grid-cell\" ><div id=\"panel-11-0-0-0\" class=\"so-panel widget widget_sow-editor panel-first-child panel-last-child\" data-index=\"0\" ><div\n\t\t\t\n\t\t\tclass=\"so-widget-sow-editor so-widget-sow-editor-base\"\n\t\t\t\n\t\t>\n<div class=\"siteorigin-widget-tinymce textwidget\">\n\t<p>Vous trouverez ici les diff\u00e9rents \u00e9l\u00e9ments de l\u2019ensemble des branches de l\u2019Enseignement G\u00e9n\u00e9ral concernant les documents utiles \u00e0 l\u2019enseignement.<\/p>\n<\/div>\n<\/div><\/div><\/div><\/div><div id=\"pg-11-1\"  class=\"panel-grid panel-no-style\" ><div id=\"pgc-11-1-0\"  class=\"panel-grid-cell\" ><div id=\"panel-11-1-0-0\" class=\"so-panel widget widget_nav_menu panel-first-child panel-last-child\" data-index=\"1\" ><h3 class=\"widget-title\">Groupes p\u00e9dagogiques<\/h3><div class=\"menu-pedagogique-container\"><ul id=\"menu-pedagogique\" class=\"menu\"><li id=\"menu-item-73\" class=\"menu-item menu-item-type-taxonomy menu-item-object-category menu-item-73\"><a href=\"https:\/\/edurec.ge.ch\/site\/cfpt-enseignement-general\/category\/pedagogie\/allemand\/\">Allemand<\/a><\/li>\n<li id=\"menu-item-74\" class=\"menu-item menu-item-type-taxonomy menu-item-object-category menu-item-74\"><a href=\"https:\/\/edurec.ge.ch\/site\/cfpt-enseignement-general\/category\/pedagogie\/anglais\/\">Anglais<\/a><\/li>\n<li id=\"menu-item-78\" class=\"menu-item menu-item-type-taxonomy menu-item-object-category menu-item-78\"><a href=\"https:\/\/edurec.ge.ch\/site\/cfpt-enseignement-general\/category\/pedagogie\/culture-generale\/\">Culture G\u00e9n\u00e9rale<\/a><\/li>\n<li id=\"menu-item-85\" class=\"menu-item menu-item-type-taxonomy menu-item-object-category menu-item-85\"><a href=\"https:\/\/edurec.ge.ch\/site\/cfpt-enseignement-general\/category\/pedagogie\/mathematiques\/\">Math\u00e9matiques<\/a><\/li>\n<\/ul><\/div><\/div><\/div><div id=\"pgc-11-1-1\"  class=\"panel-grid-cell\" >\n\t\t<div id=\"panel-11-1-1-0\" class=\"so-panel widget widget_recent-posts widget_recent_entries panel-first-child panel-last-child\" data-index=\"2\" >\n\t\t<h3 class=\"widget-title\">Articles r\u00e9cents<\/h3>\n\t\t<ul>\n\t\t\t\t\t\t\t\t\t\t\t<li>\n\t\t\t\t\t<a href=\"https:\/\/edurec.ge.ch\/site\/cfpt-enseignement-general\/lecture-suivie-de-petite-2018-de-sarah-gysler\/\">Lecture suivie de Petite (2018) de Sarah Gysler<\/a>\n\t\t\t\t\t\t\t\t\t\t\t<span class=\"post-date\">11 juin 2025<\/span>\n\t\t\t\t\t\t\t\t\t<\/li>\n\t\t\t\t\t\t\t\t\t\t\t<li>\n\t\t\t\t\t<a href=\"https:\/\/edurec.ge.ch\/site\/cfpt-enseignement-general\/introduction-au-bilan-de-gaz-a-effet-de-serre\/\">Introduction au bilan de gaz \u00e0 effet de serre<\/a>\n\t\t\t\t\t\t\t\t\t\t\t<span class=\"post-date\">26 janvier 2024<\/span>\n\t\t\t\t\t\t\t\t\t<\/li>\n\t\t\t\t\t\t\t\t\t\t\t<li>\n\t\t\t\t\t<a href=\"https:\/\/edurec.ge.ch\/site\/cfpt-enseignement-general\/competences-de-mathematiques-a-maitriser-debut-cours-mp\/\">Comp\u00e9tences de math\u00e9matiques \u00e0 ma\u00eetriser avant le d\u00e9but des cours MP<\/a>\n\t\t\t\t\t\t\t\t\t\t\t<span class=\"post-date\">26 juin 2020<\/span>\n\t\t\t\t\t\t\t\t\t<\/li>\n\t\t\t\t\t\t\t\t\t\t\t<li>\n\t\t\t\t\t<a href=\"https:\/\/edurec.ge.ch\/site\/cfpt-enseignement-general\/competences-dallemand-a-maitriser-debut-cours-mp\/\">Comp\u00e9tences d&rsquo;allemand \u00e0 ma\u00eetriser avant le d\u00e9but des cours MP<\/a>\n\t\t\t\t\t\t\t\t\t\t\t<span class=\"post-date\">11 mai 2020<\/span>\n\t\t\t\t\t\t\t\t\t<\/li>\n\t\t\t\t\t\t\t\t\t\t\t<li>\n\t\t\t\t\t<a href=\"https:\/\/edurec.ge.ch\/site\/cfpt-enseignement-general\/recherche-dune-source-fiable\/\">Recherche d&rsquo;une source fiable<\/a>\n\t\t\t\t\t\t\t\t\t\t\t<span class=\"post-date\">8 mai 2020<\/span>\n\t\t\t\t\t\t\t\t\t<\/li>\n\t\t\t\t\t<\/ul>\n\n\t\t<\/div><\/div><\/div><\/div>","protected":false},"excerpt":{"rendered":"<p>Vous trouverez ici les diff\u00e9rents \u00e9l\u00e9ments de l\u2019ensemble des branches de l\u2019Enseignement G\u00e9n\u00e9ral concernant les documents utiles \u00e0 l\u2019enseignement.<\/p>\n","protected":false},"author":1063,"featured_media":1291,"parent":0,"menu_order":0,"comment_status":"closed","ping_status":"closed","template":"","meta":{"footnotes":""},"class_list":["post-11","page","type-page","status-publish","has-post-thumbnail","czr-hentry"],"yoast_head":"<!-- This site is optimized with the Yoast SEO plugin v26.4 - https:\/\/yoast.com\/wordpress\/plugins\/seo\/ -->\n<title>P\u00e9dagogie - CFPT Enseignement g\u00e9n\u00e9ral<\/title>\n<meta name=\"robots\" content=\"index, follow, max-snippet:-1, max-image-preview:large, max-video-preview:-1\" \/>\n<link rel=\"canonical\" href=\"https:\/\/edurec.ge.ch\/site\/cfpt-enseignement-general\/pedagogie\/\" \/>\n<meta property=\"og:locale\" content=\"fr_FR\" \/>\n<meta property=\"og:type\" content=\"article\" \/>\n<meta property=\"og:title\" content=\"P\u00e9dagogie - CFPT Enseignement g\u00e9n\u00e9ral\" \/>\n<meta property=\"og:description\" content=\"Vous trouverez ici les diff\u00e9rents \u00e9l\u00e9ments de l\u2019ensemble des branches de l\u2019Enseignement G\u00e9n\u00e9ral concernant les documents utiles \u00e0 l\u2019enseignement.\" \/>\n<meta property=\"og:url\" content=\"https:\/\/edurec.ge.ch\/site\/cfpt-enseignement-general\/pedagogie\/\" \/>\n<meta property=\"og:site_name\" content=\"CFPT Enseignement g\u00e9n\u00e9ral\" \/>\n<meta property=\"article:modified_time\" content=\"2023-06-19T04:50:32+00:00\" \/>\n<meta property=\"og:image\" content=\"https:\/\/edurec.ge.ch\/site\/cfpt-enseignement-general\/wp-content\/uploads\/sites\/118\/2016\/02\/Capture-d\u2019e\u0301cran-2016-10-10-a\u0300-17.33.22.png\" \/>\n\t<meta property=\"og:image:width\" content=\"362\" \/>\n\t<meta property=\"og:image:height\" content=\"271\" \/>\n\t<meta property=\"og:image:type\" content=\"image\/png\" \/>\n<meta name=\"twitter:card\" content=\"summary_large_image\" \/>\n<script type=\"application\/ld+json\" class=\"yoast-schema-graph\">{\"@context\":\"https:\/\/schema.org\",\"@graph\":[{\"@type\":\"WebPage\",\"@id\":\"https:\/\/edurec.ge.ch\/site\/cfpt-enseignement-general\/pedagogie\/\",\"url\":\"https:\/\/edurec.ge.ch\/site\/cfpt-enseignement-general\/pedagogie\/\",\"name\":\"P\u00e9dagogie - CFPT Enseignement g\u00e9n\u00e9ral\",\"isPartOf\":{\"@id\":\"https:\/\/edurec.ge.ch\/site\/cfpt-enseignement-general\/#website\"},\"primaryImageOfPage\":{\"@id\":\"https:\/\/edurec.ge.ch\/site\/cfpt-enseignement-general\/pedagogie\/#primaryimage\"},\"image\":{\"@id\":\"https:\/\/edurec.ge.ch\/site\/cfpt-enseignement-general\/pedagogie\/#primaryimage\"},\"thumbnailUrl\":\"https:\/\/edurec.ge.ch\/site\/cfpt-enseignement-general\/wp-content\/uploads\/sites\/118\/2016\/02\/Capture-d\u2019e\u0301cran-2016-10-10-a\u0300-17.33.22.png\",\"datePublished\":\"2016-02-11T06:40:29+00:00\",\"dateModified\":\"2023-06-19T04:50:32+00:00\",\"breadcrumb\":{\"@id\":\"https:\/\/edurec.ge.ch\/site\/cfpt-enseignement-general\/pedagogie\/#breadcrumb\"},\"inLanguage\":\"fr-FR\",\"potentialAction\":[{\"@type\":\"ReadAction\",\"target\":[\"https:\/\/edurec.ge.ch\/site\/cfpt-enseignement-general\/pedagogie\/\"]}]},{\"@type\":\"ImageObject\",\"inLanguage\":\"fr-FR\",\"@id\":\"https:\/\/edurec.ge.ch\/site\/cfpt-enseignement-general\/pedagogie\/#primaryimage\",\"url\":\"https:\/\/edurec.ge.ch\/site\/cfpt-enseignement-general\/wp-content\/uploads\/sites\/118\/2016\/02\/Capture-d\u2019e\u0301cran-2016-10-10-a\u0300-17.33.22.png\",\"contentUrl\":\"https:\/\/edurec.ge.ch\/site\/cfpt-enseignement-general\/wp-content\/uploads\/sites\/118\/2016\/02\/Capture-d\u2019e\u0301cran-2016-10-10-a\u0300-17.33.22.png\",\"width\":362,\"height\":271},{\"@type\":\"BreadcrumbList\",\"@id\":\"https:\/\/edurec.ge.ch\/site\/cfpt-enseignement-general\/pedagogie\/#breadcrumb\",\"itemListElement\":[{\"@type\":\"ListItem\",\"position\":1,\"name\":\"Accueil\",\"item\":\"https:\/\/edurec.ge.ch\/site\/cfpt-enseignement-general\/\"},{\"@type\":\"ListItem\",\"position\":2,\"name\":\"P\u00e9dagogie\"}]},{\"@type\":\"WebSite\",\"@id\":\"https:\/\/edurec.ge.ch\/site\/cfpt-enseignement-general\/#website\",\"url\":\"https:\/\/edurec.ge.ch\/site\/cfpt-enseignement-general\/\",\"name\":\"CFPT Enseignement g\u00e9n\u00e9ral\",\"description\":\"CFPT Enseignement g\u00e9n\u00e9ral\",\"potentialAction\":[{\"@type\":\"SearchAction\",\"target\":{\"@type\":\"EntryPoint\",\"urlTemplate\":\"https:\/\/edurec.ge.ch\/site\/cfpt-enseignement-general\/?s={search_term_string}\"},\"query-input\":{\"@type\":\"PropertyValueSpecification\",\"valueRequired\":true,\"valueName\":\"search_term_string\"}}],\"inLanguage\":\"fr-FR\"}]}<\/script>\n<!-- \/ Yoast SEO plugin. -->","yoast_head_json":{"title":"P\u00e9dagogie - CFPT Enseignement g\u00e9n\u00e9ral","robots":{"index":"index","follow":"follow","max-snippet":"max-snippet:-1","max-image-preview":"max-image-preview:large","max-video-preview":"max-video-preview:-1"},"canonical":"https:\/\/edurec.ge.ch\/site\/cfpt-enseignement-general\/pedagogie\/","og_locale":"fr_FR","og_type":"article","og_title":"P\u00e9dagogie - CFPT Enseignement g\u00e9n\u00e9ral","og_description":"Vous trouverez ici les diff\u00e9rents \u00e9l\u00e9ments de l\u2019ensemble des branches de l\u2019Enseignement G\u00e9n\u00e9ral concernant les documents utiles \u00e0 l\u2019enseignement.","og_url":"https:\/\/edurec.ge.ch\/site\/cfpt-enseignement-general\/pedagogie\/","og_site_name":"CFPT Enseignement g\u00e9n\u00e9ral","article_modified_time":"2023-06-19T04:50:32+00:00","og_image":[{"width":362,"height":271,"url":"https:\/\/edurec.ge.ch\/site\/cfpt-enseignement-general\/wp-content\/uploads\/sites\/118\/2016\/02\/Capture-d\u2019e\u0301cran-2016-10-10-a\u0300-17.33.22.png","type":"image\/png"}],"twitter_card":"summary_large_image","schema":{"@context":"https:\/\/schema.org","@graph":[{"@type":"WebPage","@id":"https:\/\/edurec.ge.ch\/site\/cfpt-enseignement-general\/pedagogie\/","url":"https:\/\/edurec.ge.ch\/site\/cfpt-enseignement-general\/pedagogie\/","name":"P\u00e9dagogie - CFPT Enseignement g\u00e9n\u00e9ral","isPartOf":{"@id":"https:\/\/edurec.ge.ch\/site\/cfpt-enseignement-general\/#website"},"primaryImageOfPage":{"@id":"https:\/\/edurec.ge.ch\/site\/cfpt-enseignement-general\/pedagogie\/#primaryimage"},"image":{"@id":"https:\/\/edurec.ge.ch\/site\/cfpt-enseignement-general\/pedagogie\/#primaryimage"},"thumbnailUrl":"https:\/\/edurec.ge.ch\/site\/cfpt-enseignement-general\/wp-content\/uploads\/sites\/118\/2016\/02\/Capture-d\u2019e\u0301cran-2016-10-10-a\u0300-17.33.22.png","datePublished":"2016-02-11T06:40:29+00:00","dateModified":"2023-06-19T04:50:32+00:00","breadcrumb":{"@id":"https:\/\/edurec.ge.ch\/site\/cfpt-enseignement-general\/pedagogie\/#breadcrumb"},"inLanguage":"fr-FR","potentialAction":[{"@type":"ReadAction","target":["https:\/\/edurec.ge.ch\/site\/cfpt-enseignement-general\/pedagogie\/"]}]},{"@type":"ImageObject","inLanguage":"fr-FR","@id":"https:\/\/edurec.ge.ch\/site\/cfpt-enseignement-general\/pedagogie\/#primaryimage","url":"https:\/\/edurec.ge.ch\/site\/cfpt-enseignement-general\/wp-content\/uploads\/sites\/118\/2016\/02\/Capture-d\u2019e\u0301cran-2016-10-10-a\u0300-17.33.22.png","contentUrl":"https:\/\/edurec.ge.ch\/site\/cfpt-enseignement-general\/wp-content\/uploads\/sites\/118\/2016\/02\/Capture-d\u2019e\u0301cran-2016-10-10-a\u0300-17.33.22.png","width":362,"height":271},{"@type":"BreadcrumbList","@id":"https:\/\/edurec.ge.ch\/site\/cfpt-enseignement-general\/pedagogie\/#breadcrumb","itemListElement":[{"@type":"ListItem","position":1,"name":"Accueil","item":"https:\/\/edurec.ge.ch\/site\/cfpt-enseignement-general\/"},{"@type":"ListItem","position":2,"name":"P\u00e9dagogie"}]},{"@type":"WebSite","@id":"https:\/\/edurec.ge.ch\/site\/cfpt-enseignement-general\/#website","url":"https:\/\/edurec.ge.ch\/site\/cfpt-enseignement-general\/","name":"CFPT Enseignement g\u00e9n\u00e9ral","description":"CFPT Enseignement g\u00e9n\u00e9ral","potentialAction":[{"@type":"SearchAction","target":{"@type":"EntryPoint","urlTemplate":"https:\/\/edurec.ge.ch\/site\/cfpt-enseignement-general\/?s={search_term_string}"},"query-input":{"@type":"PropertyValueSpecification","valueRequired":true,"valueName":"search_term_string"}}],"inLanguage":"fr-FR"}]}},"_links":{"self":[{"href":"https:\/\/edurec.ge.ch\/site\/cfpt-enseignement-general\/wp-json\/wp\/v2\/pages\/11","targetHints":{"allow":["GET"]}}],"collection":[{"href":"https:\/\/edurec.ge.ch\/site\/cfpt-enseignement-general\/wp-json\/wp\/v2\/pages"}],"about":[{"href":"https:\/\/edurec.ge.ch\/site\/cfpt-enseignement-general\/wp-json\/wp\/v2\/types\/page"}],"author":[{"embeddable":true,"href":"https:\/\/edurec.ge.ch\/site\/cfpt-enseignement-general\/wp-json\/wp\/v2\/users\/1063"}],"replies":[{"embeddable":true,"href":"https:\/\/edurec.ge.ch\/site\/cfpt-enseignement-general\/wp-json\/wp\/v2\/comments?post=11"}],"version-history":[{"count":16,"href":"https:\/\/edurec.ge.ch\/site\/cfpt-enseignement-general\/wp-json\/wp\/v2\/pages\/11\/revisions"}],"predecessor-version":[{"id":3062,"href":"https:\/\/edurec.ge.ch\/site\/cfpt-enseignement-general\/wp-json\/wp\/v2\/pages\/11\/revisions\/3062"}],"wp:featuredmedia":[{"embeddable":true,"href":"https:\/\/edurec.ge.ch\/site\/cfpt-enseignement-general\/wp-json\/wp\/v2\/media\/1291"}],"wp:attachment":[{"href":"https:\/\/edurec.ge.ch\/site\/cfpt-enseignement-general\/wp-json\/wp\/v2\/media?parent=11"}],"curies":[{"name":"wp","href":"https:\/\/api.w.org\/{rel}","templated":true}]}}