{"id":4780,"date":"2025-04-15T11:38:45","date_gmt":"2025-04-15T10:38:45","guid":{"rendered":"https:\/\/edurec.ge.ch\/site\/cfpt-electronique\/?page_id=4780"},"modified":"2025-04-15T10:42:21","modified_gmt":"2025-04-15T09:42:21","slug":"village-des-metiers-cycles","status":"publish","type":"page","link":"https:\/\/edurec.ge.ch\/site\/cfpt-electronique\/village-des-metiers-cycles\/","title":{"rendered":"Villages des m\u00e9tiers Cycles"},"content":{"rendered":"<h1>2024 &#8211; 2025<\/h1>\n<h2><span style=\"color: #339966\"><strong>CO de la Golette 13 mai<\/strong><\/span><\/h2>\n<p><a href=\"https:\/\/edurec.ge.ch\/site\/cfpt-electronique\/village-des-metiers-co-marais-11-mai-2-2-3\/\"><img loading=\"lazy\" decoding=\"async\" class=\"wp-image-4399 alignnone\" src=\"https:\/\/edurec.ge.ch\/site\/cfpt-electronique\/wp-content\/uploads\/sites\/113\/2023\/05\/Golette-300x196.png\" alt=\"\" width=\"245\" height=\"160\" srcset=\"https:\/\/edurec.ge.ch\/site\/cfpt-electronique\/wp-content\/uploads\/sites\/113\/2023\/05\/Golette-300x196.png 300w, https:\/\/edurec.ge.ch\/site\/cfpt-electronique\/wp-content\/uploads\/sites\/113\/2023\/05\/Golette.png 423w\" sizes=\"auto, (max-width: 245px) 100vw, 245px\" \/><\/a><\/p>\n<h2><a href=\"https:\/\/edurec.ge.ch\/site\/cfpt-electronique\/village-des-metiers-mardi-16-avril-co-du-renard\/\"><span style=\"color: #339966\"><strong>CO du Renard 16 avril<\/strong><\/span><\/a><\/h2>\n<h2><a href=\"https:\/\/edurec.ge.ch\/site\/cfpt-electronique\/wp-content\/uploads\/sites\/113\/2025\/04\/CO-Renard-site3.jpg\" data-rel=\"lightbox-image-0\" data-rl_title=\"\" data-rl_caption=\"\" title=\"\"><img loading=\"lazy\" decoding=\"async\" class=\"alignnone wp-image-5000\" src=\"https:\/\/edurec.ge.ch\/site\/cfpt-electronique\/wp-content\/uploads\/sites\/113\/2025\/04\/CO-Renard-site3-300x175.jpg\" alt=\"\" width=\"247\" height=\"144\" srcset=\"https:\/\/edurec.ge.ch\/site\/cfpt-electronique\/wp-content\/uploads\/sites\/113\/2025\/04\/CO-Renard-site3-300x175.jpg 300w, https:\/\/edurec.ge.ch\/site\/cfpt-electronique\/wp-content\/uploads\/sites\/113\/2025\/04\/CO-Renard-site3-1024x597.jpg 1024w, https:\/\/edurec.ge.ch\/site\/cfpt-electronique\/wp-content\/uploads\/sites\/113\/2025\/04\/CO-Renard-site3-768x448.jpg 768w, https:\/\/edurec.ge.ch\/site\/cfpt-electronique\/wp-content\/uploads\/sites\/113\/2025\/04\/CO-Renard-site3.jpg 1280w\" sizes=\"auto, (max-width: 247px) 100vw, 247px\" \/><\/a><\/h2>\n<h2><a href=\"https:\/\/edurec.ge.ch\/site\/cfpt-electronique\/village-des-metiers-co-marais-11-mai-2-2-3-2\/\"><strong><span style=\"color: #339966\">CO des Colombi\u00e8res 1 avril<\/span><\/strong><\/a><\/h2>\n<p><a href=\"https:\/\/edurec.ge.ch\/site\/cfpt-electronique\/wp-content\/uploads\/sites\/113\/2025\/03\/Colombieres_CL.jpg\" data-rel=\"lightbox-image-1\" data-rl_title=\"\" data-rl_caption=\"\" title=\"\"><img loading=\"lazy\" decoding=\"async\" class=\"alignnone wp-image-4981\" src=\"https:\/\/edurec.ge.ch\/site\/cfpt-electronique\/wp-content\/uploads\/sites\/113\/2025\/03\/Colombieres_CL-300x225.jpg\" alt=\"\" width=\"245\" height=\"184\" srcset=\"https:\/\/edurec.ge.ch\/site\/cfpt-electronique\/wp-content\/uploads\/sites\/113\/2025\/03\/Colombieres_CL-300x225.jpg 300w, https:\/\/edurec.ge.ch\/site\/cfpt-electronique\/wp-content\/uploads\/sites\/113\/2025\/03\/Colombieres_CL.jpg 325w\" sizes=\"auto, (max-width: 245px) 100vw, 245px\" \/><\/a><\/p>\n<h1><\/h1>\n<h1>2023 &#8211; 2024<\/h1>\n<h2><span style=\"color: #339966\"><strong>CO des Grandes-Communes<\/strong><\/span><\/h2>\n<p><a href=\"https:\/\/edurec.ge.ch\/site\/cfpt-electronique\/village-des-metiers-co-marais-11-mai-2\/\"><img loading=\"lazy\" decoding=\"async\" class=\"wp-image-4651 alignnone\" src=\"https:\/\/edurec.ge.ch\/site\/cfpt-electronique\/wp-content\/uploads\/sites\/113\/2023\/11\/CO-Grandes-Communes-2-1-300x183.jpg\" alt=\"\" width=\"257\" height=\"157\" srcset=\"https:\/\/edurec.ge.ch\/site\/cfpt-electronique\/wp-content\/uploads\/sites\/113\/2023\/11\/CO-Grandes-Communes-2-1-300x183.jpg 300w, https:\/\/edurec.ge.ch\/site\/cfpt-electronique\/wp-content\/uploads\/sites\/113\/2023\/11\/CO-Grandes-Communes-2-1.jpg 325w\" sizes=\"auto, (max-width: 257px) 100vw, 257px\" \/><\/a><\/p>\n<h2><span style=\"color: #339966\"><strong>C<\/strong><\/span><span style=\"color: #339966\"><strong>O de Drize\u00a0\u00a0\u00a0\u00a0 \u00a0\u00a0\u00a0\u00a0\u00a0\u00a0\u00a0\u00a0\u00a0\u00a0\u00a0\u00a0\u00a0\u00a0\u00a0\u00a0\u00a0\u00a0\u00a0\u00a0\u00a0\u00a0\u00a0\u00a0 <\/strong><\/span><\/h2>\n<h2><a href=\"https:\/\/edurec.ge.ch\/site\/cfpt-electronique\/village-des-metiers-co-marais-11-mai-2-2\/\"><img loading=\"lazy\" decoding=\"async\" class=\"alignnone wp-image-4761\" src=\"https:\/\/edurec.ge.ch\/site\/cfpt-electronique\/wp-content\/uploads\/sites\/113\/2024\/04\/CODrize-300x225.png\" alt=\"\" width=\"211\" height=\"159\" srcset=\"https:\/\/edurec.ge.ch\/site\/cfpt-electronique\/wp-content\/uploads\/sites\/113\/2024\/04\/CODrize-300x225.png 300w, https:\/\/edurec.ge.ch\/site\/cfpt-electronique\/wp-content\/uploads\/sites\/113\/2024\/04\/CODrize.png 325w\" sizes=\"auto, (max-width: 211px) 100vw, 211px\" \/><\/a><\/h2>\n<h2><span style=\"color: #339966\"><strong>CO du Marais\u00a0\u00a0\u00a0\u00a0\u00a0\u00a0\u00a0\u00a0\u00a0\u00a0\u00a0\u00a0\u00a0\u00a0\u00a0\u00a0\u00a0\u00a0\u00a0\u00a0\u00a0\u00a0\u00a0 <\/strong><\/span><\/h2>\n<h2><a href=\"https:\/\/edurec.ge.ch\/site\/cfpt-electronique\/village-des-metiers-co-marais-11-mai-2-2-2\/\"><img loading=\"lazy\" decoding=\"async\" class=\"wp-image-4428 alignnone\" src=\"https:\/\/edurec.ge.ch\/site\/cfpt-electronique\/wp-content\/uploads\/sites\/113\/2023\/05\/COMarais-300x170.png\" alt=\"\" width=\"275\" height=\"156\" srcset=\"https:\/\/edurec.ge.ch\/site\/cfpt-electronique\/wp-content\/uploads\/sites\/113\/2023\/05\/COMarais-300x170.png 300w, https:\/\/edurec.ge.ch\/site\/cfpt-electronique\/wp-content\/uploads\/sites\/113\/2023\/05\/COMarais-768x434.png 768w, https:\/\/edurec.ge.ch\/site\/cfpt-electronique\/wp-content\/uploads\/sites\/113\/2023\/05\/COMarais.png 803w\" sizes=\"auto, (max-width: 275px) 100vw, 275px\" \/><\/a><\/h2>\n<h2><span style=\"color: #339966\"><strong>CO de la Golette<\/strong><\/span><\/h2>\n<p><a href=\"https:\/\/edurec.ge.ch\/site\/cfpt-electronique\/village-des-metiers-co-marais-11-mai-2-2-3\/\"><img loading=\"lazy\" decoding=\"async\" class=\"wp-image-4399 alignnone\" src=\"https:\/\/edurec.ge.ch\/site\/cfpt-electronique\/wp-content\/uploads\/sites\/113\/2023\/05\/Golette-300x196.png\" alt=\"\" width=\"245\" height=\"160\" srcset=\"https:\/\/edurec.ge.ch\/site\/cfpt-electronique\/wp-content\/uploads\/sites\/113\/2023\/05\/Golette-300x196.png 300w, https:\/\/edurec.ge.ch\/site\/cfpt-electronique\/wp-content\/uploads\/sites\/113\/2023\/05\/Golette.png 423w\" sizes=\"auto, (max-width: 245px) 100vw, 245px\" \/><\/a><\/p>\n<p>&nbsp;<\/p>\n<p>&nbsp;<\/p>\n","protected":false},"excerpt":{"rendered":"<p>2024 &#8211; 2025 CO de la Golette 13 mai CO du Renard 16 avril CO des Colombi\u00e8res 1 avril 2023 &#8211; 2024 CO des Grandes-Communes CO de Drize\u00a0\u00a0\u00a0\u00a0 \u00a0\u00a0\u00a0\u00a0\u00a0\u00a0\u00a0\u00a0\u00a0\u00a0\u00a0\u00a0\u00a0\u00a0\u00a0\u00a0\u00a0\u00a0\u00a0\u00a0\u00a0\u00a0\u00a0\u00a0 CO du Marais\u00a0\u00a0\u00a0\u00a0\u00a0\u00a0\u00a0\u00a0\u00a0\u00a0\u00a0\u00a0\u00a0\u00a0\u00a0\u00a0\u00a0\u00a0\u00a0\u00a0\u00a0\u00a0\u00a0 CO de la Golette &nbsp; &nbsp;<\/p>\n","protected":false},"author":15691,"featured_media":4324,"parent":0,"menu_order":0,"comment_status":"closed","ping_status":"closed","template":"","meta":{"footnotes":""},"class_list":["post-4780","page","type-page","status-publish","has-post-thumbnail","czr-hentry"],"yoast_head":"<!-- This site is optimized with the Yoast SEO plugin v26.4 - https:\/\/yoast.com\/wordpress\/plugins\/seo\/ -->\n<title>Villages des m\u00e9tiers Cycles - CFPT \u00c9lectronique<\/title>\n<meta name=\"robots\" content=\"index, follow, max-snippet:-1, max-image-preview:large, max-video-preview:-1\" \/>\n<link rel=\"canonical\" href=\"https:\/\/edurec.ge.ch\/site\/cfpt-electronique\/village-des-metiers-cycles\/\" \/>\n<meta property=\"og:locale\" content=\"fr_FR\" \/>\n<meta property=\"og:type\" content=\"article\" \/>\n<meta property=\"og:title\" content=\"Villages des m\u00e9tiers Cycles - CFPT \u00c9lectronique\" \/>\n<meta property=\"og:description\" content=\"2024 &#8211; 2025 CO de la Golette 13 mai CO du Renard 16 avril CO des Colombi\u00e8res 1 avril 2023 &#8211; 2024 CO des Grandes-Communes CO de Drize\u00a0\u00a0\u00a0\u00a0 \u00a0\u00a0\u00a0\u00a0\u00a0\u00a0\u00a0\u00a0\u00a0\u00a0\u00a0\u00a0\u00a0\u00a0\u00a0\u00a0\u00a0\u00a0\u00a0\u00a0\u00a0\u00a0\u00a0\u00a0 CO du Marais\u00a0\u00a0\u00a0\u00a0\u00a0\u00a0\u00a0\u00a0\u00a0\u00a0\u00a0\u00a0\u00a0\u00a0\u00a0\u00a0\u00a0\u00a0\u00a0\u00a0\u00a0\u00a0\u00a0 CO de la Golette &nbsp; &nbsp;\" \/>\n<meta property=\"og:url\" content=\"https:\/\/edurec.ge.ch\/site\/cfpt-electronique\/village-des-metiers-cycles\/\" \/>\n<meta property=\"og:site_name\" content=\"CFPT \u00c9lectronique\" \/>\n<meta property=\"og:image\" content=\"https:\/\/edurec.ge.ch\/site\/cfpt-electronique\/wp-content\/uploads\/sites\/113\/2023\/01\/Vignette-video.png\" \/>\n\t<meta property=\"og:image:width\" content=\"640\" \/>\n\t<meta property=\"og:image:height\" content=\"379\" \/>\n\t<meta property=\"og:image:type\" content=\"image\/png\" \/>\n<meta name=\"twitter:card\" content=\"summary_large_image\" \/>\n<meta name=\"twitter:label1\" content=\"Dur\u00e9e de lecture estim\u00e9e\" \/>\n\t<meta name=\"twitter:data1\" content=\"2 minutes\" \/>\n<script type=\"application\/ld+json\" class=\"yoast-schema-graph\">{\"@context\":\"https:\/\/schema.org\",\"@graph\":[{\"@type\":\"WebPage\",\"@id\":\"https:\/\/edurec.ge.ch\/site\/cfpt-electronique\/village-des-metiers-cycles\/\",\"url\":\"https:\/\/edurec.ge.ch\/site\/cfpt-electronique\/village-des-metiers-cycles\/\",\"name\":\"Villages des m\u00e9tiers Cycles - CFPT \u00c9lectronique\",\"isPartOf\":{\"@id\":\"https:\/\/edurec.ge.ch\/site\/cfpt-electronique\/#website\"},\"primaryImageOfPage\":{\"@id\":\"https:\/\/edurec.ge.ch\/site\/cfpt-electronique\/village-des-metiers-cycles\/#primaryimage\"},\"image\":{\"@id\":\"https:\/\/edurec.ge.ch\/site\/cfpt-electronique\/village-des-metiers-cycles\/#primaryimage\"},\"thumbnailUrl\":\"https:\/\/edurec.ge.ch\/site\/cfpt-electronique\/wp-content\/uploads\/sites\/113\/2023\/01\/Vignette-video.png\",\"datePublished\":\"2025-04-15T10:38:45+00:00\",\"breadcrumb\":{\"@id\":\"https:\/\/edurec.ge.ch\/site\/cfpt-electronique\/village-des-metiers-cycles\/#breadcrumb\"},\"inLanguage\":\"fr-FR\",\"potentialAction\":[{\"@type\":\"ReadAction\",\"target\":[\"https:\/\/edurec.ge.ch\/site\/cfpt-electronique\/village-des-metiers-cycles\/\"]}]},{\"@type\":\"ImageObject\",\"inLanguage\":\"fr-FR\",\"@id\":\"https:\/\/edurec.ge.ch\/site\/cfpt-electronique\/village-des-metiers-cycles\/#primaryimage\",\"url\":\"https:\/\/edurec.ge.ch\/site\/cfpt-electronique\/wp-content\/uploads\/sites\/113\/2023\/01\/Vignette-video.png\",\"contentUrl\":\"https:\/\/edurec.ge.ch\/site\/cfpt-electronique\/wp-content\/uploads\/sites\/113\/2023\/01\/Vignette-video.png\",\"width\":640,\"height\":379},{\"@type\":\"BreadcrumbList\",\"@id\":\"https:\/\/edurec.ge.ch\/site\/cfpt-electronique\/village-des-metiers-cycles\/#breadcrumb\",\"itemListElement\":[{\"@type\":\"ListItem\",\"position\":1,\"name\":\"Accueil\",\"item\":\"https:\/\/edurec.ge.ch\/site\/cfpt-electronique\/\"},{\"@type\":\"ListItem\",\"position\":2,\"name\":\"Villages des m\u00e9tiers Cycles\"}]},{\"@type\":\"WebSite\",\"@id\":\"https:\/\/edurec.ge.ch\/site\/cfpt-electronique\/#website\",\"url\":\"https:\/\/edurec.ge.ch\/site\/cfpt-electronique\/\",\"name\":\"CFPT \u00c9lectronique\",\"description\":\"Les formations en \u00e9lectronique\",\"potentialAction\":[{\"@type\":\"SearchAction\",\"target\":{\"@type\":\"EntryPoint\",\"urlTemplate\":\"https:\/\/edurec.ge.ch\/site\/cfpt-electronique\/?s={search_term_string}\"},\"query-input\":{\"@type\":\"PropertyValueSpecification\",\"valueRequired\":true,\"valueName\":\"search_term_string\"}}],\"inLanguage\":\"fr-FR\"}]}<\/script>\n<!-- \/ Yoast SEO plugin. -->","yoast_head_json":{"title":"Villages des m\u00e9tiers Cycles - CFPT \u00c9lectronique","robots":{"index":"index","follow":"follow","max-snippet":"max-snippet:-1","max-image-preview":"max-image-preview:large","max-video-preview":"max-video-preview:-1"},"canonical":"https:\/\/edurec.ge.ch\/site\/cfpt-electronique\/village-des-metiers-cycles\/","og_locale":"fr_FR","og_type":"article","og_title":"Villages des m\u00e9tiers Cycles - CFPT \u00c9lectronique","og_description":"2024 &#8211; 2025 CO de la Golette 13 mai CO du Renard 16 avril CO des Colombi\u00e8res 1 avril 2023 &#8211; 2024 CO des Grandes-Communes CO de Drize\u00a0\u00a0\u00a0\u00a0 \u00a0\u00a0\u00a0\u00a0\u00a0\u00a0\u00a0\u00a0\u00a0\u00a0\u00a0\u00a0\u00a0\u00a0\u00a0\u00a0\u00a0\u00a0\u00a0\u00a0\u00a0\u00a0\u00a0\u00a0 CO du Marais\u00a0\u00a0\u00a0\u00a0\u00a0\u00a0\u00a0\u00a0\u00a0\u00a0\u00a0\u00a0\u00a0\u00a0\u00a0\u00a0\u00a0\u00a0\u00a0\u00a0\u00a0\u00a0\u00a0 CO de la Golette &nbsp; &nbsp;","og_url":"https:\/\/edurec.ge.ch\/site\/cfpt-electronique\/village-des-metiers-cycles\/","og_site_name":"CFPT \u00c9lectronique","og_image":[{"width":640,"height":379,"url":"https:\/\/edurec.ge.ch\/site\/cfpt-electronique\/wp-content\/uploads\/sites\/113\/2023\/01\/Vignette-video.png","type":"image\/png"}],"twitter_card":"summary_large_image","twitter_misc":{"Dur\u00e9e de lecture estim\u00e9e":"2 minutes"},"schema":{"@context":"https:\/\/schema.org","@graph":[{"@type":"WebPage","@id":"https:\/\/edurec.ge.ch\/site\/cfpt-electronique\/village-des-metiers-cycles\/","url":"https:\/\/edurec.ge.ch\/site\/cfpt-electronique\/village-des-metiers-cycles\/","name":"Villages des m\u00e9tiers Cycles - CFPT \u00c9lectronique","isPartOf":{"@id":"https:\/\/edurec.ge.ch\/site\/cfpt-electronique\/#website"},"primaryImageOfPage":{"@id":"https:\/\/edurec.ge.ch\/site\/cfpt-electronique\/village-des-metiers-cycles\/#primaryimage"},"image":{"@id":"https:\/\/edurec.ge.ch\/site\/cfpt-electronique\/village-des-metiers-cycles\/#primaryimage"},"thumbnailUrl":"https:\/\/edurec.ge.ch\/site\/cfpt-electronique\/wp-content\/uploads\/sites\/113\/2023\/01\/Vignette-video.png","datePublished":"2025-04-15T10:38:45+00:00","breadcrumb":{"@id":"https:\/\/edurec.ge.ch\/site\/cfpt-electronique\/village-des-metiers-cycles\/#breadcrumb"},"inLanguage":"fr-FR","potentialAction":[{"@type":"ReadAction","target":["https:\/\/edurec.ge.ch\/site\/cfpt-electronique\/village-des-metiers-cycles\/"]}]},{"@type":"ImageObject","inLanguage":"fr-FR","@id":"https:\/\/edurec.ge.ch\/site\/cfpt-electronique\/village-des-metiers-cycles\/#primaryimage","url":"https:\/\/edurec.ge.ch\/site\/cfpt-electronique\/wp-content\/uploads\/sites\/113\/2023\/01\/Vignette-video.png","contentUrl":"https:\/\/edurec.ge.ch\/site\/cfpt-electronique\/wp-content\/uploads\/sites\/113\/2023\/01\/Vignette-video.png","width":640,"height":379},{"@type":"BreadcrumbList","@id":"https:\/\/edurec.ge.ch\/site\/cfpt-electronique\/village-des-metiers-cycles\/#breadcrumb","itemListElement":[{"@type":"ListItem","position":1,"name":"Accueil","item":"https:\/\/edurec.ge.ch\/site\/cfpt-electronique\/"},{"@type":"ListItem","position":2,"name":"Villages des m\u00e9tiers Cycles"}]},{"@type":"WebSite","@id":"https:\/\/edurec.ge.ch\/site\/cfpt-electronique\/#website","url":"https:\/\/edurec.ge.ch\/site\/cfpt-electronique\/","name":"CFPT \u00c9lectronique","description":"Les formations en \u00e9lectronique","potentialAction":[{"@type":"SearchAction","target":{"@type":"EntryPoint","urlTemplate":"https:\/\/edurec.ge.ch\/site\/cfpt-electronique\/?s={search_term_string}"},"query-input":{"@type":"PropertyValueSpecification","valueRequired":true,"valueName":"search_term_string"}}],"inLanguage":"fr-FR"}]}},"_links":{"self":[{"href":"https:\/\/edurec.ge.ch\/site\/cfpt-electronique\/wp-json\/wp\/v2\/pages\/4780","targetHints":{"allow":["GET"]}}],"collection":[{"href":"https:\/\/edurec.ge.ch\/site\/cfpt-electronique\/wp-json\/wp\/v2\/pages"}],"about":[{"href":"https:\/\/edurec.ge.ch\/site\/cfpt-electronique\/wp-json\/wp\/v2\/types\/page"}],"author":[{"embeddable":true,"href":"https:\/\/edurec.ge.ch\/site\/cfpt-electronique\/wp-json\/wp\/v2\/users\/15691"}],"replies":[{"embeddable":true,"href":"https:\/\/edurec.ge.ch\/site\/cfpt-electronique\/wp-json\/wp\/v2\/comments?post=4780"}],"version-history":[{"count":14,"href":"https:\/\/edurec.ge.ch\/site\/cfpt-electronique\/wp-json\/wp\/v2\/pages\/4780\/revisions"}],"predecessor-version":[{"id":5008,"href":"https:\/\/edurec.ge.ch\/site\/cfpt-electronique\/wp-json\/wp\/v2\/pages\/4780\/revisions\/5008"}],"wp:featuredmedia":[{"embeddable":true,"href":"https:\/\/edurec.ge.ch\/site\/cfpt-electronique\/wp-json\/wp\/v2\/media\/4324"}],"wp:attachment":[{"href":"https:\/\/edurec.ge.ch\/site\/cfpt-electronique\/wp-json\/wp\/v2\/media?parent=4780"}],"curies":[{"name":"wp","href":"https:\/\/api.w.org\/{rel}","templated":true}]}}