{"id":39,"date":"2016-08-19T07:54:55","date_gmt":"2016-08-19T06:54:55","guid":{"rendered":"https:\/\/edurec.ge.ch\/site\/cfpt-electronique\/?page_id=39"},"modified":"2023-01-04T13:51:22","modified_gmt":"2023-01-04T12:51:22","slug":"electronicien-electronicienne-multimedia-maturite-professionnelle-4-ans","status":"publish","type":"page","link":"https:\/\/edurec.ge.ch\/site\/cfpt-electronique\/lecole-delectronique-3\/electronicien-electronicienne-multimedia-maturite-professionnelle-4-ans\/","title":{"rendered":"Electronicienne et \u00e9lectronicien en multim\u00e9dia CFC + maturit\u00e9 professionnelle (4 ans)"},"content":{"rendered":"<div id=\"parent-fieldname-description\" class=\"documentDescription\">\n<div id=\"tc-page-wrap\">\n<div id=\"main-wrapper\" class=\"container\">\n<div class=\"container\" role=\"main\">\n<div class=\"row column-content-wrapper\">\n<div id=\"content\" class=\"span9 article-container tc-gallery-style\">\n<article id=\"page-35\" class=\"row-fluid post-35 page type-page status-publish hentry hover\">\n<div class=\"entry-content\">\n<h2 id=\"viewlet-above-content-body\"><span style=\"color: #3366ff\"><a style=\"color: #3366ff\" href=\"http:\/\/hepia.hesge.ch\/\" target=\"_blank\" rel=\"noopener\"><b><i>-&gt; C\u2019est la voie id\u00e9ale pour celui ou celle\u00a0 qui veut devenir ing\u00e9nieur-e<\/i><\/b><\/a><\/span><\/h2>\n<\/div>\n<\/article>\n<\/div>\n<\/div>\n<\/div>\n<\/div>\n<\/div>\n<h3 id=\"viewlet-above-content-body\"><strong>Les points cl\u00e9s de la formation de base (1\u00e8re et 2\u00e8me ann\u00e9e)<\/strong><\/h3>\n<div>\n<ul>\n<li>La connaissance des appareils multim\u00e9dias<\/li>\n<li>La mise en service d&rsquo;installations audio et vid\u00e9o<\/li>\n<li>L&rsquo;installation et le c\u00e2blage d\u2019antennes<\/li>\n<li>Les techniques de mesures<\/li>\n<li>La configuration et la mise en r\u00e9seau de micro-ordinateurs<\/li>\n<li>Les bases du d\u00e9pannage.<\/li>\n<\/ul>\n<\/div>\n<div id=\"content-core\">\n<div id=\"parent-fieldname-text-910c0161-abc3-4660-916d-dda5b3e71985\" class=\"\">\n<p>&nbsp;<\/p>\n<h3><strong>Approfondissement des connaissances (3\u00e8me et 4\u00e8me ann\u00e9e)<\/strong><\/h3>\n<ul>\n<li>L&rsquo;installation d\u2019antennes<\/li>\n<li>Les techniques avanc\u00e9es de d\u00e9pannage<\/li>\n<li>L&rsquo;installation et la configuration de syst\u00e8me de s\u00e9curit\u00e9 et de vid\u00e9o surveillance<\/li>\n<li>L&rsquo;int\u00e9gration et l&rsquo;automatisation d&rsquo;\u00e9quipement domotique, informatique et multim\u00e9dia<\/li>\n<li>L&rsquo;installation et la mise en service \u00ab son et lumi\u00e8re \u00bb de salles de spectacles.<\/li>\n<li>\u2026..<\/li>\n<\/ul>\n<\/div>\n<\/div>\n<p><strong>Dans la vie professionnelle :<\/strong><\/p>\n<ul>\n<li><strong><em>Appareils multim\u00e9dias<\/em><\/strong>\n<ul>\n<li>Vente ; installations ; d\u00e9pannages<\/li>\n<\/ul>\n<\/li>\n<li><strong><em>Distributions de signaux :<\/em><\/strong>\n<ul>\n<li>Antennes ; t\u00e9l\u00e9r\u00e9seaux ; r\u00e9seaux informatique ; sonorisation de locaux et manifestations<\/li>\n<\/ul>\n<\/li>\n<li><strong><em>S\u00e9curit\u00e9 :<\/em><\/strong>\n<ul>\n<li>Installation d\u2019alarmes ; vid\u00e9o surveillance ; contr\u00f4les d\u2019acc\u00e8s<\/li>\n<\/ul>\n<\/li>\n<li><strong><em>Domotique :<\/em><\/strong>\n<ul>\n<li>Particuliers, entreprises ; salles de conf\u00e9rences<\/li>\n<\/ul>\n<\/li>\n<\/ul>\n<p><strong>Domaines :<\/strong><\/p>\n<ul>\n<li>Audio-vid\u00e9o,\u00a0S\u00e9curit\u00e9,\u00a0Antennes et t\u00e9l\u00e9r\u00e9seau<\/li>\n<li>Domotique,\u00a0Maintenance, Ev\u00e9nementiel<\/li>\n<li>M\u00e9dical,\u00a0Services<\/li>\n<\/ul>\n<\/div>\n<div id=\"content-core\">\n<div id=\"parent-fieldname-text-237b7f59-ac1a-4a89-8e7a-ec76dfefb4ca\" class=\"\">\n<p>Cette formation est certifi\u00e9e par un Certificat F\u00e9d\u00e9ral de Capacit\u00e9 d\u2019\u00e9lectronicien-ne en multim\u00e9dia (CFC) et de maturit\u00e9 professionnelle technique qui donne la possibilit\u00e9 de rentrer dans la vie professionnelle. Ou de poursuivre directement des \u00e9tudes dans une Haute Ecole pour devenir ing\u00e9nieur-e. ou de faire un brevet f\u00e9d\u00e9ral.<\/p>\n<p><span style=\"color: #3366ff\"><a style=\"color: #3366ff\" href=\"https:\/\/www.orientation.ch\/dyn\/show\/2886?lang=fr&amp;id=31180#\"><i><b>Compl\u00e9ments &#8211; Descriptions d\u00e9taill\u00e9es &#8211; Conditions d&rsquo;admission<\/b><\/i><\/a><\/span><\/p>\n<p><b>Documentation:<i><br \/>\n<\/i><\/b><\/p>\n<ul class=\"navTree navTreeLevel2\">\n<li class=\"navTreeItem visualNoMarker section-cursus-electronique-et-maturite\"><span style=\"color: #3366ff\"><a style=\"color: #3366ff\" href=\"https:\/\/www.mmts.ch\/fr\/electronicien-ne-en-multimedia-cfc\/\" target=\"_blank\" rel=\"noopener\"><span class=\"state-external contenttype-file\"><strong>-&gt; Association professionnelle <\/strong><\/span><\/a><strong><a style=\"color: #3366ff\" href=\"https:\/\/www.mmts.ch\/fr\/electronicien-ne-en-multimedia-cfc\/\" target=\"_blank\" rel=\"noopener\">MMTS \u2013 MultimediaTec Swiss<\/a><\/strong><\/span><span class=\"state-external contenttype-file\"><strong><br \/>\n<\/strong><\/span><\/li>\n<li><span class=\"state-external tile\"><strong><span style=\"color: #3366ff\"><a style=\"color: #3366ff\" href=\"https:\/\/edurec.ge.ch\/site\/cfpt-electronique\/wp-content\/uploads\/sites\/113\/2023\/01\/Flyer-EE2018-V-2023.pdf\" target=\"_blank\" rel=\"noopener\">-&gt; Plaquette \u00e9cole d&rsquo;\u00e9lectronique<\/a><\/span><\/strong><\/span><\/li>\n<li class=\"navTreeItem visualNoMarker section-plaquette-electronicien-ne-en-multimedia\"><strong><span style=\"color: #3366ff\">-&gt;<\/span><\/strong> <span style=\"color: #3366ff\"><strong><a style=\"color: #3366ff\" href=\"https:\/\/edurec.ge.ch\/site\/cfpt-electronique\/stages-en-electronique\/\" target=\"_blank\" rel=\"noopener\">S<span class=\"state-internal contenttype-file\">tage<\/span><\/a><\/strong><\/span><\/li>\n<\/ul>\n<\/div>\n<\/div>\n","protected":false},"excerpt":{"rendered":"<p>-&gt; C\u2019est la voie id\u00e9ale pour celui ou celle\u00a0 qui veut devenir ing\u00e9nieur-e Les points cl\u00e9s de la formation de base (1\u00e8re et 2\u00e8me ann\u00e9e) La connaissance des appareils multim\u00e9dias La mise en service d&rsquo;installations audio et vid\u00e9o L&rsquo;installation et le c\u00e2blage d\u2019antennes Les techniques de mesures La configuration et la mise en r\u00e9seau de [&hellip;]<\/p>\n","protected":false},"author":1345,"featured_media":0,"parent":889,"menu_order":8,"comment_status":"closed","ping_status":"closed","template":"","meta":{"footnotes":""},"class_list":["post-39","page","type-page","status-publish","czr-hentry"],"yoast_head":"<!-- This site is optimized with the Yoast SEO plugin v26.4 - https:\/\/yoast.com\/wordpress\/plugins\/seo\/ -->\n<title>Electronicienne et \u00e9lectronicien en multim\u00e9dia CFC + maturit\u00e9 professionnelle (4 ans) - CFPT \u00c9lectronique<\/title>\n<meta name=\"robots\" content=\"index, follow, max-snippet:-1, max-image-preview:large, max-video-preview:-1\" \/>\n<link rel=\"canonical\" href=\"https:\/\/edurec.ge.ch\/site\/cfpt-electronique\/lecole-delectronique-3\/electronicien-electronicienne-multimedia-maturite-professionnelle-4-ans\/\" \/>\n<meta property=\"og:locale\" content=\"fr_FR\" \/>\n<meta property=\"og:type\" content=\"article\" \/>\n<meta property=\"og:title\" content=\"Electronicienne et \u00e9lectronicien en multim\u00e9dia CFC + maturit\u00e9 professionnelle (4 ans) - CFPT \u00c9lectronique\" \/>\n<meta property=\"og:description\" content=\"-&gt; C\u2019est la voie id\u00e9ale pour celui ou celle\u00a0 qui veut devenir ing\u00e9nieur-e Les points cl\u00e9s de la formation de base (1\u00e8re et 2\u00e8me ann\u00e9e) La connaissance des appareils multim\u00e9dias La mise en service d&rsquo;installations audio et vid\u00e9o L&rsquo;installation et le c\u00e2blage d\u2019antennes Les techniques de mesures La configuration et la mise en r\u00e9seau de [&hellip;]\" \/>\n<meta property=\"og:url\" content=\"https:\/\/edurec.ge.ch\/site\/cfpt-electronique\/lecole-delectronique-3\/electronicien-electronicienne-multimedia-maturite-professionnelle-4-ans\/\" \/>\n<meta property=\"og:site_name\" content=\"CFPT \u00c9lectronique\" \/>\n<meta property=\"article:modified_time\" content=\"2023-01-04T12:51:22+00:00\" \/>\n<meta name=\"twitter:card\" content=\"summary_large_image\" \/>\n<meta name=\"twitter:label1\" content=\"Dur\u00e9e de lecture estim\u00e9e\" \/>\n\t<meta name=\"twitter:data1\" content=\"1 minute\" \/>\n<script type=\"application\/ld+json\" class=\"yoast-schema-graph\">{\"@context\":\"https:\/\/schema.org\",\"@graph\":[{\"@type\":\"WebPage\",\"@id\":\"https:\/\/edurec.ge.ch\/site\/cfpt-electronique\/lecole-delectronique-3\/electronicien-electronicienne-multimedia-maturite-professionnelle-4-ans\/\",\"url\":\"https:\/\/edurec.ge.ch\/site\/cfpt-electronique\/lecole-delectronique-3\/electronicien-electronicienne-multimedia-maturite-professionnelle-4-ans\/\",\"name\":\"Electronicienne et \u00e9lectronicien en multim\u00e9dia CFC + maturit\u00e9 professionnelle (4 ans) - CFPT \u00c9lectronique\",\"isPartOf\":{\"@id\":\"https:\/\/edurec.ge.ch\/site\/cfpt-electronique\/#website\"},\"datePublished\":\"2016-08-19T06:54:55+00:00\",\"dateModified\":\"2023-01-04T12:51:22+00:00\",\"breadcrumb\":{\"@id\":\"https:\/\/edurec.ge.ch\/site\/cfpt-electronique\/lecole-delectronique-3\/electronicien-electronicienne-multimedia-maturite-professionnelle-4-ans\/#breadcrumb\"},\"inLanguage\":\"fr-FR\",\"potentialAction\":[{\"@type\":\"ReadAction\",\"target\":[\"https:\/\/edurec.ge.ch\/site\/cfpt-electronique\/lecole-delectronique-3\/electronicien-electronicienne-multimedia-maturite-professionnelle-4-ans\/\"]}]},{\"@type\":\"BreadcrumbList\",\"@id\":\"https:\/\/edurec.ge.ch\/site\/cfpt-electronique\/lecole-delectronique-3\/electronicien-electronicienne-multimedia-maturite-professionnelle-4-ans\/#breadcrumb\",\"itemListElement\":[{\"@type\":\"ListItem\",\"position\":1,\"name\":\"Accueil\",\"item\":\"https:\/\/edurec.ge.ch\/site\/cfpt-electronique\/\"},{\"@type\":\"ListItem\",\"position\":2,\"name\":\"Nos stages de d\u00e9couverte &#8211; Offre de formation\",\"item\":\"https:\/\/edurec.ge.ch\/site\/cfpt-electronique\/lecole-delectronique-3\/\"},{\"@type\":\"ListItem\",\"position\":3,\"name\":\"Electronicienne et \u00e9lectronicien en multim\u00e9dia CFC + maturit\u00e9 professionnelle (4 ans)\"}]},{\"@type\":\"WebSite\",\"@id\":\"https:\/\/edurec.ge.ch\/site\/cfpt-electronique\/#website\",\"url\":\"https:\/\/edurec.ge.ch\/site\/cfpt-electronique\/\",\"name\":\"CFPT \u00c9lectronique\",\"description\":\"Les formations en \u00e9lectronique\",\"potentialAction\":[{\"@type\":\"SearchAction\",\"target\":{\"@type\":\"EntryPoint\",\"urlTemplate\":\"https:\/\/edurec.ge.ch\/site\/cfpt-electronique\/?s={search_term_string}\"},\"query-input\":{\"@type\":\"PropertyValueSpecification\",\"valueRequired\":true,\"valueName\":\"search_term_string\"}}],\"inLanguage\":\"fr-FR\"}]}<\/script>\n<!-- \/ Yoast SEO plugin. -->","yoast_head_json":{"title":"Electronicienne et \u00e9lectronicien en multim\u00e9dia CFC + maturit\u00e9 professionnelle (4 ans) - CFPT \u00c9lectronique","robots":{"index":"index","follow":"follow","max-snippet":"max-snippet:-1","max-image-preview":"max-image-preview:large","max-video-preview":"max-video-preview:-1"},"canonical":"https:\/\/edurec.ge.ch\/site\/cfpt-electronique\/lecole-delectronique-3\/electronicien-electronicienne-multimedia-maturite-professionnelle-4-ans\/","og_locale":"fr_FR","og_type":"article","og_title":"Electronicienne et \u00e9lectronicien en multim\u00e9dia CFC + maturit\u00e9 professionnelle (4 ans) - CFPT \u00c9lectronique","og_description":"-&gt; C\u2019est la voie id\u00e9ale pour celui ou celle\u00a0 qui veut devenir ing\u00e9nieur-e Les points cl\u00e9s de la formation de base (1\u00e8re et 2\u00e8me ann\u00e9e) La connaissance des appareils multim\u00e9dias La mise en service d&rsquo;installations audio et vid\u00e9o L&rsquo;installation et le c\u00e2blage d\u2019antennes Les techniques de mesures La configuration et la mise en r\u00e9seau de [&hellip;]","og_url":"https:\/\/edurec.ge.ch\/site\/cfpt-electronique\/lecole-delectronique-3\/electronicien-electronicienne-multimedia-maturite-professionnelle-4-ans\/","og_site_name":"CFPT \u00c9lectronique","article_modified_time":"2023-01-04T12:51:22+00:00","twitter_card":"summary_large_image","twitter_misc":{"Dur\u00e9e de lecture estim\u00e9e":"1 minute"},"schema":{"@context":"https:\/\/schema.org","@graph":[{"@type":"WebPage","@id":"https:\/\/edurec.ge.ch\/site\/cfpt-electronique\/lecole-delectronique-3\/electronicien-electronicienne-multimedia-maturite-professionnelle-4-ans\/","url":"https:\/\/edurec.ge.ch\/site\/cfpt-electronique\/lecole-delectronique-3\/electronicien-electronicienne-multimedia-maturite-professionnelle-4-ans\/","name":"Electronicienne et \u00e9lectronicien en multim\u00e9dia CFC + maturit\u00e9 professionnelle (4 ans) - CFPT \u00c9lectronique","isPartOf":{"@id":"https:\/\/edurec.ge.ch\/site\/cfpt-electronique\/#website"},"datePublished":"2016-08-19T06:54:55+00:00","dateModified":"2023-01-04T12:51:22+00:00","breadcrumb":{"@id":"https:\/\/edurec.ge.ch\/site\/cfpt-electronique\/lecole-delectronique-3\/electronicien-electronicienne-multimedia-maturite-professionnelle-4-ans\/#breadcrumb"},"inLanguage":"fr-FR","potentialAction":[{"@type":"ReadAction","target":["https:\/\/edurec.ge.ch\/site\/cfpt-electronique\/lecole-delectronique-3\/electronicien-electronicienne-multimedia-maturite-professionnelle-4-ans\/"]}]},{"@type":"BreadcrumbList","@id":"https:\/\/edurec.ge.ch\/site\/cfpt-electronique\/lecole-delectronique-3\/electronicien-electronicienne-multimedia-maturite-professionnelle-4-ans\/#breadcrumb","itemListElement":[{"@type":"ListItem","position":1,"name":"Accueil","item":"https:\/\/edurec.ge.ch\/site\/cfpt-electronique\/"},{"@type":"ListItem","position":2,"name":"Nos stages de d\u00e9couverte &#8211; Offre de formation","item":"https:\/\/edurec.ge.ch\/site\/cfpt-electronique\/lecole-delectronique-3\/"},{"@type":"ListItem","position":3,"name":"Electronicienne et \u00e9lectronicien en multim\u00e9dia CFC + maturit\u00e9 professionnelle (4 ans)"}]},{"@type":"WebSite","@id":"https:\/\/edurec.ge.ch\/site\/cfpt-electronique\/#website","url":"https:\/\/edurec.ge.ch\/site\/cfpt-electronique\/","name":"CFPT \u00c9lectronique","description":"Les formations en \u00e9lectronique","potentialAction":[{"@type":"SearchAction","target":{"@type":"EntryPoint","urlTemplate":"https:\/\/edurec.ge.ch\/site\/cfpt-electronique\/?s={search_term_string}"},"query-input":{"@type":"PropertyValueSpecification","valueRequired":true,"valueName":"search_term_string"}}],"inLanguage":"fr-FR"}]}},"_links":{"self":[{"href":"https:\/\/edurec.ge.ch\/site\/cfpt-electronique\/wp-json\/wp\/v2\/pages\/39","targetHints":{"allow":["GET"]}}],"collection":[{"href":"https:\/\/edurec.ge.ch\/site\/cfpt-electronique\/wp-json\/wp\/v2\/pages"}],"about":[{"href":"https:\/\/edurec.ge.ch\/site\/cfpt-electronique\/wp-json\/wp\/v2\/types\/page"}],"author":[{"embeddable":true,"href":"https:\/\/edurec.ge.ch\/site\/cfpt-electronique\/wp-json\/wp\/v2\/users\/1345"}],"replies":[{"embeddable":true,"href":"https:\/\/edurec.ge.ch\/site\/cfpt-electronique\/wp-json\/wp\/v2\/comments?post=39"}],"version-history":[{"count":11,"href":"https:\/\/edurec.ge.ch\/site\/cfpt-electronique\/wp-json\/wp\/v2\/pages\/39\/revisions"}],"predecessor-version":[{"id":4315,"href":"https:\/\/edurec.ge.ch\/site\/cfpt-electronique\/wp-json\/wp\/v2\/pages\/39\/revisions\/4315"}],"up":[{"embeddable":true,"href":"https:\/\/edurec.ge.ch\/site\/cfpt-electronique\/wp-json\/wp\/v2\/pages\/889"}],"wp:attachment":[{"href":"https:\/\/edurec.ge.ch\/site\/cfpt-electronique\/wp-json\/wp\/v2\/media?parent=39"}],"curies":[{"name":"wp","href":"https:\/\/api.w.org\/{rel}","templated":true}]}}