{"id":29,"date":"2016-08-18T14:20:55","date_gmt":"2016-08-18T13:20:55","guid":{"rendered":"https:\/\/edurec.ge.ch\/site\/cfpt-electronique\/?page_id=29"},"modified":"2023-01-04T13:42:04","modified_gmt":"2023-01-04T12:42:04","slug":"electronicien-electronicienne-cfc-4-ans","status":"publish","type":"page","link":"https:\/\/edurec.ge.ch\/site\/cfpt-electronique\/lecole-delectronique-3\/electronicien-electronicienne-cfc-4-ans\/","title":{"rendered":"Electronicienne et \u00e9lectronicien CFC (4 ans)"},"content":{"rendered":"<div id=\"parent-fieldname-description\" class=\"documentDescription\">\n<p>\u00a0<a href=\"https:\/\/www.orientation.ch\/dyn\/show\/1900?lang=fr&amp;idx=30&amp;id=94\"><img loading=\"lazy\" decoding=\"async\" class=\"alignnone wp-image-235\" src=\"https:\/\/edurec.ge.ch\/site\/cfpt-electronique\/wp-content\/uploads\/sites\/113\/2017\/02\/MG_9735-1-300x200.jpg\" alt=\"\" width=\"341\" height=\"227\" srcset=\"https:\/\/edurec.ge.ch\/site\/cfpt-electronique\/wp-content\/uploads\/sites\/113\/2017\/02\/MG_9735-1-300x200.jpg 300w, https:\/\/edurec.ge.ch\/site\/cfpt-electronique\/wp-content\/uploads\/sites\/113\/2017\/02\/MG_9735-1-272x182.jpg 272w, https:\/\/edurec.ge.ch\/site\/cfpt-electronique\/wp-content\/uploads\/sites\/113\/2017\/02\/MG_9735-1.jpg 600w\" sizes=\"auto, (max-width: 341px) 100vw, 341px\" \/><\/a><a href=\"https:\/\/edurec.ge.ch\/site\/cfpt-electronique\/wp-content\/uploads\/sites\/113\/2017\/02\/MG_9861.jpg\" data-rel=\"lightbox-image-0\" data-rl_title=\"\" data-rl_caption=\"\" title=\"\"><img loading=\"lazy\" decoding=\"async\" class=\"alignnone wp-image-225\" src=\"https:\/\/edurec.ge.ch\/site\/cfpt-electronique\/wp-content\/uploads\/sites\/113\/2017\/02\/MG_9861-300x200.jpg\" alt=\"\" width=\"342\" height=\"227\" srcset=\"https:\/\/edurec.ge.ch\/site\/cfpt-electronique\/wp-content\/uploads\/sites\/113\/2017\/02\/MG_9861-300x200.jpg 300w, https:\/\/edurec.ge.ch\/site\/cfpt-electronique\/wp-content\/uploads\/sites\/113\/2017\/02\/MG_9861-768x512.jpg 768w, https:\/\/edurec.ge.ch\/site\/cfpt-electronique\/wp-content\/uploads\/sites\/113\/2017\/02\/MG_9861-1024x683.jpg 1024w, https:\/\/edurec.ge.ch\/site\/cfpt-electronique\/wp-content\/uploads\/sites\/113\/2017\/02\/MG_9861-272x182.jpg 272w\" sizes=\"auto, (max-width: 342px) 100vw, 342px\" \/><\/a><\/p>\n<h3><strong>Les points cl\u00e9s de la formation de base (1\u00e8re et 2\u00e8me ann\u00e9e)<\/strong><\/h3>\n<p>La technique de construction et d&rsquo;assemblage de circuits \u00e9lectroniques<\/p>\n<ul>\n<li>L&rsquo;identification des composants<\/li>\n<li>La confection de pi\u00e8ces m\u00e9caniques<\/li>\n<li>Les techniques de mesures<\/li>\n<li>Les bases de l\u2019\u00e9lectronique analogique et num\u00e9rique<\/li>\n<li>La programmation de microcontr\u00f4leurs<\/li>\n<li>La fabrication d\u2019un robot<\/li>\n<li>\u2026..<\/li>\n<\/ul>\n<\/div>\n<div id=\"content-core\">\n<div id=\"parent-fieldname-text-52c89020-b633-4a1d-bc5d-491e9773e21f\" class=\"\">\n<h3><strong>Approfondissement des connaissances (3\u00e8me et 4\u00e8me ann\u00e9e)<\/strong><\/h3>\n<ul>\n<li>Le travail par projets, individuels ou en \u00e9quipe<\/li>\n<li>La r\u00e9alisation compl\u00e8te d\u2019un dispositif \u00e9lectronique\n<ul>\n<li>L&rsquo;\u00e9laboration du sch\u00e9ma \u00e9lectronique<\/li>\n<li>La conception des circuits imprim\u00e9s<\/li>\n<li>La fabrication des pi\u00e8ces m\u00e9caniques<\/li>\n<li>La programmation de microcontr\u00f4leurs<\/li>\n<li>Mise en route du prototype<\/li>\n<\/ul>\n<\/li>\n<li>L&rsquo;am\u00e9lioration du robot \u00ab\u00a0\u00e9cole\u00a0\u00bb<\/li>\n<li>\u2026..<\/li>\n<\/ul>\n<p><strong><a href=\"https:\/\/edurec.ge.ch\/site\/cfpt-electronique\/wp-content\/uploads\/sites\/113\/2017\/03\/Mini_robot_IMG_0339.jpg\" data-rel=\"lightbox-image-1\" data-rl_title=\"\" data-rl_caption=\"\" title=\"\"><img loading=\"lazy\" decoding=\"async\" class=\"alignnone size-medium wp-image-277\" src=\"https:\/\/edurec.ge.ch\/site\/cfpt-electronique\/wp-content\/uploads\/sites\/113\/2017\/03\/Mini_robot_IMG_0339-300x278.jpg\" alt=\"\" width=\"300\" height=\"278\" srcset=\"https:\/\/edurec.ge.ch\/site\/cfpt-electronique\/wp-content\/uploads\/sites\/113\/2017\/03\/Mini_robot_IMG_0339-300x278.jpg 300w, https:\/\/edurec.ge.ch\/site\/cfpt-electronique\/wp-content\/uploads\/sites\/113\/2017\/03\/Mini_robot_IMG_0339-270x250.jpg 270w, https:\/\/edurec.ge.ch\/site\/cfpt-electronique\/wp-content\/uploads\/sites\/113\/2017\/03\/Mini_robot_IMG_0339.jpg 432w\" sizes=\"auto, (max-width: 300px) 100vw, 300px\" \/><\/a><\/strong><\/p>\n<p><strong>Dans la vie professionnelle :<\/strong><\/p>\n<ul>\n<li>R\u00e9alisation de prototypes<\/li>\n<li>D\u00e9pannage et maintenance de syst\u00e8mes \u00e9lectroniques<\/li>\n<li>Objets connect\u00e9s et intelligents<\/li>\n<li>Adaptation d\u2019\u00e9quipements existants<\/li>\n<li>Tests et contr\u00f4les de qualit\u00e9<\/li>\n<li>Montage de circuits imprim\u00e9s<\/li>\n<li>Programmation de syst\u00e8mes \u00e9lectroniques<\/li>\n<\/ul>\n<p><strong>Domaines: <\/strong><\/p>\n<ul>\n<li>Industriel, Scientifique, M\u00e9dical, Services<\/li>\n<li>Energie,\u00a0Mesures,\u00a0B\u00e2timent,\u00a0Transport<\/li>\n<li>Recherche, Militaire<\/li>\n<\/ul>\n<p>Il, elle a \u00e9galement la possibilit\u00e9 de faire une maturit\u00e9 professionnelle post CFC lui permettant de poursuivre des \u00e9tudes dans une Haute Ecole pour devenir ing\u00e9nieur-e.<\/p>\n<p><a href=\"https:\/\/www.orientation.ch\/dyn\/show\/2886?lang=fr&amp;id=31179#\"><i><b><span style=\"color: #3366ff\">Compl\u00e9ments &#8211; Descriptions d\u00e9taill\u00e9es &#8211; Conditions d&rsquo;admission<\/span><\/b><\/i><\/a><\/p>\n<p><b><b>Documentation:<\/b><i><b><\/b><\/i><\/b><\/p>\n<ul class=\"navTree navTreeLevel2\">\n<li class=\"navTreeItem visualNoMarker section-cursus-electronique-et-maturite\"><span style=\"color: #3366ff\"><strong><a style=\"color: #3366ff\" href=\"https:\/\/www.find-your-future.ch\/fr\/apprentissage\/apprentissage\/choix-professionnel\/portraits-professionnels\/profils\/electronicien\/\">-&gt; Association professionnelle Swissmem <em>(find your future.ch)<\/em><\/a><\/strong><\/span><\/li>\n<li><strong><span style=\"color: #3366ff\"><a style=\"color: #3366ff\" href=\"https:\/\/wwwfind-your-futurech-e994b24.s3-eu-central-1.amazonaws.com\/Berufsflyer_Elektroniker_f.pdf\">-&gt; Profil professionnelle<\/a><\/span><\/strong><span class=\"state-external contenttype-file\"><strong><span style=\"color: #3366ff\"><br \/>\n<\/span><\/strong><\/span><\/li>\n<li class=\"navTreeItem visualNoMarker section-plaquette-electronicien-ne-en-multimedia\"><span class=\"state-external tile\"><strong><span style=\"color: #3366ff\">-&gt; <a style=\"color: #3366ff\" href=\"https:\/\/edurec.ge.ch\/site\/cfpt-electronique\/wp-content\/uploads\/sites\/113\/2023\/01\/Flyer-EE2018-V-2023.pdf\">Plaquette \u00e9cole d&rsquo;\u00e9lectronique<\/a><\/span><\/strong><\/span><\/li>\n<li class=\"navTreeItem visualNoMarker section-plaquette-electronicien-ne-en-multimedia\"><strong><span style=\"color: #3366ff\">-&gt;<\/span><\/strong> <a href=\"https:\/\/edurec.ge.ch\/site\/cfpt-electronique\/lecole-delectronique-3\/stages-en-electronique\/\"><span style=\"color: #3366ff\"><strong><span style=\"color: #3366ff\">S<span class=\"state-internal contenttype-file\">tage<\/span><\/span><\/strong><\/span><\/a><\/li>\n<\/ul>\n<\/div>\n<\/div>\n","protected":false},"excerpt":{"rendered":"<p>\u00a0 Les points cl\u00e9s de la formation de base (1\u00e8re et 2\u00e8me ann\u00e9e) La technique de construction et d&rsquo;assemblage de circuits \u00e9lectroniques L&rsquo;identification des composants La confection de pi\u00e8ces m\u00e9caniques Les techniques de mesures Les bases de l\u2019\u00e9lectronique analogique et num\u00e9rique La programmation de microcontr\u00f4leurs La fabrication d\u2019un robot \u2026.. Approfondissement des connaissances (3\u00e8me et [&hellip;]<\/p>\n","protected":false},"author":1345,"featured_media":0,"parent":889,"menu_order":3,"comment_status":"closed","ping_status":"closed","template":"","meta":{"footnotes":""},"class_list":["post-29","page","type-page","status-publish","czr-hentry"],"yoast_head":"<!-- This site is optimized with the Yoast SEO plugin v26.4 - https:\/\/yoast.com\/wordpress\/plugins\/seo\/ -->\n<title>Electronicienne et \u00e9lectronicien CFC (4 ans) - CFPT \u00c9lectronique<\/title>\n<meta name=\"robots\" content=\"index, follow, max-snippet:-1, max-image-preview:large, max-video-preview:-1\" \/>\n<link rel=\"canonical\" href=\"https:\/\/edurec.ge.ch\/site\/cfpt-electronique\/lecole-delectronique-3\/electronicien-electronicienne-cfc-4-ans\/\" \/>\n<meta property=\"og:locale\" content=\"fr_FR\" \/>\n<meta property=\"og:type\" content=\"article\" \/>\n<meta property=\"og:title\" content=\"Electronicienne et \u00e9lectronicien CFC (4 ans) - CFPT \u00c9lectronique\" \/>\n<meta property=\"og:description\" content=\"\u00a0 Les points cl\u00e9s de la formation de base (1\u00e8re et 2\u00e8me ann\u00e9e) La technique de construction et d&rsquo;assemblage de circuits \u00e9lectroniques L&rsquo;identification des composants La confection de pi\u00e8ces m\u00e9caniques Les techniques de mesures Les bases de l\u2019\u00e9lectronique analogique et num\u00e9rique La programmation de microcontr\u00f4leurs La fabrication d\u2019un robot \u2026.. Approfondissement des connaissances (3\u00e8me et [&hellip;]\" \/>\n<meta property=\"og:url\" content=\"https:\/\/edurec.ge.ch\/site\/cfpt-electronique\/lecole-delectronique-3\/electronicien-electronicienne-cfc-4-ans\/\" \/>\n<meta property=\"og:site_name\" content=\"CFPT \u00c9lectronique\" \/>\n<meta property=\"article:modified_time\" content=\"2023-01-04T12:42:04+00:00\" \/>\n<meta property=\"og:image\" content=\"https:\/\/edurec.ge.ch\/site\/cfpt-electronique\/wp-content\/uploads\/sites\/113\/2017\/02\/MG_9735-1-300x200.jpg\" \/>\n<meta name=\"twitter:card\" content=\"summary_large_image\" \/>\n<meta name=\"twitter:label1\" content=\"Dur\u00e9e de lecture estim\u00e9e\" \/>\n\t<meta name=\"twitter:data1\" content=\"2 minutes\" \/>\n<script type=\"application\/ld+json\" class=\"yoast-schema-graph\">{\"@context\":\"https:\/\/schema.org\",\"@graph\":[{\"@type\":\"WebPage\",\"@id\":\"https:\/\/edurec.ge.ch\/site\/cfpt-electronique\/lecole-delectronique-3\/electronicien-electronicienne-cfc-4-ans\/\",\"url\":\"https:\/\/edurec.ge.ch\/site\/cfpt-electronique\/lecole-delectronique-3\/electronicien-electronicienne-cfc-4-ans\/\",\"name\":\"Electronicienne et \u00e9lectronicien CFC (4 ans) - CFPT \u00c9lectronique\",\"isPartOf\":{\"@id\":\"https:\/\/edurec.ge.ch\/site\/cfpt-electronique\/#website\"},\"primaryImageOfPage\":{\"@id\":\"https:\/\/edurec.ge.ch\/site\/cfpt-electronique\/lecole-delectronique-3\/electronicien-electronicienne-cfc-4-ans\/#primaryimage\"},\"image\":{\"@id\":\"https:\/\/edurec.ge.ch\/site\/cfpt-electronique\/lecole-delectronique-3\/electronicien-electronicienne-cfc-4-ans\/#primaryimage\"},\"thumbnailUrl\":\"https:\/\/edurec.ge.ch\/site\/cfpt-electronique\/wp-content\/uploads\/sites\/113\/2017\/02\/MG_9735-1-300x200.jpg\",\"datePublished\":\"2016-08-18T13:20:55+00:00\",\"dateModified\":\"2023-01-04T12:42:04+00:00\",\"breadcrumb\":{\"@id\":\"https:\/\/edurec.ge.ch\/site\/cfpt-electronique\/lecole-delectronique-3\/electronicien-electronicienne-cfc-4-ans\/#breadcrumb\"},\"inLanguage\":\"fr-FR\",\"potentialAction\":[{\"@type\":\"ReadAction\",\"target\":[\"https:\/\/edurec.ge.ch\/site\/cfpt-electronique\/lecole-delectronique-3\/electronicien-electronicienne-cfc-4-ans\/\"]}]},{\"@type\":\"ImageObject\",\"inLanguage\":\"fr-FR\",\"@id\":\"https:\/\/edurec.ge.ch\/site\/cfpt-electronique\/lecole-delectronique-3\/electronicien-electronicienne-cfc-4-ans\/#primaryimage\",\"url\":\"https:\/\/edurec.ge.ch\/site\/cfpt-electronique\/wp-content\/uploads\/sites\/113\/2017\/02\/MG_9735-1.jpg\",\"contentUrl\":\"https:\/\/edurec.ge.ch\/site\/cfpt-electronique\/wp-content\/uploads\/sites\/113\/2017\/02\/MG_9735-1.jpg\",\"width\":600,\"height\":400},{\"@type\":\"BreadcrumbList\",\"@id\":\"https:\/\/edurec.ge.ch\/site\/cfpt-electronique\/lecole-delectronique-3\/electronicien-electronicienne-cfc-4-ans\/#breadcrumb\",\"itemListElement\":[{\"@type\":\"ListItem\",\"position\":1,\"name\":\"Accueil\",\"item\":\"https:\/\/edurec.ge.ch\/site\/cfpt-electronique\/\"},{\"@type\":\"ListItem\",\"position\":2,\"name\":\"Nos stages de d\u00e9couverte &#8211; Offre de formation\",\"item\":\"https:\/\/edurec.ge.ch\/site\/cfpt-electronique\/lecole-delectronique-3\/\"},{\"@type\":\"ListItem\",\"position\":3,\"name\":\"Electronicienne et \u00e9lectronicien CFC (4 ans)\"}]},{\"@type\":\"WebSite\",\"@id\":\"https:\/\/edurec.ge.ch\/site\/cfpt-electronique\/#website\",\"url\":\"https:\/\/edurec.ge.ch\/site\/cfpt-electronique\/\",\"name\":\"CFPT \u00c9lectronique\",\"description\":\"Les formations en \u00e9lectronique\",\"potentialAction\":[{\"@type\":\"SearchAction\",\"target\":{\"@type\":\"EntryPoint\",\"urlTemplate\":\"https:\/\/edurec.ge.ch\/site\/cfpt-electronique\/?s={search_term_string}\"},\"query-input\":{\"@type\":\"PropertyValueSpecification\",\"valueRequired\":true,\"valueName\":\"search_term_string\"}}],\"inLanguage\":\"fr-FR\"}]}<\/script>\n<!-- \/ Yoast SEO plugin. -->","yoast_head_json":{"title":"Electronicienne et \u00e9lectronicien CFC (4 ans) - CFPT \u00c9lectronique","robots":{"index":"index","follow":"follow","max-snippet":"max-snippet:-1","max-image-preview":"max-image-preview:large","max-video-preview":"max-video-preview:-1"},"canonical":"https:\/\/edurec.ge.ch\/site\/cfpt-electronique\/lecole-delectronique-3\/electronicien-electronicienne-cfc-4-ans\/","og_locale":"fr_FR","og_type":"article","og_title":"Electronicienne et \u00e9lectronicien CFC (4 ans) - CFPT \u00c9lectronique","og_description":"\u00a0 Les points cl\u00e9s de la formation de base (1\u00e8re et 2\u00e8me ann\u00e9e) La technique de construction et d&rsquo;assemblage de circuits \u00e9lectroniques L&rsquo;identification des composants La confection de pi\u00e8ces m\u00e9caniques Les techniques de mesures Les bases de l\u2019\u00e9lectronique analogique et num\u00e9rique La programmation de microcontr\u00f4leurs La fabrication d\u2019un robot \u2026.. Approfondissement des connaissances (3\u00e8me et [&hellip;]","og_url":"https:\/\/edurec.ge.ch\/site\/cfpt-electronique\/lecole-delectronique-3\/electronicien-electronicienne-cfc-4-ans\/","og_site_name":"CFPT \u00c9lectronique","article_modified_time":"2023-01-04T12:42:04+00:00","og_image":[{"url":"https:\/\/edurec.ge.ch\/site\/cfpt-electronique\/wp-content\/uploads\/sites\/113\/2017\/02\/MG_9735-1-300x200.jpg","type":"","width":"","height":""}],"twitter_card":"summary_large_image","twitter_misc":{"Dur\u00e9e de lecture estim\u00e9e":"2 minutes"},"schema":{"@context":"https:\/\/schema.org","@graph":[{"@type":"WebPage","@id":"https:\/\/edurec.ge.ch\/site\/cfpt-electronique\/lecole-delectronique-3\/electronicien-electronicienne-cfc-4-ans\/","url":"https:\/\/edurec.ge.ch\/site\/cfpt-electronique\/lecole-delectronique-3\/electronicien-electronicienne-cfc-4-ans\/","name":"Electronicienne et \u00e9lectronicien CFC (4 ans) - CFPT \u00c9lectronique","isPartOf":{"@id":"https:\/\/edurec.ge.ch\/site\/cfpt-electronique\/#website"},"primaryImageOfPage":{"@id":"https:\/\/edurec.ge.ch\/site\/cfpt-electronique\/lecole-delectronique-3\/electronicien-electronicienne-cfc-4-ans\/#primaryimage"},"image":{"@id":"https:\/\/edurec.ge.ch\/site\/cfpt-electronique\/lecole-delectronique-3\/electronicien-electronicienne-cfc-4-ans\/#primaryimage"},"thumbnailUrl":"https:\/\/edurec.ge.ch\/site\/cfpt-electronique\/wp-content\/uploads\/sites\/113\/2017\/02\/MG_9735-1-300x200.jpg","datePublished":"2016-08-18T13:20:55+00:00","dateModified":"2023-01-04T12:42:04+00:00","breadcrumb":{"@id":"https:\/\/edurec.ge.ch\/site\/cfpt-electronique\/lecole-delectronique-3\/electronicien-electronicienne-cfc-4-ans\/#breadcrumb"},"inLanguage":"fr-FR","potentialAction":[{"@type":"ReadAction","target":["https:\/\/edurec.ge.ch\/site\/cfpt-electronique\/lecole-delectronique-3\/electronicien-electronicienne-cfc-4-ans\/"]}]},{"@type":"ImageObject","inLanguage":"fr-FR","@id":"https:\/\/edurec.ge.ch\/site\/cfpt-electronique\/lecole-delectronique-3\/electronicien-electronicienne-cfc-4-ans\/#primaryimage","url":"https:\/\/edurec.ge.ch\/site\/cfpt-electronique\/wp-content\/uploads\/sites\/113\/2017\/02\/MG_9735-1.jpg","contentUrl":"https:\/\/edurec.ge.ch\/site\/cfpt-electronique\/wp-content\/uploads\/sites\/113\/2017\/02\/MG_9735-1.jpg","width":600,"height":400},{"@type":"BreadcrumbList","@id":"https:\/\/edurec.ge.ch\/site\/cfpt-electronique\/lecole-delectronique-3\/electronicien-electronicienne-cfc-4-ans\/#breadcrumb","itemListElement":[{"@type":"ListItem","position":1,"name":"Accueil","item":"https:\/\/edurec.ge.ch\/site\/cfpt-electronique\/"},{"@type":"ListItem","position":2,"name":"Nos stages de d\u00e9couverte &#8211; Offre de formation","item":"https:\/\/edurec.ge.ch\/site\/cfpt-electronique\/lecole-delectronique-3\/"},{"@type":"ListItem","position":3,"name":"Electronicienne et \u00e9lectronicien CFC (4 ans)"}]},{"@type":"WebSite","@id":"https:\/\/edurec.ge.ch\/site\/cfpt-electronique\/#website","url":"https:\/\/edurec.ge.ch\/site\/cfpt-electronique\/","name":"CFPT \u00c9lectronique","description":"Les formations en \u00e9lectronique","potentialAction":[{"@type":"SearchAction","target":{"@type":"EntryPoint","urlTemplate":"https:\/\/edurec.ge.ch\/site\/cfpt-electronique\/?s={search_term_string}"},"query-input":{"@type":"PropertyValueSpecification","valueRequired":true,"valueName":"search_term_string"}}],"inLanguage":"fr-FR"}]}},"_links":{"self":[{"href":"https:\/\/edurec.ge.ch\/site\/cfpt-electronique\/wp-json\/wp\/v2\/pages\/29","targetHints":{"allow":["GET"]}}],"collection":[{"href":"https:\/\/edurec.ge.ch\/site\/cfpt-electronique\/wp-json\/wp\/v2\/pages"}],"about":[{"href":"https:\/\/edurec.ge.ch\/site\/cfpt-electronique\/wp-json\/wp\/v2\/types\/page"}],"author":[{"embeddable":true,"href":"https:\/\/edurec.ge.ch\/site\/cfpt-electronique\/wp-json\/wp\/v2\/users\/1345"}],"replies":[{"embeddable":true,"href":"https:\/\/edurec.ge.ch\/site\/cfpt-electronique\/wp-json\/wp\/v2\/comments?post=29"}],"version-history":[{"count":26,"href":"https:\/\/edurec.ge.ch\/site\/cfpt-electronique\/wp-json\/wp\/v2\/pages\/29\/revisions"}],"predecessor-version":[{"id":4309,"href":"https:\/\/edurec.ge.ch\/site\/cfpt-electronique\/wp-json\/wp\/v2\/pages\/29\/revisions\/4309"}],"up":[{"embeddable":true,"href":"https:\/\/edurec.ge.ch\/site\/cfpt-electronique\/wp-json\/wp\/v2\/pages\/889"}],"wp:attachment":[{"href":"https:\/\/edurec.ge.ch\/site\/cfpt-electronique\/wp-json\/wp\/v2\/media?parent=29"}],"curies":[{"name":"wp","href":"https:\/\/api.w.org\/{rel}","templated":true}]}}