{"id":681,"date":"2019-03-08T12:08:26","date_gmt":"2019-03-08T10:08:26","guid":{"rendered":"https:\/\/edurec.ge.ch\/site\/cfpt-cedoc\/?page_id=681"},"modified":"2025-02-20T16:19:09","modified_gmt":"2025-02-20T14:19:09","slug":"aides-pour-recherche","status":"publish","type":"page","link":"https:\/\/edurec.ge.ch\/site\/cfpt-cedoc\/aides-pour-recherche\/","title":{"rendered":"Aide \u00e0 la recherche"},"content":{"rendered":"<div id=\"pl-681\"  class=\"panel-layout\" ><div id=\"pg-681-0\"  class=\"panel-grid panel-no-style\" ><div id=\"pgc-681-0-0\"  class=\"panel-grid-cell\" ><div id=\"panel-681-0-0-0\" class=\"so-panel widget widget_sow-editor panel-first-child panel-last-child\" data-index=\"0\" ><div\n\t\t\t\n\t\t\tclass=\"so-widget-sow-editor so-widget-sow-editor-base\"\n\t\t\t\n\t\t>\n<div class=\"siteorigin-widget-tinymce textwidget\">\n\t<p><a href=\"https:\/\/edurec.ge.ch\/site\/cfpt-cedoc\/wp-content\/uploads\/sites\/119\/2020\/01\/whatsupwithallthisbook.gif\" data-rel=\"lightbox-image-0\" data-rl_title=\"\" data-rl_caption=\"\" title=\"\"><img loading=\"lazy\" decoding=\"async\" class=\"size-medium wp-image-1057 aligncenter\" src=\"https:\/\/edurec.ge.ch\/site\/cfpt-cedoc\/wp-content\/uploads\/sites\/119\/2020\/01\/whatsupwithallthisbook-300x141.gif\" alt=\"\" width=\"300\" height=\"141\" \/><\/a><\/p>\n<p style=\"text-align: center\"><span style=\"color: #000000\"><strong>Retrouvez ici des tuttos, des explications et des exemples pour apprendre \u00e0 vous orienter dans la m\u00e9diath\u00e8que et \u00e0 utiliser ses ressources.<\/strong><\/span><\/p>\n<\/div>\n<\/div><\/div><\/div><\/div><div id=\"pg-681-1\"  class=\"panel-grid panel-no-style\" ><div id=\"pgc-681-1-0\"  class=\"panel-grid-cell\" ><div id=\"panel-681-1-0-0\" class=\"so-panel widget widget_sow-editor panel-first-child panel-last-child\" data-index=\"1\" ><div\n\t\t\t\n\t\t\tclass=\"so-widget-sow-editor so-widget-sow-editor-base\"\n\t\t\t\n\t\t>\n<div class=\"siteorigin-widget-tinymce textwidget\">\n\t<h1><span style=\"color: #f22166\">Recherches dans BiblioDip<\/span><\/h1>\n<p><a href=\"https:\/\/edurec.ge.ch\/site\/cfpt-cedoc\/wp-content\/uploads\/sites\/119\/2023\/03\/connection-au-compte-lecteur.pdf\">Connectez-vous \u00e0 votre compte lecteur dans BiblioDip<\/a><\/p>\n<p><a href=\"https:\/\/edurec.ge.ch\/site\/cfpt-cedoc\/wp-content\/uploads\/sites\/119\/2019\/10\/CatalogueBiblioDIPModeEmploi_SEC-1.pdf\">Mode d'emploi du catalogue BiblioDip<\/a><\/p>\n<p><a href=\"https:\/\/edurec.ge.ch\/site\/cfpt-cedoc\/wp-content\/uploads\/sites\/119\/2023\/03\/Comment-effectuer-une-recherche-a-theme-bibliodip.pdf\">Effectuez une recherche \u00e0 th\u00e8me dans BiblioDip<\/a><\/p>\n<p><a href=\"https:\/\/edurec.ge.ch\/site\/cfpt-cedoc\/wp-content\/uploads\/sites\/119\/2018\/08\/savoir-lire-une-notice.pdf\">Savoir-lire-une-notice<\/a><\/p>\n<\/div>\n<\/div><\/div><\/div><div id=\"pgc-681-1-1\"  class=\"panel-grid-cell\" ><div id=\"panel-681-1-1-0\" class=\"so-panel widget widget_sow-editor panel-first-child panel-last-child\" data-index=\"2\" ><div\n\t\t\t\n\t\t\tclass=\"so-widget-sow-editor so-widget-sow-editor-base\"\n\t\t\t\n\t\t>\n<div class=\"siteorigin-widget-tinymce textwidget\">\n\t<h1><span style=\"color: #f22166\">Les diff\u00e9rentes parties d'un livre<\/span><\/h1>\n<p>Reconnaitre les diff\u00e9rentes parties d'un livre qui vous permettent de trouver rapidement les informations.<\/p>\n<p><a href=\"https:\/\/issuu.com\/cfptcedoc\/docs\/parties_d_un_livre\">https:\/\/issuu.com\/cfptcedoc\/docs\/parties_d_un_livre<\/a><\/p>\n<p><a href=\"https:\/\/www.youtube.com\/watch?v=vsyNczDElYI&amp;t=3s\" data-rel=\"lightbox-video-0\">D\u00e9couvrez aussi ces explications en vid\u00e9o<\/a><\/p>\n<\/div>\n<\/div><\/div><\/div><div id=\"pgc-681-1-2\"  class=\"panel-grid-cell\" ><div id=\"panel-681-1-2-0\" class=\"so-panel widget widget_sow-editor panel-first-child panel-last-child\" data-index=\"3\" ><div\n\t\t\t\n\t\t\tclass=\"so-widget-sow-editor so-widget-sow-editor-base\"\n\t\t\t\n\t\t>\n<div class=\"siteorigin-widget-tinymce textwidget\">\n\t<h1><span style=\"color: #f22166\">La bibliographie<\/span><\/h1>\n<p><strong><a style=\"color: #316cc4\" href=\"https:\/\/edurec.ge.ch\/site\/cfpt-cedoc\/wp-content\/uploads\/sites\/119\/2020\/08\/R\u00e9diger-une-bibliographie.pdf\">R\u00e9diger la bibliographie de son TPA <\/a><\/strong><\/p>\n<p>Le guide de r\u00e9daction d'une bibliographie propos\u00e9 par la Haute \u00e9cole de gestion :<\/p>\n<p><a href=\"https:\/\/www.hesge.ch\/heg\/sites\/default\/files\/infotheque\/guide-ref-infotheque-fr.pdf\"><span style=\"color: #316cc4\"><strong>https:\/\/www.hesge.ch\/heg\/sites\/default\/files\/infotheque\/guide-ref-infotheque-fr.pdf<\/strong><\/span><\/a><\/p>\n<\/div>\n<\/div><\/div><\/div><\/div><div id=\"pg-681-2\"  class=\"panel-grid panel-no-style\" ><div id=\"pgc-681-2-0\"  class=\"panel-grid-cell\" ><div id=\"panel-681-2-0-0\" class=\"so-panel widget widget_sow-editor panel-first-child panel-last-child\" data-index=\"4\" ><div\n\t\t\t\n\t\t\tclass=\"so-widget-sow-editor so-widget-sow-editor-base\"\n\t\t\t\n\t\t>\n<div class=\"siteorigin-widget-tinymce textwidget\">\n\t<h1><span style=\"color: #f22166\">Acc\u00e8s \u00e0 Universalis en ligne<\/span><\/h1>\n<p>Vous pouvez acc\u00e9der, sans login, depuis n'importe quel <strong>poste EDU dans l'\u00e9cole<\/strong>.<\/p>\n<p><a style=\"color: #316cc4\" href=\"https:\/\/www.universalis-edu.com\/\">Acc\u00e8s sans login depuis un poste EDU dans l'\u00e9cole<\/a><\/p>\n<p>Il est aussi possible d'acc\u00e8s \u00e0 Universalis depuis n'importe quel poste ADMIN ou externe \u00e0 l'\u00e9cole. Pour cela, il faut utiliser son code EEL.<\/p>\n<p><a style=\"color: #316cc4\" href=\"https:\/\/eduge.ch\/ledepot\/universalis-education\">Acc\u00e8s postes ADMIN et externes<\/a><\/p>\n<p><a style=\"color: #316cc4\" href=\"https:\/\/edurec.ge.ch\/site\/cfpt-cedoc\/wp-content\/uploads\/sites\/119\/2019\/08\/Guide-dutilisation-Universalis-Edu_0.pdf\">Guide d'utilisation Universalis<\/a><\/p>\n<\/div>\n<\/div><\/div><\/div><div id=\"pgc-681-2-1\"  class=\"panel-grid-cell\" ><div id=\"panel-681-2-1-0\" class=\"so-panel widget widget_sow-editor panel-first-child panel-last-child\" data-index=\"5\" ><div\n\t\t\t\n\t\t\tclass=\"so-widget-sow-editor so-widget-sow-editor-base\"\n\t\t\t\n\t\t>\n<div class=\"siteorigin-widget-tinymce textwidget\">\n\t<h1><span style=\"color: #f22166\">Recherches articles de p\u00e9riodiques\u00a0<\/span><\/h1>\n<p><a href=\"https:\/\/edurec.ge.ch\/site\/cfpt-cedoc\/wp-content\/uploads\/sites\/119\/2018\/10\/Pr\u00e9sentation-p\u00e9riodiques.pptx\">Recherches d'articles de revues dans BiblioDip<\/a><\/p>\n<p>Ne confondez plus le titre d'une revue avec les titres des articles qu'elle contient :<\/p>\n<p><a href=\"https:\/\/edurec.ge.ch\/site\/cfpt-cedoc\/wp-content\/uploads\/sites\/119\/2019\/12\/revue-titre-article.pdf\"><strong><span style=\"color: 316cc4\">Revue titre-article<\/span><\/strong><\/a><\/p>\n<p><a href=\"https:\/\/www.youtube.com\/watch?v=0r_ug08El40\" data-rel=\"lightbox-video-1\">Une vid\u00e9o qui vous explique comment faire la diff\u00e9rence entre les titres de revues et les articles<\/a><\/p>\n<p>&nbsp;<\/p>\n<\/div>\n<\/div><\/div><\/div><div id=\"pgc-681-2-2\"  class=\"panel-grid-cell\" ><div id=\"panel-681-2-2-0\" class=\"so-panel widget widget_sow-editor panel-first-child panel-last-child\" data-index=\"6\" ><div\n\t\t\t\n\t\t\tclass=\"so-widget-sow-editor so-widget-sow-editor-base\"\n\t\t\t\n\t\t>\n<div class=\"siteorigin-widget-tinymce textwidget\">\n\t<h1><span style=\"color: #f22166\">EUROPRESSE<\/span><\/h1>\n<p><a href=\"https:\/\/edurec.ge.ch\/site\/cfpt-cedoc\/wp-content\/uploads\/sites\/119\/2023\/10\/Europresse2.png\" data-rel=\"lightbox-image-1\" data-rl_title=\"\" data-rl_caption=\"\" title=\"\"><img loading=\"lazy\" decoding=\"async\" class=\"alignnone size-medium wp-image-2240\" src=\"https:\/\/edurec.ge.ch\/site\/cfpt-cedoc\/wp-content\/uploads\/sites\/119\/2023\/10\/Europresse2-300x114.png\" alt=\"\" width=\"300\" height=\"114\" srcset=\"https:\/\/edurec.ge.ch\/site\/cfpt-cedoc\/wp-content\/uploads\/sites\/119\/2023\/10\/Europresse2-300x114.png 300w, https:\/\/edurec.ge.ch\/site\/cfpt-cedoc\/wp-content\/uploads\/sites\/119\/2023\/10\/Europresse2.png 346w\" sizes=\"auto, (max-width: 300px) 100vw, 300px\" \/><\/a><\/p>\n<p>Acc\u00e9dez avec votre code EEL :<\/p>\n<p><span style=\"color: #0000ff\"><a style=\"color: #0000ff\" href=\"https:\/\/ledepot.eduge.ch\/europresse\">Europresse<\/a><\/span><\/p>\n<p>Une page d'aide est \u00e0 votre disposition :<\/p>\n<p><strong><span style=\"color: #0000ff\"><a style=\"color: #0000ff\" href=\"https:\/\/www.europresse.com\/espace-support-documents-de-formation\/\">https:\/\/www.europresse.com\/espace-support-documents-de-formation\/<\/a><\/span><\/strong><\/p>\n<\/div>\n<\/div><\/div><\/div><\/div><div id=\"pg-681-3\"  class=\"panel-grid panel-no-style\" ><div id=\"pgc-681-3-0\"  class=\"panel-grid-cell\" ><div id=\"panel-681-3-0-0\" class=\"so-panel widget widget_sow-editor panel-first-child panel-last-child\" data-index=\"7\" ><div\n\t\t\t\n\t\t\tclass=\"so-widget-sow-editor so-widget-sow-editor-base\"\n\t\t\t\n\t\t>\n<div class=\"siteorigin-widget-tinymce textwidget\">\n\t<h1><span style=\"color: #f22166\">Recherches sur Internet<\/span><\/h1>\n<p><a href=\"https:\/\/edurec.ge.ch\/site\/cfpt-cedoc\/wp-content\/uploads\/sites\/119\/2021\/11\/sites-pour-poser-des-questions.pdf\"><strong><span style=\"color: #0000ff\"><span style=\"color: #3366ff\">Sites pour poser des questions<\/span><\/span><\/strong><\/a><\/p>\n<p><strong><span style=\"color: #0000ff\"><a style=\"color: #0000ff\" href=\"https:\/\/edurec.ge.ch\/site\/cfpt-cedoc\/wp-content\/uploads\/sites\/119\/2018\/08\/\u00e9valuer-un-site-web.pdf\"><span style=\"color: #3366ff\">Evaluer un site web<\/span><\/a><\/span><\/strong><\/p>\n<p><a href=\"https:\/\/edurec.ge.ch\/site\/cfpt-cedoc\/wp-content\/uploads\/sites\/119\/2019\/03\/Astuces-Google.pdf\"><strong><span style=\"color: #0000ff\"><span style=\"color: #3366ff\">Astuces Google<\/span><\/span><\/strong><\/a><\/p>\n<p><span style=\"color: #3366ff\"><strong><a style=\"color: #3366ff\" href=\"https:\/\/edurec.ge.ch\/site\/cfpt-cedoc\/wp-content\/uploads\/sites\/119\/2021\/11\/M\u00e9thode-pour-cerner-sa-recherche.pdf\">M\u00e9thode pour cerner sa recherche<\/a><\/strong><\/span><\/p>\n<\/div>\n<\/div><\/div><\/div><div id=\"pgc-681-3-1\"  class=\"panel-grid-cell panel-grid-cell-empty panel-grid-cell-mobile-last\" ><\/div><div id=\"pgc-681-3-2\"  class=\"panel-grid-cell panel-grid-cell-empty\" ><\/div><\/div><div id=\"pg-681-4\"  class=\"panel-grid panel-no-style\" ><div id=\"pgc-681-4-0\"  class=\"panel-grid-cell\" ><div id=\"panel-681-4-0-0\" class=\"so-panel widget widget_sow-editor panel-first-child panel-last-child\" data-index=\"8\" ><div\n\t\t\t\n\t\t\tclass=\"so-widget-sow-editor so-widget-sow-editor-base\"\n\t\t\t\n\t\t>\n<div class=\"siteorigin-widget-tinymce textwidget\">\n\t<p style=\"text-align: center\">Savez-vous utiliser le Centre de documentation et ses ressources ? Testez vos connaissances.<\/p>\n<p style=\"text-align: center\"><strong><a style=\"color: #316cc4\" href=\"https:\/\/www.quizz.biz\/quizz-1450711.html\" target=\"_blank\" rel=\"noopener\">Quizz Utilisation du Centre de documentation du CFPT<\/a><\/strong><\/p>\n<p style=\"text-align: center\">\n<\/div>\n<\/div><\/div><\/div><\/div><\/div>","protected":false},"excerpt":{"rendered":"<p>Retrouvez ici des tuttos, des explications et des exemples pour apprendre \u00e0 vous orienter dans la m\u00e9diath\u00e8que et \u00e0 utiliser ses ressources. Recherches dans BiblioDip Connectez-vous \u00e0 votre compte lecteur dans BiblioDip Mode d&#8217;emploi du catalogue BiblioDip Effectuez une recherche \u00e0 th\u00e8me dans BiblioDip Savoir-lire-une-notice Les diff\u00e9rentes parties d&rsquo;un livre Reconnaitre les diff\u00e9rentes parties d&rsquo;un [&hellip;]<\/p>\n","protected":false},"author":3617,"featured_media":58,"parent":0,"menu_order":0,"comment_status":"closed","ping_status":"closed","template":"","meta":{"footnotes":""},"class_list":["post-681","page","type-page","status-publish","has-post-thumbnail","czr-hentry"],"yoast_head":"<!-- This site is optimized with the Yoast SEO plugin v26.4 - https:\/\/yoast.com\/wordpress\/plugins\/seo\/ -->\n<title>Aide \u00e0 la recherche - CFPT Cedoc<\/title>\n<meta name=\"robots\" content=\"index, follow, max-snippet:-1, max-image-preview:large, max-video-preview:-1\" \/>\n<link rel=\"canonical\" href=\"https:\/\/edurec.ge.ch\/site\/cfpt-cedoc\/aides-pour-recherche\/\" \/>\n<meta property=\"og:locale\" content=\"fr_FR\" \/>\n<meta property=\"og:type\" content=\"article\" \/>\n<meta property=\"og:title\" content=\"Aide \u00e0 la recherche - CFPT Cedoc\" \/>\n<meta property=\"og:description\" content=\"Retrouvez ici des tuttos, des explications et des exemples pour apprendre \u00e0 vous orienter dans la m\u00e9diath\u00e8que et \u00e0 utiliser ses ressources. Recherches dans BiblioDip Connectez-vous \u00e0 votre compte lecteur dans BiblioDip Mode d&#039;emploi du catalogue BiblioDip Effectuez une recherche \u00e0 th\u00e8me dans BiblioDip Savoir-lire-une-notice Les diff\u00e9rentes parties d&#039;un livre Reconnaitre les diff\u00e9rentes parties d&#039;un [&hellip;]\" \/>\n<meta property=\"og:url\" content=\"https:\/\/edurec.ge.ch\/site\/cfpt-cedoc\/aides-pour-recherche\/\" \/>\n<meta property=\"og:site_name\" content=\"CFPT Cedoc\" \/>\n<meta property=\"article:modified_time\" content=\"2025-02-20T14:19:09+00:00\" \/>\n<meta property=\"og:image\" content=\"https:\/\/edurec.ge.ch\/site\/cfpt-cedoc\/wp-content\/uploads\/sites\/119\/2016\/02\/ENGRENAAAAAAAGE.png\" \/>\n\t<meta property=\"og:image:width\" content=\"620\" \/>\n\t<meta property=\"og:image:height\" content=\"241\" \/>\n\t<meta property=\"og:image:type\" content=\"image\/png\" \/>\n<meta name=\"twitter:card\" content=\"summary_large_image\" \/>\n<meta name=\"twitter:label1\" content=\"Dur\u00e9e de lecture estim\u00e9e\" \/>\n\t<meta name=\"twitter:data1\" content=\"2 minutes\" \/>\n<script type=\"application\/ld+json\" class=\"yoast-schema-graph\">{\"@context\":\"https:\/\/schema.org\",\"@graph\":[{\"@type\":\"WebPage\",\"@id\":\"https:\/\/edurec.ge.ch\/site\/cfpt-cedoc\/aides-pour-recherche\/\",\"url\":\"https:\/\/edurec.ge.ch\/site\/cfpt-cedoc\/aides-pour-recherche\/\",\"name\":\"Aide \u00e0 la recherche - CFPT Cedoc\",\"isPartOf\":{\"@id\":\"https:\/\/edurec.ge.ch\/site\/cfpt-cedoc\/#website\"},\"primaryImageOfPage\":{\"@id\":\"https:\/\/edurec.ge.ch\/site\/cfpt-cedoc\/aides-pour-recherche\/#primaryimage\"},\"image\":{\"@id\":\"https:\/\/edurec.ge.ch\/site\/cfpt-cedoc\/aides-pour-recherche\/#primaryimage\"},\"thumbnailUrl\":\"https:\/\/edurec.ge.ch\/site\/cfpt-cedoc\/wp-content\/uploads\/sites\/119\/2016\/02\/ENGRENAAAAAAAGE.png\",\"datePublished\":\"2019-03-08T10:08:26+00:00\",\"dateModified\":\"2025-02-20T14:19:09+00:00\",\"breadcrumb\":{\"@id\":\"https:\/\/edurec.ge.ch\/site\/cfpt-cedoc\/aides-pour-recherche\/#breadcrumb\"},\"inLanguage\":\"fr-FR\",\"potentialAction\":[{\"@type\":\"ReadAction\",\"target\":[\"https:\/\/edurec.ge.ch\/site\/cfpt-cedoc\/aides-pour-recherche\/\"]}]},{\"@type\":\"ImageObject\",\"inLanguage\":\"fr-FR\",\"@id\":\"https:\/\/edurec.ge.ch\/site\/cfpt-cedoc\/aides-pour-recherche\/#primaryimage\",\"url\":\"https:\/\/edurec.ge.ch\/site\/cfpt-cedoc\/wp-content\/uploads\/sites\/119\/2016\/02\/ENGRENAAAAAAAGE.png\",\"contentUrl\":\"https:\/\/edurec.ge.ch\/site\/cfpt-cedoc\/wp-content\/uploads\/sites\/119\/2016\/02\/ENGRENAAAAAAAGE.png\",\"width\":620,\"height\":241},{\"@type\":\"BreadcrumbList\",\"@id\":\"https:\/\/edurec.ge.ch\/site\/cfpt-cedoc\/aides-pour-recherche\/#breadcrumb\",\"itemListElement\":[{\"@type\":\"ListItem\",\"position\":1,\"name\":\"Accueil\",\"item\":\"https:\/\/edurec.ge.ch\/site\/cfpt-cedoc\/\"},{\"@type\":\"ListItem\",\"position\":2,\"name\":\"Aide \u00e0 la recherche\"}]},{\"@type\":\"WebSite\",\"@id\":\"https:\/\/edurec.ge.ch\/site\/cfpt-cedoc\/#website\",\"url\":\"https:\/\/edurec.ge.ch\/site\/cfpt-cedoc\/\",\"name\":\"CFPT Cedoc\",\"description\":\"Toutes les informations pratiques du CEDOC du CFPT\",\"potentialAction\":[{\"@type\":\"SearchAction\",\"target\":{\"@type\":\"EntryPoint\",\"urlTemplate\":\"https:\/\/edurec.ge.ch\/site\/cfpt-cedoc\/?s={search_term_string}\"},\"query-input\":{\"@type\":\"PropertyValueSpecification\",\"valueRequired\":true,\"valueName\":\"search_term_string\"}}],\"inLanguage\":\"fr-FR\"}]}<\/script>\n<!-- \/ Yoast SEO plugin. -->","yoast_head_json":{"title":"Aide \u00e0 la recherche - CFPT Cedoc","robots":{"index":"index","follow":"follow","max-snippet":"max-snippet:-1","max-image-preview":"max-image-preview:large","max-video-preview":"max-video-preview:-1"},"canonical":"https:\/\/edurec.ge.ch\/site\/cfpt-cedoc\/aides-pour-recherche\/","og_locale":"fr_FR","og_type":"article","og_title":"Aide \u00e0 la recherche - CFPT Cedoc","og_description":"Retrouvez ici des tuttos, des explications et des exemples pour apprendre \u00e0 vous orienter dans la m\u00e9diath\u00e8que et \u00e0 utiliser ses ressources. Recherches dans BiblioDip Connectez-vous \u00e0 votre compte lecteur dans BiblioDip Mode d'emploi du catalogue BiblioDip Effectuez une recherche \u00e0 th\u00e8me dans BiblioDip Savoir-lire-une-notice Les diff\u00e9rentes parties d'un livre Reconnaitre les diff\u00e9rentes parties d'un [&hellip;]","og_url":"https:\/\/edurec.ge.ch\/site\/cfpt-cedoc\/aides-pour-recherche\/","og_site_name":"CFPT Cedoc","article_modified_time":"2025-02-20T14:19:09+00:00","og_image":[{"width":620,"height":241,"url":"https:\/\/edurec.ge.ch\/site\/cfpt-cedoc\/wp-content\/uploads\/sites\/119\/2016\/02\/ENGRENAAAAAAAGE.png","type":"image\/png"}],"twitter_card":"summary_large_image","twitter_misc":{"Dur\u00e9e de lecture estim\u00e9e":"2 minutes"},"schema":{"@context":"https:\/\/schema.org","@graph":[{"@type":"WebPage","@id":"https:\/\/edurec.ge.ch\/site\/cfpt-cedoc\/aides-pour-recherche\/","url":"https:\/\/edurec.ge.ch\/site\/cfpt-cedoc\/aides-pour-recherche\/","name":"Aide \u00e0 la recherche - CFPT Cedoc","isPartOf":{"@id":"https:\/\/edurec.ge.ch\/site\/cfpt-cedoc\/#website"},"primaryImageOfPage":{"@id":"https:\/\/edurec.ge.ch\/site\/cfpt-cedoc\/aides-pour-recherche\/#primaryimage"},"image":{"@id":"https:\/\/edurec.ge.ch\/site\/cfpt-cedoc\/aides-pour-recherche\/#primaryimage"},"thumbnailUrl":"https:\/\/edurec.ge.ch\/site\/cfpt-cedoc\/wp-content\/uploads\/sites\/119\/2016\/02\/ENGRENAAAAAAAGE.png","datePublished":"2019-03-08T10:08:26+00:00","dateModified":"2025-02-20T14:19:09+00:00","breadcrumb":{"@id":"https:\/\/edurec.ge.ch\/site\/cfpt-cedoc\/aides-pour-recherche\/#breadcrumb"},"inLanguage":"fr-FR","potentialAction":[{"@type":"ReadAction","target":["https:\/\/edurec.ge.ch\/site\/cfpt-cedoc\/aides-pour-recherche\/"]}]},{"@type":"ImageObject","inLanguage":"fr-FR","@id":"https:\/\/edurec.ge.ch\/site\/cfpt-cedoc\/aides-pour-recherche\/#primaryimage","url":"https:\/\/edurec.ge.ch\/site\/cfpt-cedoc\/wp-content\/uploads\/sites\/119\/2016\/02\/ENGRENAAAAAAAGE.png","contentUrl":"https:\/\/edurec.ge.ch\/site\/cfpt-cedoc\/wp-content\/uploads\/sites\/119\/2016\/02\/ENGRENAAAAAAAGE.png","width":620,"height":241},{"@type":"BreadcrumbList","@id":"https:\/\/edurec.ge.ch\/site\/cfpt-cedoc\/aides-pour-recherche\/#breadcrumb","itemListElement":[{"@type":"ListItem","position":1,"name":"Accueil","item":"https:\/\/edurec.ge.ch\/site\/cfpt-cedoc\/"},{"@type":"ListItem","position":2,"name":"Aide \u00e0 la recherche"}]},{"@type":"WebSite","@id":"https:\/\/edurec.ge.ch\/site\/cfpt-cedoc\/#website","url":"https:\/\/edurec.ge.ch\/site\/cfpt-cedoc\/","name":"CFPT Cedoc","description":"Toutes les informations pratiques du CEDOC du CFPT","potentialAction":[{"@type":"SearchAction","target":{"@type":"EntryPoint","urlTemplate":"https:\/\/edurec.ge.ch\/site\/cfpt-cedoc\/?s={search_term_string}"},"query-input":{"@type":"PropertyValueSpecification","valueRequired":true,"valueName":"search_term_string"}}],"inLanguage":"fr-FR"}]}},"_links":{"self":[{"href":"https:\/\/edurec.ge.ch\/site\/cfpt-cedoc\/wp-json\/wp\/v2\/pages\/681","targetHints":{"allow":["GET"]}}],"collection":[{"href":"https:\/\/edurec.ge.ch\/site\/cfpt-cedoc\/wp-json\/wp\/v2\/pages"}],"about":[{"href":"https:\/\/edurec.ge.ch\/site\/cfpt-cedoc\/wp-json\/wp\/v2\/types\/page"}],"author":[{"embeddable":true,"href":"https:\/\/edurec.ge.ch\/site\/cfpt-cedoc\/wp-json\/wp\/v2\/users\/3617"}],"replies":[{"embeddable":true,"href":"https:\/\/edurec.ge.ch\/site\/cfpt-cedoc\/wp-json\/wp\/v2\/comments?post=681"}],"version-history":[{"count":189,"href":"https:\/\/edurec.ge.ch\/site\/cfpt-cedoc\/wp-json\/wp\/v2\/pages\/681\/revisions"}],"predecessor-version":[{"id":2404,"href":"https:\/\/edurec.ge.ch\/site\/cfpt-cedoc\/wp-json\/wp\/v2\/pages\/681\/revisions\/2404"}],"wp:featuredmedia":[{"embeddable":true,"href":"https:\/\/edurec.ge.ch\/site\/cfpt-cedoc\/wp-json\/wp\/v2\/media\/58"}],"wp:attachment":[{"href":"https:\/\/edurec.ge.ch\/site\/cfpt-cedoc\/wp-json\/wp\/v2\/media?parent=681"}],"curies":[{"name":"wp","href":"https:\/\/api.w.org\/{rel}","templated":true}]}}