{"id":848,"date":"2018-11-29T11:34:42","date_gmt":"2018-11-29T10:34:42","guid":{"rendered":"https:\/\/edurec.ge.ch\/site\/cfpt-automobile\/?page_id=848"},"modified":"2023-03-10T13:03:51","modified_gmt":"2023-03-10T12:03:51","slug":"les-metiers-de-la-carrosseries","status":"publish","type":"page","link":"https:\/\/edurec.ge.ch\/site\/cfpt-automobile\/les-metiers-de-la-carrosseries\/","title":{"rendered":"M\u00e9tiers de la carrosserie"},"content":{"rendered":"<div id=\"pl-848\"  class=\"panel-layout\" ><div id=\"pg-848-0\"  class=\"panel-grid panel-no-style\" ><div id=\"pgc-848-0-0\"  class=\"panel-grid-cell\" ><div id=\"panel-848-0-0-0\" class=\"so-panel widget widget_sow-editor panel-first-child panel-last-child\" data-index=\"0\" ><div\n\t\t\t\n\t\t\tclass=\"so-widget-sow-editor so-widget-sow-editor-base\"\n\t\t\t\n\t\t>\n<div class=\"siteorigin-widget-tinymce textwidget\">\n\t<div id=\"pg-274-0\" class=\"panel-grid panel-no-style\">\n<div id=\"pgc-274-0-0\" class=\"panel-grid-cell\">\n<div id=\"panel-274-0-0-0\" class=\"so-panel widget widget_sow-editor panel-first-child panel-last-child\">\n<div class=\"so-widget-sow-editor so-widget-sow-editor-base\">\n<div class=\"siteorigin-widget-tinymce textwidget\">\n<div class=\"su-heading su-heading-style-default su-heading-align-left\">\n<p class=\"su-heading-inner\"><span style=\"font-size: 16px\">\u00a0Tu as trois formations en carrosserie que tu peux suivre dans notre \u00e9cole :<\/span><\/p>\n<\/div>\n<\/div>\n<\/div>\n<\/div>\n<\/div>\n<\/div>\n<div id=\"pg-274-1\" class=\"panel-grid panel-no-style\">\n<div id=\"pgc-274-1-0\" class=\"panel-grid-cell\">\n<div id=\"panel-274-1-0-0\" class=\"so-panel widget widget_sow-editor panel-first-child panel-last-child\">\n<div class=\"so-widget-sow-editor so-widget-sow-editor-base\">\n<ul>\n<li class=\"siteorigin-widget-tinymce textwidget\">Carrossier-i\u00e8re peintre :\u00a0<a href=\"https:\/\/www.orientation.ch\/dyn\/show\/1900?id=215\">Carrossier-i\u00e8re peintre<\/a><\/li>\n<\/ul>\n<\/div>\n<\/div>\n<\/div>\n<\/div>\n<div id=\"pg-274-1\" class=\"panel-grid panel-no-style\">\n<div id=\"pgc-274-1-0\" class=\"panel-grid-cell\">\n<div id=\"panel-274-1-0-0\" class=\"so-panel widget widget_sow-editor panel-first-child panel-last-child\">\n<ul>\n<li>Carrossier-i\u00e8re t\u00f4lier-i\u00e8re :\u00a0<a href=\"https:\/\/www.orientation.ch\/dyn\/show\/1900?id=265\">Carrossier-i\u00e8re t\u00f4lier-i\u00e8re<\/a><\/li>\n<\/ul>\n<\/div>\n<\/div>\n<\/div>\n<ul>\n<li>Carrossier-i\u00e8re r\u00e9parateur-rice : <a href=\"https:\/\/www.orientation.ch\/dyn\/show\/1900?lang=fr&amp;idx=30&amp;id=1680\">Carrossier-i\u00e8re r\u00e9parateur-rice<\/a><\/li>\n<\/ul>\n<div><\/div>\n<div><\/div>\n<div id=\"pg-274-1\" class=\"panel-grid panel-no-style\">\n<div id=\"pgc-274-1-0\" class=\"panel-grid-cell\">\n<div id=\"panel-274-1-0-0\" class=\"so-panel widget widget_sow-editor panel-first-child panel-last-child\">\n<div>Retrouve toutes les d'informations d'inscription aupr\u00e8s de l'association professionnelle : <a href=\"https:\/\/www.carrosseriesuisse-ge.ch\/test-dapitudes.html\">Carrosserie Suisse Gen\u00e8ve<\/a><\/div>\n<\/div>\n<\/div>\n<\/div>\n<\/div>\n<\/div><\/div><\/div><\/div><\/div>","protected":false},"excerpt":{"rendered":"<p>\u00a0Tu as trois formations en carrosserie que tu peux suivre dans notre \u00e9cole : Carrossier-i\u00e8re peintre :\u00a0Carrossier-i\u00e8re peintre Carrossier-i\u00e8re t\u00f4lier-i\u00e8re :\u00a0Carrossier-i\u00e8re t\u00f4lier-i\u00e8re Carrossier-i\u00e8re r\u00e9parateur-rice : Carrossier-i\u00e8re r\u00e9parateur-rice Retrouve toutes les d&rsquo;informations d&rsquo;inscription aupr\u00e8s de l&rsquo;association professionnelle : Carrosserie Suisse Gen\u00e8ve<\/p>\n","protected":false},"author":1670,"featured_media":0,"parent":0,"menu_order":0,"comment_status":"closed","ping_status":"closed","template":"custom-page.php","meta":{"footnotes":""},"class_list":["post-848","page","type-page","status-publish","czr-hentry"],"yoast_head":"<!-- This site is optimized with the Yoast SEO plugin v26.4 - https:\/\/yoast.com\/wordpress\/plugins\/seo\/ -->\n<title>M\u00e9tiers de la carrosserie - CFPT Automobile<\/title>\n<meta name=\"robots\" content=\"index, follow, max-snippet:-1, max-image-preview:large, max-video-preview:-1\" \/>\n<link rel=\"canonical\" href=\"https:\/\/edurec.ge.ch\/site\/cfpt-automobile\/les-metiers-de-la-carrosseries\/\" \/>\n<meta property=\"og:locale\" content=\"fr_FR\" \/>\n<meta property=\"og:type\" content=\"article\" \/>\n<meta property=\"og:title\" content=\"M\u00e9tiers de la carrosserie - CFPT Automobile\" \/>\n<meta property=\"og:description\" content=\"\u00a0Tu as trois formations en carrosserie que tu peux suivre dans notre \u00e9cole : Carrossier-i\u00e8re peintre :\u00a0Carrossier-i\u00e8re peintre Carrossier-i\u00e8re t\u00f4lier-i\u00e8re :\u00a0Carrossier-i\u00e8re t\u00f4lier-i\u00e8re Carrossier-i\u00e8re r\u00e9parateur-rice : Carrossier-i\u00e8re r\u00e9parateur-rice Retrouve toutes les d&#039;informations d&#039;inscription aupr\u00e8s de l&#039;association professionnelle : Carrosserie Suisse Gen\u00e8ve\" \/>\n<meta property=\"og:url\" content=\"https:\/\/edurec.ge.ch\/site\/cfpt-automobile\/les-metiers-de-la-carrosseries\/\" \/>\n<meta property=\"og:site_name\" content=\"CFPT Automobile\" \/>\n<meta property=\"article:modified_time\" content=\"2023-03-10T12:03:51+00:00\" \/>\n<meta name=\"twitter:card\" content=\"summary_large_image\" \/>\n<meta name=\"twitter:label1\" content=\"Dur\u00e9e de lecture estim\u00e9e\" \/>\n\t<meta name=\"twitter:data1\" content=\"1 minute\" \/>\n<script type=\"application\/ld+json\" class=\"yoast-schema-graph\">{\"@context\":\"https:\/\/schema.org\",\"@graph\":[{\"@type\":\"WebPage\",\"@id\":\"https:\/\/edurec.ge.ch\/site\/cfpt-automobile\/les-metiers-de-la-carrosseries\/\",\"url\":\"https:\/\/edurec.ge.ch\/site\/cfpt-automobile\/les-metiers-de-la-carrosseries\/\",\"name\":\"M\u00e9tiers de la carrosserie - CFPT Automobile\",\"isPartOf\":{\"@id\":\"https:\/\/edurec.ge.ch\/site\/cfpt-automobile\/#website\"},\"datePublished\":\"2018-11-29T10:34:42+00:00\",\"dateModified\":\"2023-03-10T12:03:51+00:00\",\"breadcrumb\":{\"@id\":\"https:\/\/edurec.ge.ch\/site\/cfpt-automobile\/les-metiers-de-la-carrosseries\/#breadcrumb\"},\"inLanguage\":\"fr-FR\",\"potentialAction\":[{\"@type\":\"ReadAction\",\"target\":[\"https:\/\/edurec.ge.ch\/site\/cfpt-automobile\/les-metiers-de-la-carrosseries\/\"]}]},{\"@type\":\"BreadcrumbList\",\"@id\":\"https:\/\/edurec.ge.ch\/site\/cfpt-automobile\/les-metiers-de-la-carrosseries\/#breadcrumb\",\"itemListElement\":[{\"@type\":\"ListItem\",\"position\":1,\"name\":\"Accueil\",\"item\":\"https:\/\/edurec.ge.ch\/site\/cfpt-automobile\/\"},{\"@type\":\"ListItem\",\"position\":2,\"name\":\"M\u00e9tiers de la carrosserie\"}]},{\"@type\":\"WebSite\",\"@id\":\"https:\/\/edurec.ge.ch\/site\/cfpt-automobile\/#website\",\"url\":\"https:\/\/edurec.ge.ch\/site\/cfpt-automobile\/\",\"name\":\"CFPT Automobile\",\"description\":\"CFPT Automobile\",\"publisher\":{\"@id\":\"https:\/\/edurec.ge.ch\/site\/cfpt-automobile\/#organization\"},\"potentialAction\":[{\"@type\":\"SearchAction\",\"target\":{\"@type\":\"EntryPoint\",\"urlTemplate\":\"https:\/\/edurec.ge.ch\/site\/cfpt-automobile\/?s={search_term_string}\"},\"query-input\":{\"@type\":\"PropertyValueSpecification\",\"valueRequired\":true,\"valueName\":\"search_term_string\"}}],\"inLanguage\":\"fr-FR\"},{\"@type\":\"Organization\",\"@id\":\"https:\/\/edurec.ge.ch\/site\/cfpt-automobile\/#organization\",\"name\":\"CFPT Automobile\",\"url\":\"https:\/\/edurec.ge.ch\/site\/cfpt-automobile\/\",\"logo\":{\"@type\":\"ImageObject\",\"inLanguage\":\"fr-FR\",\"@id\":\"https:\/\/edurec.ge.ch\/site\/cfpt-automobile\/#\/schema\/logo\/image\/\",\"url\":\"https:\/\/edurec.ge.ch\/site\/cfpt-automobile\/wp-content\/uploads\/sites\/117\/2024\/07\/home-page2.svg\",\"contentUrl\":\"https:\/\/edurec.ge.ch\/site\/cfpt-automobile\/wp-content\/uploads\/sites\/117\/2024\/07\/home-page2.svg\",\"caption\":\"CFPT Automobile\"},\"image\":{\"@id\":\"https:\/\/edurec.ge.ch\/site\/cfpt-automobile\/#\/schema\/logo\/image\/\"}}]}<\/script>\n<!-- \/ Yoast SEO plugin. -->","yoast_head_json":{"title":"M\u00e9tiers de la carrosserie - CFPT Automobile","robots":{"index":"index","follow":"follow","max-snippet":"max-snippet:-1","max-image-preview":"max-image-preview:large","max-video-preview":"max-video-preview:-1"},"canonical":"https:\/\/edurec.ge.ch\/site\/cfpt-automobile\/les-metiers-de-la-carrosseries\/","og_locale":"fr_FR","og_type":"article","og_title":"M\u00e9tiers de la carrosserie - CFPT Automobile","og_description":"\u00a0Tu as trois formations en carrosserie que tu peux suivre dans notre \u00e9cole : Carrossier-i\u00e8re peintre :\u00a0Carrossier-i\u00e8re peintre Carrossier-i\u00e8re t\u00f4lier-i\u00e8re :\u00a0Carrossier-i\u00e8re t\u00f4lier-i\u00e8re Carrossier-i\u00e8re r\u00e9parateur-rice : Carrossier-i\u00e8re r\u00e9parateur-rice Retrouve toutes les d'informations d'inscription aupr\u00e8s de l'association professionnelle : Carrosserie Suisse Gen\u00e8ve","og_url":"https:\/\/edurec.ge.ch\/site\/cfpt-automobile\/les-metiers-de-la-carrosseries\/","og_site_name":"CFPT Automobile","article_modified_time":"2023-03-10T12:03:51+00:00","twitter_card":"summary_large_image","twitter_misc":{"Dur\u00e9e de lecture estim\u00e9e":"1 minute"},"schema":{"@context":"https:\/\/schema.org","@graph":[{"@type":"WebPage","@id":"https:\/\/edurec.ge.ch\/site\/cfpt-automobile\/les-metiers-de-la-carrosseries\/","url":"https:\/\/edurec.ge.ch\/site\/cfpt-automobile\/les-metiers-de-la-carrosseries\/","name":"M\u00e9tiers de la carrosserie - CFPT Automobile","isPartOf":{"@id":"https:\/\/edurec.ge.ch\/site\/cfpt-automobile\/#website"},"datePublished":"2018-11-29T10:34:42+00:00","dateModified":"2023-03-10T12:03:51+00:00","breadcrumb":{"@id":"https:\/\/edurec.ge.ch\/site\/cfpt-automobile\/les-metiers-de-la-carrosseries\/#breadcrumb"},"inLanguage":"fr-FR","potentialAction":[{"@type":"ReadAction","target":["https:\/\/edurec.ge.ch\/site\/cfpt-automobile\/les-metiers-de-la-carrosseries\/"]}]},{"@type":"BreadcrumbList","@id":"https:\/\/edurec.ge.ch\/site\/cfpt-automobile\/les-metiers-de-la-carrosseries\/#breadcrumb","itemListElement":[{"@type":"ListItem","position":1,"name":"Accueil","item":"https:\/\/edurec.ge.ch\/site\/cfpt-automobile\/"},{"@type":"ListItem","position":2,"name":"M\u00e9tiers de la carrosserie"}]},{"@type":"WebSite","@id":"https:\/\/edurec.ge.ch\/site\/cfpt-automobile\/#website","url":"https:\/\/edurec.ge.ch\/site\/cfpt-automobile\/","name":"CFPT Automobile","description":"CFPT Automobile","publisher":{"@id":"https:\/\/edurec.ge.ch\/site\/cfpt-automobile\/#organization"},"potentialAction":[{"@type":"SearchAction","target":{"@type":"EntryPoint","urlTemplate":"https:\/\/edurec.ge.ch\/site\/cfpt-automobile\/?s={search_term_string}"},"query-input":{"@type":"PropertyValueSpecification","valueRequired":true,"valueName":"search_term_string"}}],"inLanguage":"fr-FR"},{"@type":"Organization","@id":"https:\/\/edurec.ge.ch\/site\/cfpt-automobile\/#organization","name":"CFPT Automobile","url":"https:\/\/edurec.ge.ch\/site\/cfpt-automobile\/","logo":{"@type":"ImageObject","inLanguage":"fr-FR","@id":"https:\/\/edurec.ge.ch\/site\/cfpt-automobile\/#\/schema\/logo\/image\/","url":"https:\/\/edurec.ge.ch\/site\/cfpt-automobile\/wp-content\/uploads\/sites\/117\/2024\/07\/home-page2.svg","contentUrl":"https:\/\/edurec.ge.ch\/site\/cfpt-automobile\/wp-content\/uploads\/sites\/117\/2024\/07\/home-page2.svg","caption":"CFPT Automobile"},"image":{"@id":"https:\/\/edurec.ge.ch\/site\/cfpt-automobile\/#\/schema\/logo\/image\/"}}]}},"_links":{"self":[{"href":"https:\/\/edurec.ge.ch\/site\/cfpt-automobile\/wp-json\/wp\/v2\/pages\/848","targetHints":{"allow":["GET"]}}],"collection":[{"href":"https:\/\/edurec.ge.ch\/site\/cfpt-automobile\/wp-json\/wp\/v2\/pages"}],"about":[{"href":"https:\/\/edurec.ge.ch\/site\/cfpt-automobile\/wp-json\/wp\/v2\/types\/page"}],"author":[{"embeddable":true,"href":"https:\/\/edurec.ge.ch\/site\/cfpt-automobile\/wp-json\/wp\/v2\/users\/1670"}],"replies":[{"embeddable":true,"href":"https:\/\/edurec.ge.ch\/site\/cfpt-automobile\/wp-json\/wp\/v2\/comments?post=848"}],"version-history":[{"count":61,"href":"https:\/\/edurec.ge.ch\/site\/cfpt-automobile\/wp-json\/wp\/v2\/pages\/848\/revisions"}],"predecessor-version":[{"id":1976,"href":"https:\/\/edurec.ge.ch\/site\/cfpt-automobile\/wp-json\/wp\/v2\/pages\/848\/revisions\/1976"}],"wp:attachment":[{"href":"https:\/\/edurec.ge.ch\/site\/cfpt-automobile\/wp-json\/wp\/v2\/media?parent=848"}],"curies":[{"name":"wp","href":"https:\/\/api.w.org\/{rel}","templated":true}]}}