{"id":532,"date":"2018-11-22T11:34:12","date_gmt":"2018-11-22T10:34:12","guid":{"rendered":"https:\/\/edurec.ge.ch\/site\/cfpt-automobile\/?page_id=532"},"modified":"2023-03-10T13:09:18","modified_gmt":"2023-03-10T12:09:18","slug":"mecatronicien-en-automobile-dual","status":"publish","type":"page","link":"https:\/\/edurec.ge.ch\/site\/cfpt-automobile\/mecatronicien-en-automobile-dual\/","title":{"rendered":"M\u00e9catronicien-ne d&rsquo;automobiles dual"},"content":{"rendered":"<div id=\"pl-532\"  class=\"panel-layout\" ><div id=\"pg-532-0\"  class=\"panel-grid panel-no-style\" ><div id=\"pgc-532-0-0\"  class=\"panel-grid-cell\" ><div id=\"panel-532-0-0-0\" class=\"so-panel widget widget_sow-editor panel-first-child panel-last-child\" data-index=\"0\" ><div\n\t\t\t\n\t\t\tclass=\"so-widget-sow-editor so-widget-sow-editor-base\"\n\t\t\t\n\t\t>\n<div class=\"siteorigin-widget-tinymce textwidget\">\n\t<p>Le m\u00e9tier de M\u00e9catronicien en maintenance d'automobiles d'une dur\u00e9e de 4 ans existe en d\u00e9clinaison dual (en \u00e9cole et chez un patron)\u00a0ou plein-temps (uniquement en \u00e9cole). Pour la version plein-temps, <a href=\"https:\/\/edurec.ge.ch\/site\/cfpt-automobile\/mecatronicien-en-automobile-plein-temps\/\">regarde ici.<\/a><\/p>\n<p>Cet apprentissage\u00a0sous sa forme\u00a0dual se\u00a0r\u00e9alise avec un partenariat entre les entreprises formatrices (garage) pour la partie pratique et notre \u00e9cole pour la th\u00e9orie. L\u2019apprenti suivra en plus des cours pratiques sp\u00e9cifiques au sein des locaux de l\u2019UPSA.<\/p>\n<p>Au sein de notre \u00e9cole, l\u2019apprenti suivra notamment de cours de technique qui lui permettra\u00a0d\u2019acqu\u00e9rir des comp\u00e9tences de diagnostic et de r\u00e9paration\u00a0sur les moteurs, le ch\u00e2ssis, l\u2019\u00e9lectricit\u00e9 ou tout autre \u00e9l\u00e9ment qui concerne les v\u00e9hicules.<\/p>\n<p><a href=\"https:\/\/edurec.ge.ch\/site\/cfpt-automobile\/wp-content\/uploads\/sites\/117\/2018\/11\/Atelier-2%C3%A8me-ann%C3%A9e-3.jpg\" data-rel=\"lightbox-image-0\" data-rl_title=\"\" data-rl_caption=\"\" title=\"\">\u00a0<\/a><\/p>\n<p>Tu vas \u00e9galement suivre des cours de culture g\u00e9n\u00e9rale qui vont te pr\u00e9parer \u00e0 ton avenir professionnel et personnel. Si tu pr\u00e9f\u00e8res, et si tes notes actuelles te le permettent tu peux remplacer les cours de cultures g\u00e9n\u00e9rales par des cours pour obtenir<a href=\"https:\/\/edurec.ge.ch\/site\/cfpt-enseignement-general\/\"> une maturit\u00e9 professionnelle.<\/a><\/p>\n<p>Et, pour finaliser le toute, quelques cours de gymnastique assureront ta forme physique!<\/p>\n<p>Par la suite si tu te d\u00e9brouilles bien tu pourras compl\u00e9ter ta formation avec soit <a href=\"https:\/\/www.bfh.ch\/fr\/etudes\/bachelor\/technique_et_informatique\/technique_automobile.html\">un dipl\u00f4me d'ing\u00e9nieur<\/a> ou encore <a href=\"https:\/\/www.autoberufe.ch\/fr\/node\/23694?_ga=2.209086032.378028169.1542982689-435171012.1542982689\">un brevet f\u00e9d\u00e9ral<\/a>.<\/p>\n<\/div>\n<\/div><\/div><\/div><\/div><div id=\"pg-532-1\"  class=\"panel-grid panel-no-style\" ><div id=\"pgc-532-1-0\"  class=\"panel-grid-cell\" ><div id=\"panel-532-1-0-0\" class=\"so-panel widget widget_sow-editor panel-first-child panel-last-child\" data-index=\"1\" ><div\n\t\t\t\n\t\t\tclass=\"so-widget-sow-editor so-widget-sow-editor-base\"\n\t\t\t\n\t\t>\n<div class=\"siteorigin-widget-tinymce textwidget\">\n\t<p>Vous trouverez plus d\u2019info sur le m\u00e9tier en lui-m\u00eame sur le site orientation.ch<\/p>\n<\/div>\n<\/div><\/div><\/div><div id=\"pgc-532-1-1\"  class=\"panel-grid-cell\" ><div id=\"panel-532-1-1-0\" class=\"so-panel widget widget_sow-editor panel-first-child panel-last-child\" data-index=\"2\" ><div\n\t\t\t\n\t\t\tclass=\"so-widget-sow-editor so-widget-sow-editor-base\"\n\t\t\t\n\t\t>\n<div class=\"siteorigin-widget-tinymce textwidget\">\n\t<p>Vous trouver plus d\u2019info sur comment int\u00e9grer un garage pour cette formation sur le site de l\u2019UPSA section Gen\u00e8ve<\/p>\n<\/div>\n<\/div><\/div><\/div><div id=\"pgc-532-1-2\"  class=\"panel-grid-cell\" ><div id=\"panel-532-1-2-0\" class=\"so-panel widget widget_sow-editor panel-first-child panel-last-child\" data-index=\"3\" ><div\n\t\t\t\n\t\t\tclass=\"so-widget-sow-editor so-widget-sow-editor-base\"\n\t\t\t\n\t\t>\n<div class=\"siteorigin-widget-tinymce textwidget\">\n\t<p>\u00a0Vous trouver plus d\u2019info sur la partie pratique sur le site de l\u2019UPSA section Gen\u00e8ve<\/p>\n<\/div>\n<\/div><\/div><\/div><\/div><div id=\"pg-532-2\"  class=\"panel-grid panel-no-style\" ><div id=\"pgc-532-2-0\"  class=\"panel-grid-cell\" ><div id=\"panel-532-2-0-0\" class=\"so-panel widget widget_media_image panel-first-child panel-last-child\" data-index=\"4\" ><a href=\"https:\/\/www.orientation.ch\/dyn\/show\/1900?lang=fr&#038;idx=30&#038;id=1029\"><img loading=\"lazy\" decoding=\"async\" width=\"300\" height=\"175\" src=\"https:\/\/edurec.ge.ch\/site\/cfpt-automobile\/wp-content\/uploads\/sites\/117\/2018\/11\/orientation-300x175.png\" class=\"image wp-image-244  attachment-medium size-medium\" alt=\"\" style=\"max-width: 100%; height: auto;\" srcset=\"https:\/\/edurec.ge.ch\/site\/cfpt-automobile\/wp-content\/uploads\/sites\/117\/2018\/11\/orientation-300x175.png 300w, https:\/\/edurec.ge.ch\/site\/cfpt-automobile\/wp-content\/uploads\/sites\/117\/2018\/11\/orientation.png 383w\" sizes=\"auto, (max-width: 300px) 100vw, 300px\" \/><\/a><\/div><\/div><div id=\"pgc-532-2-1\"  class=\"panel-grid-cell\" ><div id=\"panel-532-2-1-0\" class=\"so-panel widget widget_media_image panel-first-child panel-last-child\" data-index=\"5\" ><a href=\"https:\/\/www.autoberufe.ch\/fr\/node\/23705\"><img loading=\"lazy\" decoding=\"async\" width=\"300\" height=\"74\" src=\"https:\/\/edurec.ge.ch\/site\/cfpt-automobile\/wp-content\/uploads\/sites\/117\/2018\/11\/UPSA-300x74.png\" class=\"image wp-image-245  attachment-medium size-medium\" alt=\"\" style=\"max-width: 100%; height: auto;\" srcset=\"https:\/\/edurec.ge.ch\/site\/cfpt-automobile\/wp-content\/uploads\/sites\/117\/2018\/11\/UPSA-300x74.png 300w, https:\/\/edurec.ge.ch\/site\/cfpt-automobile\/wp-content\/uploads\/sites\/117\/2018\/11\/UPSA.png 442w\" sizes=\"auto, (max-width: 300px) 100vw, 300px\" \/><\/a><\/div><\/div><div id=\"pgc-532-2-2\"  class=\"panel-grid-cell\" ><div id=\"panel-532-2-2-0\" class=\"so-panel widget widget_media_image panel-first-child panel-last-child\" data-index=\"6\" ><a href=\"https:\/\/www.autoberufe.ch\/fr\/node\/23705\"><img loading=\"lazy\" decoding=\"async\" width=\"300\" height=\"74\" src=\"https:\/\/edurec.ge.ch\/site\/cfpt-automobile\/wp-content\/uploads\/sites\/117\/2018\/11\/UPSA-300x74.png\" class=\"image wp-image-245  attachment-medium size-medium\" alt=\"\" style=\"max-width: 100%; height: auto;\" srcset=\"https:\/\/edurec.ge.ch\/site\/cfpt-automobile\/wp-content\/uploads\/sites\/117\/2018\/11\/UPSA-300x74.png 300w, https:\/\/edurec.ge.ch\/site\/cfpt-automobile\/wp-content\/uploads\/sites\/117\/2018\/11\/UPSA.png 442w\" sizes=\"auto, (max-width: 300px) 100vw, 300px\" \/><\/a><\/div><\/div><\/div><\/div>","protected":false},"excerpt":{"rendered":"<p>Le m\u00e9tier de M\u00e9catronicien en maintenance d&rsquo;automobiles d&rsquo;une dur\u00e9e de 4 ans existe en d\u00e9clinaison dual (en \u00e9cole et chez un patron)\u00a0ou plein-temps (uniquement en \u00e9cole). Pour la version plein-temps, regarde ici. Cet apprentissage\u00a0sous sa forme\u00a0dual se\u00a0r\u00e9alise avec un partenariat entre les entreprises formatrices (garage) pour la partie pratique et notre \u00e9cole pour la th\u00e9orie. [&hellip;]<\/p>\n","protected":false},"author":1670,"featured_media":0,"parent":0,"menu_order":0,"comment_status":"closed","ping_status":"closed","template":"custom-page.php","meta":{"footnotes":""},"class_list":["post-532","page","type-page","status-publish","czr-hentry"],"yoast_head":"<!-- This site is optimized with the Yoast SEO plugin v26.4 - https:\/\/yoast.com\/wordpress\/plugins\/seo\/ -->\n<title>M\u00e9catronicien-ne d&#039;automobiles dual - CFPT Automobile<\/title>\n<meta name=\"robots\" content=\"index, follow, max-snippet:-1, max-image-preview:large, max-video-preview:-1\" \/>\n<link rel=\"canonical\" href=\"https:\/\/edurec.ge.ch\/site\/cfpt-automobile\/mecatronicien-en-automobile-dual\/\" \/>\n<meta property=\"og:locale\" content=\"fr_FR\" \/>\n<meta property=\"og:type\" content=\"article\" \/>\n<meta property=\"og:title\" content=\"M\u00e9catronicien-ne d&#039;automobiles dual - CFPT Automobile\" \/>\n<meta property=\"og:description\" content=\"Le m\u00e9tier de M\u00e9catronicien en maintenance d&#039;automobiles d&#039;une dur\u00e9e de 4 ans existe en d\u00e9clinaison dual (en \u00e9cole et chez un patron)\u00a0ou plein-temps (uniquement en \u00e9cole). Pour la version plein-temps, regarde ici. Cet apprentissage\u00a0sous sa forme\u00a0dual se\u00a0r\u00e9alise avec un partenariat entre les entreprises formatrices (garage) pour la partie pratique et notre \u00e9cole pour la th\u00e9orie. [&hellip;]\" \/>\n<meta property=\"og:url\" content=\"https:\/\/edurec.ge.ch\/site\/cfpt-automobile\/mecatronicien-en-automobile-dual\/\" \/>\n<meta property=\"og:site_name\" content=\"CFPT Automobile\" \/>\n<meta property=\"article:modified_time\" content=\"2023-03-10T12:09:18+00:00\" \/>\n<meta name=\"twitter:card\" content=\"summary_large_image\" \/>\n<meta name=\"twitter:label1\" content=\"Dur\u00e9e de lecture estim\u00e9e\" \/>\n\t<meta name=\"twitter:data1\" content=\"2 minutes\" \/>\n<script type=\"application\/ld+json\" class=\"yoast-schema-graph\">{\"@context\":\"https:\/\/schema.org\",\"@graph\":[{\"@type\":\"WebPage\",\"@id\":\"https:\/\/edurec.ge.ch\/site\/cfpt-automobile\/mecatronicien-en-automobile-dual\/\",\"url\":\"https:\/\/edurec.ge.ch\/site\/cfpt-automobile\/mecatronicien-en-automobile-dual\/\",\"name\":\"M\u00e9catronicien-ne d'automobiles dual - CFPT Automobile\",\"isPartOf\":{\"@id\":\"https:\/\/edurec.ge.ch\/site\/cfpt-automobile\/#website\"},\"datePublished\":\"2018-11-22T10:34:12+00:00\",\"dateModified\":\"2023-03-10T12:09:18+00:00\",\"breadcrumb\":{\"@id\":\"https:\/\/edurec.ge.ch\/site\/cfpt-automobile\/mecatronicien-en-automobile-dual\/#breadcrumb\"},\"inLanguage\":\"fr-FR\",\"potentialAction\":[{\"@type\":\"ReadAction\",\"target\":[\"https:\/\/edurec.ge.ch\/site\/cfpt-automobile\/mecatronicien-en-automobile-dual\/\"]}]},{\"@type\":\"BreadcrumbList\",\"@id\":\"https:\/\/edurec.ge.ch\/site\/cfpt-automobile\/mecatronicien-en-automobile-dual\/#breadcrumb\",\"itemListElement\":[{\"@type\":\"ListItem\",\"position\":1,\"name\":\"Accueil\",\"item\":\"https:\/\/edurec.ge.ch\/site\/cfpt-automobile\/\"},{\"@type\":\"ListItem\",\"position\":2,\"name\":\"M\u00e9catronicien-ne d&rsquo;automobiles dual\"}]},{\"@type\":\"WebSite\",\"@id\":\"https:\/\/edurec.ge.ch\/site\/cfpt-automobile\/#website\",\"url\":\"https:\/\/edurec.ge.ch\/site\/cfpt-automobile\/\",\"name\":\"CFPT Automobile\",\"description\":\"CFPT Automobile\",\"publisher\":{\"@id\":\"https:\/\/edurec.ge.ch\/site\/cfpt-automobile\/#organization\"},\"potentialAction\":[{\"@type\":\"SearchAction\",\"target\":{\"@type\":\"EntryPoint\",\"urlTemplate\":\"https:\/\/edurec.ge.ch\/site\/cfpt-automobile\/?s={search_term_string}\"},\"query-input\":{\"@type\":\"PropertyValueSpecification\",\"valueRequired\":true,\"valueName\":\"search_term_string\"}}],\"inLanguage\":\"fr-FR\"},{\"@type\":\"Organization\",\"@id\":\"https:\/\/edurec.ge.ch\/site\/cfpt-automobile\/#organization\",\"name\":\"CFPT Automobile\",\"url\":\"https:\/\/edurec.ge.ch\/site\/cfpt-automobile\/\",\"logo\":{\"@type\":\"ImageObject\",\"inLanguage\":\"fr-FR\",\"@id\":\"https:\/\/edurec.ge.ch\/site\/cfpt-automobile\/#\/schema\/logo\/image\/\",\"url\":\"https:\/\/edurec.ge.ch\/site\/cfpt-automobile\/wp-content\/uploads\/sites\/117\/2024\/07\/home-page2.svg\",\"contentUrl\":\"https:\/\/edurec.ge.ch\/site\/cfpt-automobile\/wp-content\/uploads\/sites\/117\/2024\/07\/home-page2.svg\",\"caption\":\"CFPT Automobile\"},\"image\":{\"@id\":\"https:\/\/edurec.ge.ch\/site\/cfpt-automobile\/#\/schema\/logo\/image\/\"}}]}<\/script>\n<!-- \/ Yoast SEO plugin. -->","yoast_head_json":{"title":"M\u00e9catronicien-ne d'automobiles dual - CFPT Automobile","robots":{"index":"index","follow":"follow","max-snippet":"max-snippet:-1","max-image-preview":"max-image-preview:large","max-video-preview":"max-video-preview:-1"},"canonical":"https:\/\/edurec.ge.ch\/site\/cfpt-automobile\/mecatronicien-en-automobile-dual\/","og_locale":"fr_FR","og_type":"article","og_title":"M\u00e9catronicien-ne d'automobiles dual - CFPT Automobile","og_description":"Le m\u00e9tier de M\u00e9catronicien en maintenance d'automobiles d'une dur\u00e9e de 4 ans existe en d\u00e9clinaison dual (en \u00e9cole et chez un patron)\u00a0ou plein-temps (uniquement en \u00e9cole). Pour la version plein-temps, regarde ici. Cet apprentissage\u00a0sous sa forme\u00a0dual se\u00a0r\u00e9alise avec un partenariat entre les entreprises formatrices (garage) pour la partie pratique et notre \u00e9cole pour la th\u00e9orie. [&hellip;]","og_url":"https:\/\/edurec.ge.ch\/site\/cfpt-automobile\/mecatronicien-en-automobile-dual\/","og_site_name":"CFPT Automobile","article_modified_time":"2023-03-10T12:09:18+00:00","twitter_card":"summary_large_image","twitter_misc":{"Dur\u00e9e de lecture estim\u00e9e":"2 minutes"},"schema":{"@context":"https:\/\/schema.org","@graph":[{"@type":"WebPage","@id":"https:\/\/edurec.ge.ch\/site\/cfpt-automobile\/mecatronicien-en-automobile-dual\/","url":"https:\/\/edurec.ge.ch\/site\/cfpt-automobile\/mecatronicien-en-automobile-dual\/","name":"M\u00e9catronicien-ne d'automobiles dual - CFPT Automobile","isPartOf":{"@id":"https:\/\/edurec.ge.ch\/site\/cfpt-automobile\/#website"},"datePublished":"2018-11-22T10:34:12+00:00","dateModified":"2023-03-10T12:09:18+00:00","breadcrumb":{"@id":"https:\/\/edurec.ge.ch\/site\/cfpt-automobile\/mecatronicien-en-automobile-dual\/#breadcrumb"},"inLanguage":"fr-FR","potentialAction":[{"@type":"ReadAction","target":["https:\/\/edurec.ge.ch\/site\/cfpt-automobile\/mecatronicien-en-automobile-dual\/"]}]},{"@type":"BreadcrumbList","@id":"https:\/\/edurec.ge.ch\/site\/cfpt-automobile\/mecatronicien-en-automobile-dual\/#breadcrumb","itemListElement":[{"@type":"ListItem","position":1,"name":"Accueil","item":"https:\/\/edurec.ge.ch\/site\/cfpt-automobile\/"},{"@type":"ListItem","position":2,"name":"M\u00e9catronicien-ne d&rsquo;automobiles dual"}]},{"@type":"WebSite","@id":"https:\/\/edurec.ge.ch\/site\/cfpt-automobile\/#website","url":"https:\/\/edurec.ge.ch\/site\/cfpt-automobile\/","name":"CFPT Automobile","description":"CFPT Automobile","publisher":{"@id":"https:\/\/edurec.ge.ch\/site\/cfpt-automobile\/#organization"},"potentialAction":[{"@type":"SearchAction","target":{"@type":"EntryPoint","urlTemplate":"https:\/\/edurec.ge.ch\/site\/cfpt-automobile\/?s={search_term_string}"},"query-input":{"@type":"PropertyValueSpecification","valueRequired":true,"valueName":"search_term_string"}}],"inLanguage":"fr-FR"},{"@type":"Organization","@id":"https:\/\/edurec.ge.ch\/site\/cfpt-automobile\/#organization","name":"CFPT Automobile","url":"https:\/\/edurec.ge.ch\/site\/cfpt-automobile\/","logo":{"@type":"ImageObject","inLanguage":"fr-FR","@id":"https:\/\/edurec.ge.ch\/site\/cfpt-automobile\/#\/schema\/logo\/image\/","url":"https:\/\/edurec.ge.ch\/site\/cfpt-automobile\/wp-content\/uploads\/sites\/117\/2024\/07\/home-page2.svg","contentUrl":"https:\/\/edurec.ge.ch\/site\/cfpt-automobile\/wp-content\/uploads\/sites\/117\/2024\/07\/home-page2.svg","caption":"CFPT Automobile"},"image":{"@id":"https:\/\/edurec.ge.ch\/site\/cfpt-automobile\/#\/schema\/logo\/image\/"}}]}},"_links":{"self":[{"href":"https:\/\/edurec.ge.ch\/site\/cfpt-automobile\/wp-json\/wp\/v2\/pages\/532","targetHints":{"allow":["GET"]}}],"collection":[{"href":"https:\/\/edurec.ge.ch\/site\/cfpt-automobile\/wp-json\/wp\/v2\/pages"}],"about":[{"href":"https:\/\/edurec.ge.ch\/site\/cfpt-automobile\/wp-json\/wp\/v2\/types\/page"}],"author":[{"embeddable":true,"href":"https:\/\/edurec.ge.ch\/site\/cfpt-automobile\/wp-json\/wp\/v2\/users\/1670"}],"replies":[{"embeddable":true,"href":"https:\/\/edurec.ge.ch\/site\/cfpt-automobile\/wp-json\/wp\/v2\/comments?post=532"}],"version-history":[{"count":53,"href":"https:\/\/edurec.ge.ch\/site\/cfpt-automobile\/wp-json\/wp\/v2\/pages\/532\/revisions"}],"predecessor-version":[{"id":1983,"href":"https:\/\/edurec.ge.ch\/site\/cfpt-automobile\/wp-json\/wp\/v2\/pages\/532\/revisions\/1983"}],"wp:attachment":[{"href":"https:\/\/edurec.ge.ch\/site\/cfpt-automobile\/wp-json\/wp\/v2\/media?parent=532"}],"curies":[{"name":"wp","href":"https:\/\/api.w.org\/{rel}","templated":true}]}}