{"id":386,"date":"2018-11-11T17:13:10","date_gmt":"2018-11-11T16:13:10","guid":{"rendered":"https:\/\/edurec.ge.ch\/site\/cfpt-automobile\/?page_id=386"},"modified":"2024-07-16T23:01:05","modified_gmt":"2024-07-16T22:01:05","slug":"devenir-mecatronicien-automobile-plein-temps","status":"publish","type":"page","link":"https:\/\/edurec.ge.ch\/site\/cfpt-automobile\/devenir-mecatronicien-automobile-plein-temps\/","title":{"rendered":"Fili\u00e8re plein temps"},"content":{"rendered":"<div id=\"pl-386\"  class=\"panel-layout\" ><div id=\"pg-386-0\"  class=\"panel-grid panel-no-style\" ><div id=\"pgc-386-0-0\"  class=\"panel-grid-cell panel-grid-cell-mobile-last\" ><div id=\"panel-386-0-0-0\" class=\"so-panel widget widget_sow-editor panel-first-child panel-last-child\" data-index=\"0\" ><div\n\t\t\t\n\t\t\tclass=\"so-widget-sow-editor so-widget-sow-editor-base\"\n\t\t\t\n\t\t>\n<div class=\"siteorigin-widget-tinymce textwidget\">\n\t<p><div class=\"su-heading su-heading-style-default su-heading-align-left\" id=\"\" style=\"font-size:18px;margin-bottom:30px\"><div class=\"su-heading-inner\">M\u00e9catronicien-ne d'automobiles<\/div><\/div><br \/>\nLe m\u00e9tier de m\u00e9catronicien d'automobiles te fait envie, si ce n\u2019est pas d\u00e9j\u00e0 fait, je te propose de prendre le temps de consulter ce que t\u2019offre notre \u00e9cole sur cette page. Brochure :\u00a0<strong><a href=\"https:\/\/edurec.ge.ch\/site\/cfpt-automobile\/wp-content\/uploads\/sites\/117\/2019\/01\/Flyer-Me\u0301catronicien-dautomobiles.pdf\" target=\"_blank\" rel=\"noopener\">M\u00e9catronicien-ne d'automobiles<\/a><\/strong><br \/>\nIl est \u00e9galement important que tu fasses <strong><a href=\"https:\/\/edurec.ge.ch\/site\/cfpt-automobile\/stage\/\" target=\"_blank\" rel=\"noopener\">des stages<\/a><\/strong> pour \u00eatre s\u00fbr de ton futur m\u00e9tier, tu peux en faire soit chez nous soit en entreprise.<\/p>\n<p>N\u2019h\u00e9site pas non plus \u00e0 nous rendre visite \u00e0 l'occasion de nos portes ouvertes.<\/p>\n<div class=\"su-spacer\" style=\"height:40px\"><\/div>\n<div class=\"su-heading su-heading-style-default su-heading-align-left\" id=\"\" style=\"font-size:18px;margin-bottom:30px\"><div class=\"su-heading-inner\">Conditions d\u2019entr\u00e9e<\/div><\/div>\n<p>Pour int\u00e9grer notre \u00e9cole en \"fili\u00e8re plein-temps\", tu dois t'inscrire sur e-demarches.<\/p>\n<p>Les tests d'aptitudes<strong> EVA<\/strong> et <strong>EVAtech<\/strong> (avec un score suffisant) sont requis pour la fili\u00e8re m\u00e9catronicien en automobile plein-temps. Il faut s'inscrire d\u00e8s que disponible sur le site : <strong><a href=\"https:\/\/eva-evatech.ch\/\" target=\"_blank\" rel=\"noopener\">https:\/\/eva-evatech.ch\/<\/a><\/strong><\/p>\n<p>Attention, toi ou tes parents doivent obligatoirement payer des imp\u00f4ts sur le canton de Gen\u00e8ve, sinon ton engagement est soumis \u00e0 des conditions particuli\u00e8res.<\/p>\n<p>Les tests d'entr\u00e9e sont des tests que tous les jeunes qui souhaitent devenir m\u00e9catronicien, m\u00e9canicien ou assistant en automobiles doivent passer.<\/p>\n<div class=\"su-spacer\" style=\"height:40px\"><\/div>\n<div class=\"su-heading su-heading-style-default su-heading-align-left\" id=\"\" style=\"font-size:18px;margin-bottom:30px\"><div class=\"su-heading-inner\">S\u00e9ance d'information aux parents et aux futurs \u00e9l\u00e8ves\/apprenti-e-s<\/div><\/div>\n<ul>\n<li style=\"text-align: center\">le jeudi 18 janvier 2024,<\/li>\n<li style=\"text-align: center\">\u00e0 l'aula,<\/li>\n<li style=\"text-align: center\">Chemin G\u00e9rard-de-Ternier 18<\/li>\n<li style=\"text-align: center\">\u00a01213 Petit-Lancy<\/li>\n<li style=\"text-align: center\">\u00e0 18h30.<\/li>\n<\/ul>\n<p>Lors de cette soir\u00e9e, nous r\u00e9pondrons en directe \u00e0 toutes vos questions, concernant toutes les formations dispens\u00e9es au sein de notre \u00e9cole (m\u00e9canique automobile, dual ou plein temps, ou encore la moto, la voiture, la carrosserie et les conducteurs v\u00e9hicules lourds).<\/p>\n<div class=\"su-spacer\" style=\"height:40px\"><\/div>\n<div class=\"su-heading su-heading-style-default su-heading-align-left\" id=\"\" style=\"font-size:18px;margin-bottom:30px\"><div class=\"su-heading-inner\">L\u2019inscription<\/div><\/div>\n<p><strong><a href=\"https:\/\/www.ge.ch\/inscription-enseignement-secondaire-ii\" target=\"_blank\" rel=\"noopener\">Inscriptions en ligne<\/a><\/strong>\u00a0sur e-demarches jusqu'au<strong> 4 mars 2024.<\/strong><\/p>\n<p>&nbsp;<\/p>\n<p>&nbsp;<\/p>\n<p>&nbsp;<\/p>\n<\/div>\n<\/div><\/div><\/div><div id=\"pgc-386-0-1\"  class=\"panel-grid-cell panel-grid-cell-empty\" ><\/div><\/div><\/div>","protected":false},"excerpt":{"rendered":"<p>Le m\u00e9tier de m\u00e9catronicien d&rsquo;automobiles te fait envie, si ce n\u2019est pas d\u00e9j\u00e0 fait, je te propose de prendre le temps de consulter ce que t\u2019offre notre \u00e9cole sur cette page. Brochure :\u00a0M\u00e9catronicien-ne d&rsquo;automobiles Il est \u00e9galement important que tu fasses des stages pour \u00eatre s\u00fbr de ton futur m\u00e9tier, tu peux en faire soit [&hellip;]<\/p>\n","protected":false},"author":1670,"featured_media":2373,"parent":0,"menu_order":0,"comment_status":"closed","ping_status":"closed","template":"","meta":{"footnotes":""},"class_list":["post-386","page","type-page","status-publish","has-post-thumbnail","czr-hentry"],"yoast_head":"<!-- This site is optimized with the Yoast SEO plugin v26.4 - https:\/\/yoast.com\/wordpress\/plugins\/seo\/ -->\n<title>Fili\u00e8re plein temps - CFPT Automobile<\/title>\n<meta name=\"robots\" content=\"index, follow, max-snippet:-1, max-image-preview:large, max-video-preview:-1\" \/>\n<link rel=\"canonical\" href=\"https:\/\/edurec.ge.ch\/site\/cfpt-automobile\/devenir-mecatronicien-automobile-plein-temps\/\" \/>\n<meta property=\"og:locale\" content=\"fr_FR\" \/>\n<meta property=\"og:type\" content=\"article\" \/>\n<meta property=\"og:title\" content=\"Fili\u00e8re plein temps - CFPT Automobile\" \/>\n<meta property=\"og:description\" content=\"Le m\u00e9tier de m\u00e9catronicien d&#039;automobiles te fait envie, si ce n\u2019est pas d\u00e9j\u00e0 fait, je te propose de prendre le temps de consulter ce que t\u2019offre notre \u00e9cole sur cette page. Brochure :\u00a0M\u00e9catronicien-ne d&#039;automobiles Il est \u00e9galement important que tu fasses des stages pour \u00eatre s\u00fbr de ton futur m\u00e9tier, tu peux en faire soit [&hellip;]\" \/>\n<meta property=\"og:url\" content=\"https:\/\/edurec.ge.ch\/site\/cfpt-automobile\/devenir-mecatronicien-automobile-plein-temps\/\" \/>\n<meta property=\"og:site_name\" content=\"CFPT Automobile\" \/>\n<meta property=\"article:modified_time\" content=\"2024-07-16T22:01:05+00:00\" \/>\n<meta property=\"og:image\" content=\"https:\/\/edurec.ge.ch\/site\/cfpt-automobile\/wp-content\/uploads\/sites\/117\/2024\/07\/Capture-decran-2024-07-16-a-11.46.58\u202fPM-2.png\" \/>\n\t<meta property=\"og:image:width\" content=\"1024\" \/>\n\t<meta property=\"og:image:height\" content=\"1024\" \/>\n\t<meta property=\"og:image:type\" content=\"image\/png\" \/>\n<meta name=\"twitter:card\" content=\"summary_large_image\" \/>\n<meta name=\"twitter:label1\" content=\"Dur\u00e9e de lecture estim\u00e9e\" \/>\n\t<meta name=\"twitter:data1\" content=\"2 minutes\" \/>\n<script type=\"application\/ld+json\" class=\"yoast-schema-graph\">{\"@context\":\"https:\/\/schema.org\",\"@graph\":[{\"@type\":\"WebPage\",\"@id\":\"https:\/\/edurec.ge.ch\/site\/cfpt-automobile\/devenir-mecatronicien-automobile-plein-temps\/\",\"url\":\"https:\/\/edurec.ge.ch\/site\/cfpt-automobile\/devenir-mecatronicien-automobile-plein-temps\/\",\"name\":\"Fili\u00e8re plein temps - CFPT Automobile\",\"isPartOf\":{\"@id\":\"https:\/\/edurec.ge.ch\/site\/cfpt-automobile\/#website\"},\"primaryImageOfPage\":{\"@id\":\"https:\/\/edurec.ge.ch\/site\/cfpt-automobile\/devenir-mecatronicien-automobile-plein-temps\/#primaryimage\"},\"image\":{\"@id\":\"https:\/\/edurec.ge.ch\/site\/cfpt-automobile\/devenir-mecatronicien-automobile-plein-temps\/#primaryimage\"},\"thumbnailUrl\":\"https:\/\/edurec.ge.ch\/site\/cfpt-automobile\/wp-content\/uploads\/sites\/117\/2024\/07\/Capture-decran-2024-07-16-a-11.46.58\u202fPM-2.png\",\"datePublished\":\"2018-11-11T16:13:10+00:00\",\"dateModified\":\"2024-07-16T22:01:05+00:00\",\"breadcrumb\":{\"@id\":\"https:\/\/edurec.ge.ch\/site\/cfpt-automobile\/devenir-mecatronicien-automobile-plein-temps\/#breadcrumb\"},\"inLanguage\":\"fr-FR\",\"potentialAction\":[{\"@type\":\"ReadAction\",\"target\":[\"https:\/\/edurec.ge.ch\/site\/cfpt-automobile\/devenir-mecatronicien-automobile-plein-temps\/\"]}]},{\"@type\":\"ImageObject\",\"inLanguage\":\"fr-FR\",\"@id\":\"https:\/\/edurec.ge.ch\/site\/cfpt-automobile\/devenir-mecatronicien-automobile-plein-temps\/#primaryimage\",\"url\":\"https:\/\/edurec.ge.ch\/site\/cfpt-automobile\/wp-content\/uploads\/sites\/117\/2024\/07\/Capture-decran-2024-07-16-a-11.46.58\u202fPM-2.png\",\"contentUrl\":\"https:\/\/edurec.ge.ch\/site\/cfpt-automobile\/wp-content\/uploads\/sites\/117\/2024\/07\/Capture-decran-2024-07-16-a-11.46.58\u202fPM-2.png\",\"width\":1024,\"height\":1024},{\"@type\":\"BreadcrumbList\",\"@id\":\"https:\/\/edurec.ge.ch\/site\/cfpt-automobile\/devenir-mecatronicien-automobile-plein-temps\/#breadcrumb\",\"itemListElement\":[{\"@type\":\"ListItem\",\"position\":1,\"name\":\"Accueil\",\"item\":\"https:\/\/edurec.ge.ch\/site\/cfpt-automobile\/\"},{\"@type\":\"ListItem\",\"position\":2,\"name\":\"Fili\u00e8re plein temps\"}]},{\"@type\":\"WebSite\",\"@id\":\"https:\/\/edurec.ge.ch\/site\/cfpt-automobile\/#website\",\"url\":\"https:\/\/edurec.ge.ch\/site\/cfpt-automobile\/\",\"name\":\"CFPT Automobile\",\"description\":\"CFPT Automobile\",\"publisher\":{\"@id\":\"https:\/\/edurec.ge.ch\/site\/cfpt-automobile\/#organization\"},\"potentialAction\":[{\"@type\":\"SearchAction\",\"target\":{\"@type\":\"EntryPoint\",\"urlTemplate\":\"https:\/\/edurec.ge.ch\/site\/cfpt-automobile\/?s={search_term_string}\"},\"query-input\":{\"@type\":\"PropertyValueSpecification\",\"valueRequired\":true,\"valueName\":\"search_term_string\"}}],\"inLanguage\":\"fr-FR\"},{\"@type\":\"Organization\",\"@id\":\"https:\/\/edurec.ge.ch\/site\/cfpt-automobile\/#organization\",\"name\":\"CFPT Automobile\",\"url\":\"https:\/\/edurec.ge.ch\/site\/cfpt-automobile\/\",\"logo\":{\"@type\":\"ImageObject\",\"inLanguage\":\"fr-FR\",\"@id\":\"https:\/\/edurec.ge.ch\/site\/cfpt-automobile\/#\/schema\/logo\/image\/\",\"url\":\"https:\/\/edurec.ge.ch\/site\/cfpt-automobile\/wp-content\/uploads\/sites\/117\/2024\/07\/home-page2.svg\",\"contentUrl\":\"https:\/\/edurec.ge.ch\/site\/cfpt-automobile\/wp-content\/uploads\/sites\/117\/2024\/07\/home-page2.svg\",\"caption\":\"CFPT Automobile\"},\"image\":{\"@id\":\"https:\/\/edurec.ge.ch\/site\/cfpt-automobile\/#\/schema\/logo\/image\/\"}}]}<\/script>\n<!-- \/ Yoast SEO plugin. -->","yoast_head_json":{"title":"Fili\u00e8re plein temps - CFPT Automobile","robots":{"index":"index","follow":"follow","max-snippet":"max-snippet:-1","max-image-preview":"max-image-preview:large","max-video-preview":"max-video-preview:-1"},"canonical":"https:\/\/edurec.ge.ch\/site\/cfpt-automobile\/devenir-mecatronicien-automobile-plein-temps\/","og_locale":"fr_FR","og_type":"article","og_title":"Fili\u00e8re plein temps - CFPT Automobile","og_description":"Le m\u00e9tier de m\u00e9catronicien d'automobiles te fait envie, si ce n\u2019est pas d\u00e9j\u00e0 fait, je te propose de prendre le temps de consulter ce que t\u2019offre notre \u00e9cole sur cette page. Brochure :\u00a0M\u00e9catronicien-ne d'automobiles Il est \u00e9galement important que tu fasses des stages pour \u00eatre s\u00fbr de ton futur m\u00e9tier, tu peux en faire soit [&hellip;]","og_url":"https:\/\/edurec.ge.ch\/site\/cfpt-automobile\/devenir-mecatronicien-automobile-plein-temps\/","og_site_name":"CFPT Automobile","article_modified_time":"2024-07-16T22:01:05+00:00","og_image":[{"width":1024,"height":1024,"url":"https:\/\/edurec.ge.ch\/site\/cfpt-automobile\/wp-content\/uploads\/sites\/117\/2024\/07\/Capture-decran-2024-07-16-a-11.46.58\u202fPM-2.png","type":"image\/png"}],"twitter_card":"summary_large_image","twitter_misc":{"Dur\u00e9e de lecture estim\u00e9e":"2 minutes"},"schema":{"@context":"https:\/\/schema.org","@graph":[{"@type":"WebPage","@id":"https:\/\/edurec.ge.ch\/site\/cfpt-automobile\/devenir-mecatronicien-automobile-plein-temps\/","url":"https:\/\/edurec.ge.ch\/site\/cfpt-automobile\/devenir-mecatronicien-automobile-plein-temps\/","name":"Fili\u00e8re plein temps - CFPT Automobile","isPartOf":{"@id":"https:\/\/edurec.ge.ch\/site\/cfpt-automobile\/#website"},"primaryImageOfPage":{"@id":"https:\/\/edurec.ge.ch\/site\/cfpt-automobile\/devenir-mecatronicien-automobile-plein-temps\/#primaryimage"},"image":{"@id":"https:\/\/edurec.ge.ch\/site\/cfpt-automobile\/devenir-mecatronicien-automobile-plein-temps\/#primaryimage"},"thumbnailUrl":"https:\/\/edurec.ge.ch\/site\/cfpt-automobile\/wp-content\/uploads\/sites\/117\/2024\/07\/Capture-decran-2024-07-16-a-11.46.58\u202fPM-2.png","datePublished":"2018-11-11T16:13:10+00:00","dateModified":"2024-07-16T22:01:05+00:00","breadcrumb":{"@id":"https:\/\/edurec.ge.ch\/site\/cfpt-automobile\/devenir-mecatronicien-automobile-plein-temps\/#breadcrumb"},"inLanguage":"fr-FR","potentialAction":[{"@type":"ReadAction","target":["https:\/\/edurec.ge.ch\/site\/cfpt-automobile\/devenir-mecatronicien-automobile-plein-temps\/"]}]},{"@type":"ImageObject","inLanguage":"fr-FR","@id":"https:\/\/edurec.ge.ch\/site\/cfpt-automobile\/devenir-mecatronicien-automobile-plein-temps\/#primaryimage","url":"https:\/\/edurec.ge.ch\/site\/cfpt-automobile\/wp-content\/uploads\/sites\/117\/2024\/07\/Capture-decran-2024-07-16-a-11.46.58\u202fPM-2.png","contentUrl":"https:\/\/edurec.ge.ch\/site\/cfpt-automobile\/wp-content\/uploads\/sites\/117\/2024\/07\/Capture-decran-2024-07-16-a-11.46.58\u202fPM-2.png","width":1024,"height":1024},{"@type":"BreadcrumbList","@id":"https:\/\/edurec.ge.ch\/site\/cfpt-automobile\/devenir-mecatronicien-automobile-plein-temps\/#breadcrumb","itemListElement":[{"@type":"ListItem","position":1,"name":"Accueil","item":"https:\/\/edurec.ge.ch\/site\/cfpt-automobile\/"},{"@type":"ListItem","position":2,"name":"Fili\u00e8re plein temps"}]},{"@type":"WebSite","@id":"https:\/\/edurec.ge.ch\/site\/cfpt-automobile\/#website","url":"https:\/\/edurec.ge.ch\/site\/cfpt-automobile\/","name":"CFPT Automobile","description":"CFPT Automobile","publisher":{"@id":"https:\/\/edurec.ge.ch\/site\/cfpt-automobile\/#organization"},"potentialAction":[{"@type":"SearchAction","target":{"@type":"EntryPoint","urlTemplate":"https:\/\/edurec.ge.ch\/site\/cfpt-automobile\/?s={search_term_string}"},"query-input":{"@type":"PropertyValueSpecification","valueRequired":true,"valueName":"search_term_string"}}],"inLanguage":"fr-FR"},{"@type":"Organization","@id":"https:\/\/edurec.ge.ch\/site\/cfpt-automobile\/#organization","name":"CFPT Automobile","url":"https:\/\/edurec.ge.ch\/site\/cfpt-automobile\/","logo":{"@type":"ImageObject","inLanguage":"fr-FR","@id":"https:\/\/edurec.ge.ch\/site\/cfpt-automobile\/#\/schema\/logo\/image\/","url":"https:\/\/edurec.ge.ch\/site\/cfpt-automobile\/wp-content\/uploads\/sites\/117\/2024\/07\/home-page2.svg","contentUrl":"https:\/\/edurec.ge.ch\/site\/cfpt-automobile\/wp-content\/uploads\/sites\/117\/2024\/07\/home-page2.svg","caption":"CFPT Automobile"},"image":{"@id":"https:\/\/edurec.ge.ch\/site\/cfpt-automobile\/#\/schema\/logo\/image\/"}}]}},"_links":{"self":[{"href":"https:\/\/edurec.ge.ch\/site\/cfpt-automobile\/wp-json\/wp\/v2\/pages\/386","targetHints":{"allow":["GET"]}}],"collection":[{"href":"https:\/\/edurec.ge.ch\/site\/cfpt-automobile\/wp-json\/wp\/v2\/pages"}],"about":[{"href":"https:\/\/edurec.ge.ch\/site\/cfpt-automobile\/wp-json\/wp\/v2\/types\/page"}],"author":[{"embeddable":true,"href":"https:\/\/edurec.ge.ch\/site\/cfpt-automobile\/wp-json\/wp\/v2\/users\/1670"}],"replies":[{"embeddable":true,"href":"https:\/\/edurec.ge.ch\/site\/cfpt-automobile\/wp-json\/wp\/v2\/comments?post=386"}],"version-history":[{"count":97,"href":"https:\/\/edurec.ge.ch\/site\/cfpt-automobile\/wp-json\/wp\/v2\/pages\/386\/revisions"}],"predecessor-version":[{"id":2374,"href":"https:\/\/edurec.ge.ch\/site\/cfpt-automobile\/wp-json\/wp\/v2\/pages\/386\/revisions\/2374"}],"wp:featuredmedia":[{"embeddable":true,"href":"https:\/\/edurec.ge.ch\/site\/cfpt-automobile\/wp-json\/wp\/v2\/media\/2373"}],"wp:attachment":[{"href":"https:\/\/edurec.ge.ch\/site\/cfpt-automobile\/wp-json\/wp\/v2\/media?parent=386"}],"curies":[{"name":"wp","href":"https:\/\/api.w.org\/{rel}","templated":true}]}}