{"id":381,"date":"2018-11-11T17:03:15","date_gmt":"2018-11-11T16:03:15","guid":{"rendered":"https:\/\/edurec.ge.ch\/site\/cfpt-automobile\/?page_id=381"},"modified":"2023-03-10T12:24:20","modified_gmt":"2023-03-10T11:24:20","slug":"contact","status":"publish","type":"page","link":"https:\/\/edurec.ge.ch\/site\/cfpt-automobile\/contact\/","title":{"rendered":"Contact"},"content":{"rendered":"<div id=\"pl-381\"  class=\"panel-layout\" ><div id=\"pg-381-0\"  class=\"panel-grid panel-no-style\" ><div id=\"pgc-381-0-0\"  class=\"panel-grid-cell\" ><div id=\"panel-381-0-0-0\" class=\"so-panel widget widget_sow-editor panel-first-child panel-last-child\" data-index=\"0\" ><div\n\t\t\t\n\t\t\tclass=\"so-widget-sow-editor so-widget-sow-editor-base\"\n\t\t\t\n\t\t>\n<div class=\"siteorigin-widget-tinymce textwidget\">\n\t<p>Notre \u00e9cole est situ\u00e9e sur deux sites. Le site principal se trouve \u00e0 l'Avenue Louis-Bertrand 38 sur la commune du Petit-Lancy. Dans ce b\u00e2timent se trouve une partie de nos ateliers ainsi que l'ensemble de nos salles de cours et notre secr\u00e9tariat. A 5 minutes \u00e0 pied, au 18 rue G\u00e9rard de Ternier nous avons un atelier d\u00e9di\u00e9 aux 1er et 2\u00e8me ann\u00e9es ainsi que l'atelier d'assemblages des mat\u00e9riaux.<\/p>\n<p>L'\u00e9quipe est compos\u00e9e de 16 enseignants techniques, de deux assistants techniques, de deux secr\u00e9taires, d'un doyen et d'un directeur. Les enseignants sont tous issus du monde de l'automobile. Ils poss\u00e8dent,\u00a0 soit une maitrise, soit un dipl\u00f4me d'ing\u00e9nieur. Certains ont en parall\u00e8le de leur activit\u00e9 d'enseignant\u00a0un garage. Afin de nous tenir \u00e0 jour des derni\u00e8res \u00e9volutions technologies, l'ensemble des enseignants\u00a0suivent des cours de marque\u00a0durant l'ann\u00e9e.<\/p>\n<\/div>\n<\/div><\/div><\/div><\/div><div id=\"pg-381-1\"  class=\"panel-grid panel-no-style\" ><div id=\"pgc-381-1-0\"  class=\"panel-grid-cell\" ><div id=\"panel-381-1-0-0\" class=\"so-panel widget widget_sow-editor panel-first-child panel-last-child\" data-index=\"1\" ><div\n\t\t\t\n\t\t\tclass=\"so-widget-sow-editor so-widget-sow-editor-base\"\n\t\t\t\n\t\t>\n<div class=\"siteorigin-widget-tinymce textwidget\">\n\t<h4>Vous souhaitez prendre contact avec nous:<\/h4>\n<p>Secr\u00e9tariat de l'Ecole des M\u00e9tiers de l'Automobile<br \/>\nCFP Technique, Avenue Louis-Bertrand 38, Case postale 548, 1213 Petit-Lancy<br \/>\nT\u00e9l\u00e9phone: 022 388 82 35<br \/>\nFax: 022 546 97 39<br \/>\nMail: <strong><a href=\"mailto:cfpt.automobile@edurec.ge.ch\" target=\"_blank\" rel=\"noopener\">cfpt.automobile@edurec.ge.ch<\/a><\/strong><\/p>\n<\/div>\n<\/div><\/div><\/div><div id=\"pgc-381-1-1\"  class=\"panel-grid-cell\" ><div id=\"panel-381-1-1-0\" class=\"so-panel widget widget_sow-editor panel-first-child panel-last-child\" data-index=\"2\" ><div\n\t\t\t\n\t\t\tclass=\"so-widget-sow-editor so-widget-sow-editor-base\"\n\t\t\t\n\t\t>\n<div class=\"siteorigin-widget-tinymce textwidget\">\n\t<h4>Votre demande concerne le garage automobile:<\/h4>\n<p>Garage de l'Ecole des M\u00e9tiers de l'Automobile<br \/>\nCFP Technique, Avenue Louis-Bertrand 38,<br \/>\n1213 Petit-Lancy<br \/>\n<strong>Du mercredi au vendredi<\/strong><br \/>\nT\u00e9l\u00e9phone\u00a0: 022 388 88 70<br \/>\nEmail\u00a0: <strong><a href=\"mailto:garage.cfpt@edurec.ge.ch\" target=\"_blank\" rel=\"noopener\">garage.cfpt@edurec.ge.ch<\/a><\/strong><\/p>\n<\/div>\n<\/div><\/div><\/div><\/div><\/div>","protected":false},"excerpt":{"rendered":"<p>Notre \u00e9cole est situ\u00e9e sur deux sites. Le site principal se trouve \u00e0 l&rsquo;Avenue Louis-Bertrand 38 sur la commune du Petit-Lancy. Dans ce b\u00e2timent se trouve une partie de nos ateliers ainsi que l&rsquo;ensemble de nos salles de cours et notre secr\u00e9tariat. A 5 minutes \u00e0 pied, au 18 rue G\u00e9rard de Ternier nous avons [&hellip;]<\/p>\n","protected":false},"author":1670,"featured_media":0,"parent":0,"menu_order":0,"comment_status":"closed","ping_status":"closed","template":"","meta":{"footnotes":""},"class_list":["post-381","page","type-page","status-publish","czr-hentry"],"yoast_head":"<!-- This site is optimized with the Yoast SEO plugin v26.4 - https:\/\/yoast.com\/wordpress\/plugins\/seo\/ -->\n<title>Contact - CFPT Automobile<\/title>\n<meta name=\"robots\" content=\"index, follow, max-snippet:-1, max-image-preview:large, max-video-preview:-1\" \/>\n<link rel=\"canonical\" href=\"https:\/\/edurec.ge.ch\/site\/cfpt-automobile\/contact\/\" \/>\n<meta property=\"og:locale\" content=\"fr_FR\" \/>\n<meta property=\"og:type\" content=\"article\" \/>\n<meta property=\"og:title\" content=\"Contact - CFPT Automobile\" \/>\n<meta property=\"og:description\" content=\"Notre \u00e9cole est situ\u00e9e sur deux sites. Le site principal se trouve \u00e0 l&#039;Avenue Louis-Bertrand 38 sur la commune du Petit-Lancy. Dans ce b\u00e2timent se trouve une partie de nos ateliers ainsi que l&#039;ensemble de nos salles de cours et notre secr\u00e9tariat. A 5 minutes \u00e0 pied, au 18 rue G\u00e9rard de Ternier nous avons [&hellip;]\" \/>\n<meta property=\"og:url\" content=\"https:\/\/edurec.ge.ch\/site\/cfpt-automobile\/contact\/\" \/>\n<meta property=\"og:site_name\" content=\"CFPT Automobile\" \/>\n<meta property=\"article:modified_time\" content=\"2023-03-10T11:24:20+00:00\" \/>\n<meta name=\"twitter:card\" content=\"summary_large_image\" \/>\n<meta name=\"twitter:label1\" content=\"Dur\u00e9e de lecture estim\u00e9e\" \/>\n\t<meta name=\"twitter:data1\" content=\"2 minutes\" \/>\n<script type=\"application\/ld+json\" class=\"yoast-schema-graph\">{\"@context\":\"https:\/\/schema.org\",\"@graph\":[{\"@type\":\"WebPage\",\"@id\":\"https:\/\/edurec.ge.ch\/site\/cfpt-automobile\/contact\/\",\"url\":\"https:\/\/edurec.ge.ch\/site\/cfpt-automobile\/contact\/\",\"name\":\"Contact - CFPT Automobile\",\"isPartOf\":{\"@id\":\"https:\/\/edurec.ge.ch\/site\/cfpt-automobile\/#website\"},\"datePublished\":\"2018-11-11T16:03:15+00:00\",\"dateModified\":\"2023-03-10T11:24:20+00:00\",\"breadcrumb\":{\"@id\":\"https:\/\/edurec.ge.ch\/site\/cfpt-automobile\/contact\/#breadcrumb\"},\"inLanguage\":\"fr-FR\",\"potentialAction\":[{\"@type\":\"ReadAction\",\"target\":[\"https:\/\/edurec.ge.ch\/site\/cfpt-automobile\/contact\/\"]}]},{\"@type\":\"BreadcrumbList\",\"@id\":\"https:\/\/edurec.ge.ch\/site\/cfpt-automobile\/contact\/#breadcrumb\",\"itemListElement\":[{\"@type\":\"ListItem\",\"position\":1,\"name\":\"Accueil\",\"item\":\"https:\/\/edurec.ge.ch\/site\/cfpt-automobile\/\"},{\"@type\":\"ListItem\",\"position\":2,\"name\":\"Contact\"}]},{\"@type\":\"WebSite\",\"@id\":\"https:\/\/edurec.ge.ch\/site\/cfpt-automobile\/#website\",\"url\":\"https:\/\/edurec.ge.ch\/site\/cfpt-automobile\/\",\"name\":\"CFPT Automobile\",\"description\":\"CFPT Automobile\",\"publisher\":{\"@id\":\"https:\/\/edurec.ge.ch\/site\/cfpt-automobile\/#organization\"},\"potentialAction\":[{\"@type\":\"SearchAction\",\"target\":{\"@type\":\"EntryPoint\",\"urlTemplate\":\"https:\/\/edurec.ge.ch\/site\/cfpt-automobile\/?s={search_term_string}\"},\"query-input\":{\"@type\":\"PropertyValueSpecification\",\"valueRequired\":true,\"valueName\":\"search_term_string\"}}],\"inLanguage\":\"fr-FR\"},{\"@type\":\"Organization\",\"@id\":\"https:\/\/edurec.ge.ch\/site\/cfpt-automobile\/#organization\",\"name\":\"CFPT Automobile\",\"url\":\"https:\/\/edurec.ge.ch\/site\/cfpt-automobile\/\",\"logo\":{\"@type\":\"ImageObject\",\"inLanguage\":\"fr-FR\",\"@id\":\"https:\/\/edurec.ge.ch\/site\/cfpt-automobile\/#\/schema\/logo\/image\/\",\"url\":\"https:\/\/edurec.ge.ch\/site\/cfpt-automobile\/wp-content\/uploads\/sites\/117\/2024\/07\/home-page2.svg\",\"contentUrl\":\"https:\/\/edurec.ge.ch\/site\/cfpt-automobile\/wp-content\/uploads\/sites\/117\/2024\/07\/home-page2.svg\",\"caption\":\"CFPT Automobile\"},\"image\":{\"@id\":\"https:\/\/edurec.ge.ch\/site\/cfpt-automobile\/#\/schema\/logo\/image\/\"}}]}<\/script>\n<!-- \/ Yoast SEO plugin. -->","yoast_head_json":{"title":"Contact - CFPT Automobile","robots":{"index":"index","follow":"follow","max-snippet":"max-snippet:-1","max-image-preview":"max-image-preview:large","max-video-preview":"max-video-preview:-1"},"canonical":"https:\/\/edurec.ge.ch\/site\/cfpt-automobile\/contact\/","og_locale":"fr_FR","og_type":"article","og_title":"Contact - CFPT Automobile","og_description":"Notre \u00e9cole est situ\u00e9e sur deux sites. Le site principal se trouve \u00e0 l'Avenue Louis-Bertrand 38 sur la commune du Petit-Lancy. Dans ce b\u00e2timent se trouve une partie de nos ateliers ainsi que l'ensemble de nos salles de cours et notre secr\u00e9tariat. A 5 minutes \u00e0 pied, au 18 rue G\u00e9rard de Ternier nous avons [&hellip;]","og_url":"https:\/\/edurec.ge.ch\/site\/cfpt-automobile\/contact\/","og_site_name":"CFPT Automobile","article_modified_time":"2023-03-10T11:24:20+00:00","twitter_card":"summary_large_image","twitter_misc":{"Dur\u00e9e de lecture estim\u00e9e":"2 minutes"},"schema":{"@context":"https:\/\/schema.org","@graph":[{"@type":"WebPage","@id":"https:\/\/edurec.ge.ch\/site\/cfpt-automobile\/contact\/","url":"https:\/\/edurec.ge.ch\/site\/cfpt-automobile\/contact\/","name":"Contact - CFPT Automobile","isPartOf":{"@id":"https:\/\/edurec.ge.ch\/site\/cfpt-automobile\/#website"},"datePublished":"2018-11-11T16:03:15+00:00","dateModified":"2023-03-10T11:24:20+00:00","breadcrumb":{"@id":"https:\/\/edurec.ge.ch\/site\/cfpt-automobile\/contact\/#breadcrumb"},"inLanguage":"fr-FR","potentialAction":[{"@type":"ReadAction","target":["https:\/\/edurec.ge.ch\/site\/cfpt-automobile\/contact\/"]}]},{"@type":"BreadcrumbList","@id":"https:\/\/edurec.ge.ch\/site\/cfpt-automobile\/contact\/#breadcrumb","itemListElement":[{"@type":"ListItem","position":1,"name":"Accueil","item":"https:\/\/edurec.ge.ch\/site\/cfpt-automobile\/"},{"@type":"ListItem","position":2,"name":"Contact"}]},{"@type":"WebSite","@id":"https:\/\/edurec.ge.ch\/site\/cfpt-automobile\/#website","url":"https:\/\/edurec.ge.ch\/site\/cfpt-automobile\/","name":"CFPT Automobile","description":"CFPT Automobile","publisher":{"@id":"https:\/\/edurec.ge.ch\/site\/cfpt-automobile\/#organization"},"potentialAction":[{"@type":"SearchAction","target":{"@type":"EntryPoint","urlTemplate":"https:\/\/edurec.ge.ch\/site\/cfpt-automobile\/?s={search_term_string}"},"query-input":{"@type":"PropertyValueSpecification","valueRequired":true,"valueName":"search_term_string"}}],"inLanguage":"fr-FR"},{"@type":"Organization","@id":"https:\/\/edurec.ge.ch\/site\/cfpt-automobile\/#organization","name":"CFPT Automobile","url":"https:\/\/edurec.ge.ch\/site\/cfpt-automobile\/","logo":{"@type":"ImageObject","inLanguage":"fr-FR","@id":"https:\/\/edurec.ge.ch\/site\/cfpt-automobile\/#\/schema\/logo\/image\/","url":"https:\/\/edurec.ge.ch\/site\/cfpt-automobile\/wp-content\/uploads\/sites\/117\/2024\/07\/home-page2.svg","contentUrl":"https:\/\/edurec.ge.ch\/site\/cfpt-automobile\/wp-content\/uploads\/sites\/117\/2024\/07\/home-page2.svg","caption":"CFPT Automobile"},"image":{"@id":"https:\/\/edurec.ge.ch\/site\/cfpt-automobile\/#\/schema\/logo\/image\/"}}]}},"_links":{"self":[{"href":"https:\/\/edurec.ge.ch\/site\/cfpt-automobile\/wp-json\/wp\/v2\/pages\/381","targetHints":{"allow":["GET"]}}],"collection":[{"href":"https:\/\/edurec.ge.ch\/site\/cfpt-automobile\/wp-json\/wp\/v2\/pages"}],"about":[{"href":"https:\/\/edurec.ge.ch\/site\/cfpt-automobile\/wp-json\/wp\/v2\/types\/page"}],"author":[{"embeddable":true,"href":"https:\/\/edurec.ge.ch\/site\/cfpt-automobile\/wp-json\/wp\/v2\/users\/1670"}],"replies":[{"embeddable":true,"href":"https:\/\/edurec.ge.ch\/site\/cfpt-automobile\/wp-json\/wp\/v2\/comments?post=381"}],"version-history":[{"count":35,"href":"https:\/\/edurec.ge.ch\/site\/cfpt-automobile\/wp-json\/wp\/v2\/pages\/381\/revisions"}],"predecessor-version":[{"id":1945,"href":"https:\/\/edurec.ge.ch\/site\/cfpt-automobile\/wp-json\/wp\/v2\/pages\/381\/revisions\/1945"}],"wp:attachment":[{"href":"https:\/\/edurec.ge.ch\/site\/cfpt-automobile\/wp-json\/wp\/v2\/media?parent=381"}],"curies":[{"name":"wp","href":"https:\/\/api.w.org\/{rel}","templated":true}]}}