{"id":241,"date":"2018-11-21T13:06:35","date_gmt":"2018-11-21T12:06:35","guid":{"rendered":"https:\/\/edurec.ge.ch\/site\/cfpt-automobile\/?page_id=241"},"modified":"2023-03-10T13:08:42","modified_gmt":"2023-03-10T12:08:42","slug":"mecanicien-en-maintenance-automobile","status":"publish","type":"page","link":"https:\/\/edurec.ge.ch\/site\/cfpt-automobile\/mecanicien-en-maintenance-automobile\/","title":{"rendered":"M\u00e9canicien-ne en maintenance d&rsquo;automobiles"},"content":{"rendered":"<div id=\"pl-241\"  class=\"panel-layout\" ><div id=\"pg-241-0\"  class=\"panel-grid panel-no-style\" ><div id=\"pgc-241-0-0\"  class=\"panel-grid-cell\" ><div id=\"panel-241-0-0-0\" class=\"so-panel widget widget_sow-editor panel-first-child panel-last-child\" data-index=\"0\" ><div\n\t\t\t\n\t\t\tclass=\"so-widget-sow-editor so-widget-sow-editor-base\"\n\t\t\t\n\t\t>\n<div class=\"siteorigin-widget-tinymce textwidget\">\n\t<p>A l'aide de cet apprentissage d'une dur\u00e9e de 3 ans, tu vas acqu\u00e9rir toutes sortes de notions sur la m\u00e9canique sur v\u00e9hicule, tu comprendras le fonctionnement des diff\u00e9rents \u00e9l\u00e9ments qui composent une voiture et en plus tu sauras remplacer ces \u00e9l\u00e9ments. Brochure :\u00a0<a href=\"https:\/\/edurec.ge.ch\/site\/cfpt-automobile\/wp-content\/uploads\/sites\/117\/2019\/01\/Flyer-M\u00e9canicien-en-maintenance-dautomobiles-.pdf\">M\u00e9canicien-ne en maintenance automobile<\/a><\/p>\n<p>Le m\u00e9tier de M\u00e9canicien en maintenance automobile se fait avec un partenariat entre les entreprises formatrices (garage) pour la partie pratique et notre \u00e9cole pour la th\u00e9orie. L\u2019apprenti suivra en plus des cours pratiques sp\u00e9cifiques au sein des locaux de l\u2019UPSA.<\/p>\n<p>Au sein de notre \u00e9cole, tu suivras des cours techniques qui te permettront d\u2019acqu\u00e9rir des comp\u00e9tences sur les moteurs, le ch\u00e2ssis, l\u2019\u00e9lectricit\u00e9 ou tout autre \u00e9l\u00e9ment qui concerne les voitures.<\/p>\n<p>Tu auras \u00e9galement des cours de culture g\u00e9n\u00e9rale qui vont te pr\u00e9parer \u00e0 ton avenir tant professionnel que personnel. Et, pour finaliser le toute, quelques cours de gymnastique assureront ta forme physique!<\/p>\n<p>A la fin de cet apprentissage, tu obtiendras un CFC (Certificat F\u00e9d\u00e9ral de Capacit\u00e9) et si tu r\u00e9ussis bien, tu peux rejoindre la formation de m\u00e9catronicien en automobile.<\/p>\n<p>Tu\u00a0\u00a0trouveras plus d\u2019informations, sur les conditions d'admission \u00e0 cet apprentissage notamment sur <a href=\"https:\/\/www.upsa-ge.ch\/fr\/formation\/test-daptitude\">le test d'aptitude sur le site de l'UPSA.<\/a><\/p>\n<\/div>\n<\/div><\/div><\/div><\/div><div id=\"pg-241-1\"  class=\"panel-grid panel-no-style\" ><div id=\"pgc-241-1-0\"  class=\"panel-grid-cell\" ><div id=\"panel-241-1-0-0\" class=\"so-panel widget widget_sow-editor panel-first-child panel-last-child\" data-index=\"1\" ><div\n\t\t\t\n\t\t\tclass=\"so-widget-sow-editor so-widget-sow-editor-base\"\n\t\t\t\n\t\t>\n<div class=\"siteorigin-widget-tinymce textwidget\">\n\t<p>Vous trouverez plus d\u2019info sur le m\u00e9tier en lui-m\u00eame sur le site orientation.ch<\/p>\n<\/div>\n<\/div><\/div><\/div><div id=\"pgc-241-1-1\"  class=\"panel-grid-cell\" ><div id=\"panel-241-1-1-0\" class=\"so-panel widget widget_sow-editor panel-first-child panel-last-child\" data-index=\"2\" ><div\n\t\t\t\n\t\t\tclass=\"so-widget-sow-editor so-widget-sow-editor-base\"\n\t\t\t\n\t\t>\n<div class=\"siteorigin-widget-tinymce textwidget\">\n\t<p>Vous trouver plus d\u2019info sur comment int\u00e9grer un garage pour cette formation sur le site de l\u2019UPSA section Gen\u00e8ve<\/p>\n<\/div>\n<\/div><\/div><\/div><div id=\"pgc-241-1-2\"  class=\"panel-grid-cell\" ><div id=\"panel-241-1-2-0\" class=\"so-panel widget widget_sow-editor panel-first-child panel-last-child\" data-index=\"3\" ><div\n\t\t\t\n\t\t\tclass=\"so-widget-sow-editor so-widget-sow-editor-base\"\n\t\t\t\n\t\t>\n<div class=\"siteorigin-widget-tinymce textwidget\">\n\t<p>\u00a0Vous trouver plus d\u2019info sur la partie pratique sur le site de l\u2019UPSA section Gen\u00e8ve<\/p>\n<\/div>\n<\/div><\/div><\/div><\/div><div id=\"pg-241-2\"  class=\"panel-grid panel-no-style\" ><div id=\"pgc-241-2-0\"  class=\"panel-grid-cell\" ><div id=\"panel-241-2-0-0\" class=\"so-panel widget widget_media_image panel-first-child panel-last-child\" data-index=\"4\" ><a href=\"https:\/\/www.orientation.ch\/dyn\/show\/1900?lang=fr&#038;idx=30&#038;id=1029\"><img loading=\"lazy\" decoding=\"async\" width=\"300\" height=\"175\" src=\"https:\/\/edurec.ge.ch\/site\/cfpt-automobile\/wp-content\/uploads\/sites\/117\/2018\/11\/orientation-300x175.png\" class=\"image wp-image-244  attachment-medium size-medium\" alt=\"\" style=\"max-width: 100%; height: auto;\" srcset=\"https:\/\/edurec.ge.ch\/site\/cfpt-automobile\/wp-content\/uploads\/sites\/117\/2018\/11\/orientation-300x175.png 300w, https:\/\/edurec.ge.ch\/site\/cfpt-automobile\/wp-content\/uploads\/sites\/117\/2018\/11\/orientation.png 383w\" sizes=\"auto, (max-width: 300px) 100vw, 300px\" \/><\/a><\/div><\/div><div id=\"pgc-241-2-1\"  class=\"panel-grid-cell\" ><div id=\"panel-241-2-1-0\" class=\"so-panel widget widget_media_image panel-first-child panel-last-child\" data-index=\"5\" ><a href=\"https:\/\/www.autoberufe.ch\/fr\/node\/23705\"><img loading=\"lazy\" decoding=\"async\" width=\"300\" height=\"74\" src=\"https:\/\/edurec.ge.ch\/site\/cfpt-automobile\/wp-content\/uploads\/sites\/117\/2018\/11\/UPSA-300x74.png\" class=\"image wp-image-245  attachment-medium size-medium\" alt=\"\" style=\"max-width: 100%; height: auto;\" srcset=\"https:\/\/edurec.ge.ch\/site\/cfpt-automobile\/wp-content\/uploads\/sites\/117\/2018\/11\/UPSA-300x74.png 300w, https:\/\/edurec.ge.ch\/site\/cfpt-automobile\/wp-content\/uploads\/sites\/117\/2018\/11\/UPSA.png 442w\" sizes=\"auto, (max-width: 300px) 100vw, 300px\" \/><\/a><\/div><\/div><div id=\"pgc-241-2-2\"  class=\"panel-grid-cell\" ><div id=\"panel-241-2-2-0\" class=\"so-panel widget widget_media_image panel-first-child panel-last-child\" data-index=\"6\" ><a href=\"https:\/\/www.formation-upsa-ge.ch\/web\/\"><img loading=\"lazy\" decoding=\"async\" width=\"300\" height=\"74\" src=\"https:\/\/edurec.ge.ch\/site\/cfpt-automobile\/wp-content\/uploads\/sites\/117\/2018\/11\/UPSA-300x74.png\" class=\"image wp-image-245  attachment-medium size-medium\" alt=\"\" style=\"max-width: 100%; height: auto;\" srcset=\"https:\/\/edurec.ge.ch\/site\/cfpt-automobile\/wp-content\/uploads\/sites\/117\/2018\/11\/UPSA-300x74.png 300w, https:\/\/edurec.ge.ch\/site\/cfpt-automobile\/wp-content\/uploads\/sites\/117\/2018\/11\/UPSA.png 442w\" sizes=\"auto, (max-width: 300px) 100vw, 300px\" \/><\/a><\/div><\/div><\/div><\/div>","protected":false},"excerpt":{"rendered":"<p>A l&rsquo;aide de cet apprentissage d&rsquo;une dur\u00e9e de 3 ans, tu vas acqu\u00e9rir toutes sortes de notions sur la m\u00e9canique sur v\u00e9hicule, tu comprendras le fonctionnement des diff\u00e9rents \u00e9l\u00e9ments qui composent une voiture et en plus tu sauras remplacer ces \u00e9l\u00e9ments. Brochure :\u00a0M\u00e9canicien-ne en maintenance automobile Le m\u00e9tier de M\u00e9canicien en maintenance automobile se fait [&hellip;]<\/p>\n","protected":false},"author":1670,"featured_media":0,"parent":0,"menu_order":0,"comment_status":"closed","ping_status":"closed","template":"custom-page.php","meta":{"footnotes":""},"class_list":["post-241","page","type-page","status-publish","czr-hentry"],"yoast_head":"<!-- This site is optimized with the Yoast SEO plugin v26.4 - https:\/\/yoast.com\/wordpress\/plugins\/seo\/ -->\n<title>M\u00e9canicien-ne en maintenance d&#039;automobiles - CFPT Automobile<\/title>\n<meta name=\"robots\" content=\"index, follow, max-snippet:-1, max-image-preview:large, max-video-preview:-1\" \/>\n<link rel=\"canonical\" href=\"https:\/\/edurec.ge.ch\/site\/cfpt-automobile\/mecanicien-en-maintenance-automobile\/\" \/>\n<meta property=\"og:locale\" content=\"fr_FR\" \/>\n<meta property=\"og:type\" content=\"article\" \/>\n<meta property=\"og:title\" content=\"M\u00e9canicien-ne en maintenance d&#039;automobiles - CFPT Automobile\" \/>\n<meta property=\"og:description\" content=\"A l&#039;aide de cet apprentissage d&#039;une dur\u00e9e de 3 ans, tu vas acqu\u00e9rir toutes sortes de notions sur la m\u00e9canique sur v\u00e9hicule, tu comprendras le fonctionnement des diff\u00e9rents \u00e9l\u00e9ments qui composent une voiture et en plus tu sauras remplacer ces \u00e9l\u00e9ments. Brochure :\u00a0M\u00e9canicien-ne en maintenance automobile Le m\u00e9tier de M\u00e9canicien en maintenance automobile se fait [&hellip;]\" \/>\n<meta property=\"og:url\" content=\"https:\/\/edurec.ge.ch\/site\/cfpt-automobile\/mecanicien-en-maintenance-automobile\/\" \/>\n<meta property=\"og:site_name\" content=\"CFPT Automobile\" \/>\n<meta property=\"article:modified_time\" content=\"2023-03-10T12:08:42+00:00\" \/>\n<meta name=\"twitter:card\" content=\"summary_large_image\" \/>\n<meta name=\"twitter:label1\" content=\"Dur\u00e9e de lecture estim\u00e9e\" \/>\n\t<meta name=\"twitter:data1\" content=\"2 minutes\" \/>\n<script type=\"application\/ld+json\" class=\"yoast-schema-graph\">{\"@context\":\"https:\/\/schema.org\",\"@graph\":[{\"@type\":\"WebPage\",\"@id\":\"https:\/\/edurec.ge.ch\/site\/cfpt-automobile\/mecanicien-en-maintenance-automobile\/\",\"url\":\"https:\/\/edurec.ge.ch\/site\/cfpt-automobile\/mecanicien-en-maintenance-automobile\/\",\"name\":\"M\u00e9canicien-ne en maintenance d'automobiles - CFPT Automobile\",\"isPartOf\":{\"@id\":\"https:\/\/edurec.ge.ch\/site\/cfpt-automobile\/#website\"},\"datePublished\":\"2018-11-21T12:06:35+00:00\",\"dateModified\":\"2023-03-10T12:08:42+00:00\",\"breadcrumb\":{\"@id\":\"https:\/\/edurec.ge.ch\/site\/cfpt-automobile\/mecanicien-en-maintenance-automobile\/#breadcrumb\"},\"inLanguage\":\"fr-FR\",\"potentialAction\":[{\"@type\":\"ReadAction\",\"target\":[\"https:\/\/edurec.ge.ch\/site\/cfpt-automobile\/mecanicien-en-maintenance-automobile\/\"]}]},{\"@type\":\"BreadcrumbList\",\"@id\":\"https:\/\/edurec.ge.ch\/site\/cfpt-automobile\/mecanicien-en-maintenance-automobile\/#breadcrumb\",\"itemListElement\":[{\"@type\":\"ListItem\",\"position\":1,\"name\":\"Accueil\",\"item\":\"https:\/\/edurec.ge.ch\/site\/cfpt-automobile\/\"},{\"@type\":\"ListItem\",\"position\":2,\"name\":\"M\u00e9canicien-ne en maintenance d&rsquo;automobiles\"}]},{\"@type\":\"WebSite\",\"@id\":\"https:\/\/edurec.ge.ch\/site\/cfpt-automobile\/#website\",\"url\":\"https:\/\/edurec.ge.ch\/site\/cfpt-automobile\/\",\"name\":\"CFPT Automobile\",\"description\":\"CFPT Automobile\",\"publisher\":{\"@id\":\"https:\/\/edurec.ge.ch\/site\/cfpt-automobile\/#organization\"},\"potentialAction\":[{\"@type\":\"SearchAction\",\"target\":{\"@type\":\"EntryPoint\",\"urlTemplate\":\"https:\/\/edurec.ge.ch\/site\/cfpt-automobile\/?s={search_term_string}\"},\"query-input\":{\"@type\":\"PropertyValueSpecification\",\"valueRequired\":true,\"valueName\":\"search_term_string\"}}],\"inLanguage\":\"fr-FR\"},{\"@type\":\"Organization\",\"@id\":\"https:\/\/edurec.ge.ch\/site\/cfpt-automobile\/#organization\",\"name\":\"CFPT Automobile\",\"url\":\"https:\/\/edurec.ge.ch\/site\/cfpt-automobile\/\",\"logo\":{\"@type\":\"ImageObject\",\"inLanguage\":\"fr-FR\",\"@id\":\"https:\/\/edurec.ge.ch\/site\/cfpt-automobile\/#\/schema\/logo\/image\/\",\"url\":\"https:\/\/edurec.ge.ch\/site\/cfpt-automobile\/wp-content\/uploads\/sites\/117\/2024\/07\/home-page2.svg\",\"contentUrl\":\"https:\/\/edurec.ge.ch\/site\/cfpt-automobile\/wp-content\/uploads\/sites\/117\/2024\/07\/home-page2.svg\",\"caption\":\"CFPT Automobile\"},\"image\":{\"@id\":\"https:\/\/edurec.ge.ch\/site\/cfpt-automobile\/#\/schema\/logo\/image\/\"}}]}<\/script>\n<!-- \/ Yoast SEO plugin. -->","yoast_head_json":{"title":"M\u00e9canicien-ne en maintenance d'automobiles - CFPT Automobile","robots":{"index":"index","follow":"follow","max-snippet":"max-snippet:-1","max-image-preview":"max-image-preview:large","max-video-preview":"max-video-preview:-1"},"canonical":"https:\/\/edurec.ge.ch\/site\/cfpt-automobile\/mecanicien-en-maintenance-automobile\/","og_locale":"fr_FR","og_type":"article","og_title":"M\u00e9canicien-ne en maintenance d'automobiles - CFPT Automobile","og_description":"A l'aide de cet apprentissage d'une dur\u00e9e de 3 ans, tu vas acqu\u00e9rir toutes sortes de notions sur la m\u00e9canique sur v\u00e9hicule, tu comprendras le fonctionnement des diff\u00e9rents \u00e9l\u00e9ments qui composent une voiture et en plus tu sauras remplacer ces \u00e9l\u00e9ments. Brochure :\u00a0M\u00e9canicien-ne en maintenance automobile Le m\u00e9tier de M\u00e9canicien en maintenance automobile se fait [&hellip;]","og_url":"https:\/\/edurec.ge.ch\/site\/cfpt-automobile\/mecanicien-en-maintenance-automobile\/","og_site_name":"CFPT Automobile","article_modified_time":"2023-03-10T12:08:42+00:00","twitter_card":"summary_large_image","twitter_misc":{"Dur\u00e9e de lecture estim\u00e9e":"2 minutes"},"schema":{"@context":"https:\/\/schema.org","@graph":[{"@type":"WebPage","@id":"https:\/\/edurec.ge.ch\/site\/cfpt-automobile\/mecanicien-en-maintenance-automobile\/","url":"https:\/\/edurec.ge.ch\/site\/cfpt-automobile\/mecanicien-en-maintenance-automobile\/","name":"M\u00e9canicien-ne en maintenance d'automobiles - CFPT Automobile","isPartOf":{"@id":"https:\/\/edurec.ge.ch\/site\/cfpt-automobile\/#website"},"datePublished":"2018-11-21T12:06:35+00:00","dateModified":"2023-03-10T12:08:42+00:00","breadcrumb":{"@id":"https:\/\/edurec.ge.ch\/site\/cfpt-automobile\/mecanicien-en-maintenance-automobile\/#breadcrumb"},"inLanguage":"fr-FR","potentialAction":[{"@type":"ReadAction","target":["https:\/\/edurec.ge.ch\/site\/cfpt-automobile\/mecanicien-en-maintenance-automobile\/"]}]},{"@type":"BreadcrumbList","@id":"https:\/\/edurec.ge.ch\/site\/cfpt-automobile\/mecanicien-en-maintenance-automobile\/#breadcrumb","itemListElement":[{"@type":"ListItem","position":1,"name":"Accueil","item":"https:\/\/edurec.ge.ch\/site\/cfpt-automobile\/"},{"@type":"ListItem","position":2,"name":"M\u00e9canicien-ne en maintenance d&rsquo;automobiles"}]},{"@type":"WebSite","@id":"https:\/\/edurec.ge.ch\/site\/cfpt-automobile\/#website","url":"https:\/\/edurec.ge.ch\/site\/cfpt-automobile\/","name":"CFPT Automobile","description":"CFPT Automobile","publisher":{"@id":"https:\/\/edurec.ge.ch\/site\/cfpt-automobile\/#organization"},"potentialAction":[{"@type":"SearchAction","target":{"@type":"EntryPoint","urlTemplate":"https:\/\/edurec.ge.ch\/site\/cfpt-automobile\/?s={search_term_string}"},"query-input":{"@type":"PropertyValueSpecification","valueRequired":true,"valueName":"search_term_string"}}],"inLanguage":"fr-FR"},{"@type":"Organization","@id":"https:\/\/edurec.ge.ch\/site\/cfpt-automobile\/#organization","name":"CFPT Automobile","url":"https:\/\/edurec.ge.ch\/site\/cfpt-automobile\/","logo":{"@type":"ImageObject","inLanguage":"fr-FR","@id":"https:\/\/edurec.ge.ch\/site\/cfpt-automobile\/#\/schema\/logo\/image\/","url":"https:\/\/edurec.ge.ch\/site\/cfpt-automobile\/wp-content\/uploads\/sites\/117\/2024\/07\/home-page2.svg","contentUrl":"https:\/\/edurec.ge.ch\/site\/cfpt-automobile\/wp-content\/uploads\/sites\/117\/2024\/07\/home-page2.svg","caption":"CFPT Automobile"},"image":{"@id":"https:\/\/edurec.ge.ch\/site\/cfpt-automobile\/#\/schema\/logo\/image\/"}}]}},"_links":{"self":[{"href":"https:\/\/edurec.ge.ch\/site\/cfpt-automobile\/wp-json\/wp\/v2\/pages\/241","targetHints":{"allow":["GET"]}}],"collection":[{"href":"https:\/\/edurec.ge.ch\/site\/cfpt-automobile\/wp-json\/wp\/v2\/pages"}],"about":[{"href":"https:\/\/edurec.ge.ch\/site\/cfpt-automobile\/wp-json\/wp\/v2\/types\/page"}],"author":[{"embeddable":true,"href":"https:\/\/edurec.ge.ch\/site\/cfpt-automobile\/wp-json\/wp\/v2\/users\/1670"}],"replies":[{"embeddable":true,"href":"https:\/\/edurec.ge.ch\/site\/cfpt-automobile\/wp-json\/wp\/v2\/comments?post=241"}],"version-history":[{"count":77,"href":"https:\/\/edurec.ge.ch\/site\/cfpt-automobile\/wp-json\/wp\/v2\/pages\/241\/revisions"}],"predecessor-version":[{"id":1982,"href":"https:\/\/edurec.ge.ch\/site\/cfpt-automobile\/wp-json\/wp\/v2\/pages\/241\/revisions\/1982"}],"wp:attachment":[{"href":"https:\/\/edurec.ge.ch\/site\/cfpt-automobile\/wp-json\/wp\/v2\/media?parent=241"}],"curies":[{"name":"wp","href":"https:\/\/api.w.org\/{rel}","templated":true}]}}