{"id":2022,"date":"2023-07-04T15:16:53","date_gmt":"2023-07-04T14:16:53","guid":{"rendered":"https:\/\/edurec.ge.ch\/site\/cfpt-automobile\/?page_id=2022"},"modified":"2025-08-15T10:59:21","modified_gmt":"2025-08-15T09:59:21","slug":"rentree_automobile","status":"publish","type":"page","link":"https:\/\/edurec.ge.ch\/site\/cfpt-automobile\/rentree_automobile\/","title":{"rendered":"Fournitures scolaires pour les m\u00e9tiers de l&rsquo;automobile"},"content":{"rendered":"<h3>M\u00e9catronicien-ne automobiles (plein temps)<\/h3>\n<p>M\u00e9catronicien-ne d\u2019automobiles plein-temps premi\u00e8re ann\u00e9e (MA P1)<br \/>\n<a href=\"https:\/\/edurec.ge.ch\/site\/cfpt-automobile\/wp-content\/uploads\/sites\/117\/2025\/06\/MA-P1-convocation-rentree-2025-2026.pdf\" target=\"_blank\" rel=\"noopener\">Convocation et fournitures scolaires<\/a><br \/>\n<a href=\"https:\/\/edurec.ge.ch\/site\/cfpt-automobile\/wp-content\/uploads\/sites\/117\/2025\/06\/Procedure-commande-materiel-et-Beook_MA-P1_2025-2026.pdf\" target=\"_blank\" rel=\"noopener\">Commande du support num\u00e9rique ASETA MA Plein temps<\/a><br \/>\n<a href=\"https:\/\/edurec.ge.ch\/site\/cfpt-automobile\/wp-content\/uploads\/sites\/117\/2025\/06\/05_Exigences_Materiel-informatique_2025-2026.pdf\" target=\"_blank\" rel=\"noopener\">Mat\u00e9riel num\u00e9rique demand\u00e9<\/a><\/p>\n<p>M\u00e9catronicien-ne d\u2019automobiles plein-temps deuxi\u00e8me ann\u00e9e (MA P2)<br \/>\n<a href=\"https:\/\/edurec.ge.ch\/site\/cfpt-automobile\/wp-content\/uploads\/sites\/117\/2025\/07\/MA-P2-convocation-rentree-2-2025-2026.pdf\" target=\"_blank\" rel=\"noopener\">Convocation et fournitures scolaires<\/a><\/p>\n<p>M\u00e9catronicien-ne d\u2019automobiles plein-temps troisi\u00e8me ann\u00e9e (MA P3)<br \/>\n<a href=\"https:\/\/edurec.ge.ch\/site\/cfpt-automobile\/wp-content\/uploads\/sites\/117\/2025\/06\/MA-P3-convocation-rentree-2025-2026.pdf\" target=\"_blank\" rel=\"noopener\">Convocation et fournitures scolaires<\/a><\/p>\n<p>M\u00e9catronicien-ne d\u2019automobiles plein-temps quatri\u00e8me ann\u00e9e (MA P4)<br \/>\n<a href=\"https:\/\/edurec.ge.ch\/site\/cfpt-automobile\/wp-content\/uploads\/sites\/117\/2025\/06\/MA-P4-convocation-rentree-2025-2026.pdf\" target=\"_blank\" rel=\"noopener\">Convocation et fournitures scolaires<\/a><\/p>\n<p>&nbsp;<\/p>\n<h3>M\u00e9catronicien-ne automobiles (dual)<\/h3>\n<p>M\u00e9catronicien-ne d\u2019automobiles dual-e premi\u00e8re ann\u00e9e (MA D1)<br \/>\n<a href=\"https:\/\/edurec.ge.ch\/site\/cfpt-automobile\/wp-content\/uploads\/sites\/117\/2025\/06\/MA-D1-convocation-rentree-2025-2026.pdf\" target=\"_blank\" rel=\"noopener\">Convocation et fournitures scolaires<\/a><br \/>\n<a href=\"https:\/\/edurec.ge.ch\/site\/cfpt-automobile\/wp-content\/uploads\/sites\/117\/2025\/06\/Procedure-commande-materiel-et-Beook_MA-D1_2025-2026.pdf\" target=\"_blank\" rel=\"noopener\">Commande du support num\u00e9rique ASETA MA Dual<\/a><br \/>\n<a href=\"https:\/\/edurec.ge.ch\/site\/cfpt-automobile\/wp-content\/uploads\/sites\/117\/2025\/06\/05_Exigences_Materiel-informatique_2025-2026.pdf\" target=\"_blank\" rel=\"noopener\">Mat\u00e9riel num\u00e9rique demand\u00e9<\/a><\/p>\n<p>M\u00e9catronicien-ne d\u2019automobiles dual-e deuxi\u00e8me ann\u00e9e (MA D2)<br \/>\n<a href=\"https:\/\/edurec.ge.ch\/site\/cfpt-automobile\/wp-content\/uploads\/sites\/117\/2025\/06\/MA-D2-convocation-rentree-2025-2026.pdf\" target=\"_blank\" rel=\"noopener\">Convocation et fournitures scolaires<\/a><\/p>\n<p>M\u00e9catronicien-ne d\u2019automobiles dual-e troisi\u00e8me ann\u00e9e (MA D3)<br \/>\n<a href=\"https:\/\/edurec.ge.ch\/site\/cfpt-automobile\/wp-content\/uploads\/sites\/117\/2025\/06\/MA-D3-convocation-rentree-2025-2026.pdf\" target=\"_blank\" rel=\"noopener\">Convocation et fournitures scolaires<\/a><\/p>\n<p>M\u00e9catronicien-ne d\u2019automobiles dual-e quatri\u00e8me ann\u00e9e (MA D4)<br \/>\n<a href=\"https:\/\/edurec.ge.ch\/site\/cfpt-automobile\/wp-content\/uploads\/sites\/117\/2025\/06\/MA-D4-convocation-rentree-2025-2026.pdf\" target=\"_blank\" rel=\"noopener\">Convocation et fournitures scolaires<\/a><\/p>\n<p>&nbsp;<\/p>\n<h3>M\u00e9canicien-ne en maintenance d\u2019automobiles<\/h3>\n<p>M\u00e9canicien-ne en maintenance d\u2019automobiles dual-e premi\u00e8re ann\u00e9e (MMA D1)<br \/>\n<a href=\"https:\/\/edurec.ge.ch\/site\/cfpt-automobile\/wp-content\/uploads\/sites\/117\/2025\/06\/MMA-1-convocation-rentree-2025-2026.pdf\" target=\"_blank\" rel=\"noopener\">Convocation et fournitures scolaires<\/a><br \/>\n<a href=\"https:\/\/edurec.ge.ch\/site\/cfpt-automobile\/wp-content\/uploads\/sites\/117\/2025\/06\/Procedure-commande-materiel-et-Beook_MMA_2025-2026.pdf\" target=\"_blank\" rel=\"noopener\">Commande du support num\u00e9rique ASETA MMA<\/a><br \/>\n<a href=\"https:\/\/edurec.ge.ch\/site\/cfpt-automobile\/wp-content\/uploads\/sites\/117\/2025\/06\/05_Exigences_Materiel-informatique_2025-2026.pdf\" target=\"_blank\" rel=\"noopener\">Mat\u00e9riel num\u00e9rique demand\u00e9<\/a><\/p>\n<p>M\u00e9canicien-ne en maintenance d\u2019automobiles dual-e deuxi\u00e8me ann\u00e9e (MMA D2)<br \/>\n<a href=\"https:\/\/edurec.ge.ch\/site\/cfpt-automobile\/wp-content\/uploads\/sites\/117\/2025\/06\/MMA-2-convocation-rentree-2025-2026.pdf\" target=\"_blank\" rel=\"noopener\">Convocation et fournitures scolaires<\/a><\/p>\n<p>M\u00e9canicien-ne en maintenance d\u2019automobiles dual-e deuxi\u00e8me ann\u00e9e (MMA D3)<br \/>\n<a href=\"https:\/\/edurec.ge.ch\/site\/cfpt-automobile\/wp-content\/uploads\/sites\/117\/2025\/06\/MMA-3-convocation-rentree-2025-2026.pdf\" target=\"_blank\" rel=\"noopener\">Convocation et fournitures scolaires<\/a><\/p>\n<p>&nbsp;<\/p>\n<h3>Assistant-e en maintenance d&rsquo;automobiles<\/h3>\n<p>Assistant-e en maintenance d\u2019automobiles dual-e premi\u00e8re ann\u00e9e (AMA D1)<br \/>\n<a href=\"https:\/\/edurec.ge.ch\/site\/cfpt-automobile\/wp-content\/uploads\/sites\/117\/2025\/06\/AMA-1-convocation-rentree-2025-2026.pdf\" target=\"_blank\" rel=\"noopener\">Convocation et fournitures scolaires<\/a><br \/>\n<a href=\"https:\/\/edurec.ge.ch\/site\/cfpt-automobile\/wp-content\/uploads\/sites\/117\/2025\/06\/Procedure-commande-materiel-et-Beook-AMA-D1_2025-2026.pdf\" target=\"_blank\" rel=\"noopener\">Commande du support num\u00e9rique ASETA AMA<\/a><br \/>\n<a href=\"https:\/\/edurec.ge.ch\/site\/cfpt-automobile\/wp-content\/uploads\/sites\/117\/2025\/06\/05_Exigences_Materiel-informatique_2025-2026.pdf\" target=\"_blank\" rel=\"noopener\">Mat\u00e9riel num\u00e9rique demand\u00e9<\/a><\/p>\n<p>Assistant-e en maintenance d\u2019automobiles dual-e deuxi\u00e8me ann\u00e9e (AMA D2)<br \/>\n<a href=\"https:\/\/edurec.ge.ch\/site\/cfpt-automobile\/wp-content\/uploads\/sites\/117\/2025\/06\/AMA-2-convocation-rentree-2025-2026.pdf\" target=\"_blank\" rel=\"noopener\">Convocation et fournitures scolaires<\/a><\/p>\n<p>&nbsp;<\/p>\n","protected":false},"excerpt":{"rendered":"<p>M\u00e9catronicien-ne automobiles (plein temps) M\u00e9catronicien-ne d\u2019automobiles plein-temps premi\u00e8re ann\u00e9e (MA P1) Convocation et fournitures scolaires Commande du support num\u00e9rique ASETA MA Plein temps Mat\u00e9riel num\u00e9rique demand\u00e9 M\u00e9catronicien-ne d\u2019automobiles plein-temps deuxi\u00e8me ann\u00e9e (MA P2) Convocation et fournitures scolaires M\u00e9catronicien-ne d\u2019automobiles plein-temps troisi\u00e8me ann\u00e9e (MA P3) Convocation et fournitures scolaires M\u00e9catronicien-ne d\u2019automobiles plein-temps quatri\u00e8me ann\u00e9e (MA P4) [&hellip;]<\/p>\n","protected":false},"author":11687,"featured_media":0,"parent":0,"menu_order":0,"comment_status":"closed","ping_status":"closed","template":"","meta":{"footnotes":""},"class_list":["post-2022","page","type-page","status-publish","czr-hentry"],"yoast_head":"<!-- This site is optimized with the Yoast SEO plugin v26.4 - https:\/\/yoast.com\/wordpress\/plugins\/seo\/ -->\n<title>Fournitures scolaires pour les m\u00e9tiers de l&#039;automobile - CFPT Automobile<\/title>\n<meta name=\"robots\" content=\"index, follow, max-snippet:-1, max-image-preview:large, max-video-preview:-1\" \/>\n<link rel=\"canonical\" href=\"https:\/\/edurec.ge.ch\/site\/cfpt-automobile\/rentree_automobile\/\" \/>\n<meta property=\"og:locale\" content=\"fr_FR\" \/>\n<meta property=\"og:type\" content=\"article\" \/>\n<meta property=\"og:title\" content=\"Fournitures scolaires pour les m\u00e9tiers de l&#039;automobile - CFPT Automobile\" \/>\n<meta property=\"og:description\" content=\"M\u00e9catronicien-ne automobiles (plein temps) M\u00e9catronicien-ne d\u2019automobiles plein-temps premi\u00e8re ann\u00e9e (MA P1) Convocation et fournitures scolaires Commande du support num\u00e9rique ASETA MA Plein temps Mat\u00e9riel num\u00e9rique demand\u00e9 M\u00e9catronicien-ne d\u2019automobiles plein-temps deuxi\u00e8me ann\u00e9e (MA P2) Convocation et fournitures scolaires M\u00e9catronicien-ne d\u2019automobiles plein-temps troisi\u00e8me ann\u00e9e (MA P3) Convocation et fournitures scolaires M\u00e9catronicien-ne d\u2019automobiles plein-temps quatri\u00e8me ann\u00e9e (MA P4) [&hellip;]\" \/>\n<meta property=\"og:url\" content=\"https:\/\/edurec.ge.ch\/site\/cfpt-automobile\/rentree_automobile\/\" \/>\n<meta property=\"og:site_name\" content=\"CFPT Automobile\" \/>\n<meta property=\"article:modified_time\" content=\"2025-08-15T09:59:21+00:00\" \/>\n<meta name=\"twitter:card\" content=\"summary_large_image\" \/>\n<meta name=\"twitter:label1\" content=\"Dur\u00e9e de lecture estim\u00e9e\" \/>\n\t<meta name=\"twitter:data1\" content=\"2 minutes\" \/>\n<script type=\"application\/ld+json\" class=\"yoast-schema-graph\">{\"@context\":\"https:\/\/schema.org\",\"@graph\":[{\"@type\":\"WebPage\",\"@id\":\"https:\/\/edurec.ge.ch\/site\/cfpt-automobile\/rentree_automobile\/\",\"url\":\"https:\/\/edurec.ge.ch\/site\/cfpt-automobile\/rentree_automobile\/\",\"name\":\"Fournitures scolaires pour les m\u00e9tiers de l'automobile - CFPT Automobile\",\"isPartOf\":{\"@id\":\"https:\/\/edurec.ge.ch\/site\/cfpt-automobile\/#website\"},\"datePublished\":\"2023-07-04T14:16:53+00:00\",\"dateModified\":\"2025-08-15T09:59:21+00:00\",\"breadcrumb\":{\"@id\":\"https:\/\/edurec.ge.ch\/site\/cfpt-automobile\/rentree_automobile\/#breadcrumb\"},\"inLanguage\":\"fr-FR\",\"potentialAction\":[{\"@type\":\"ReadAction\",\"target\":[\"https:\/\/edurec.ge.ch\/site\/cfpt-automobile\/rentree_automobile\/\"]}]},{\"@type\":\"BreadcrumbList\",\"@id\":\"https:\/\/edurec.ge.ch\/site\/cfpt-automobile\/rentree_automobile\/#breadcrumb\",\"itemListElement\":[{\"@type\":\"ListItem\",\"position\":1,\"name\":\"Accueil\",\"item\":\"https:\/\/edurec.ge.ch\/site\/cfpt-automobile\/\"},{\"@type\":\"ListItem\",\"position\":2,\"name\":\"Fournitures scolaires pour les m\u00e9tiers de l&rsquo;automobile\"}]},{\"@type\":\"WebSite\",\"@id\":\"https:\/\/edurec.ge.ch\/site\/cfpt-automobile\/#website\",\"url\":\"https:\/\/edurec.ge.ch\/site\/cfpt-automobile\/\",\"name\":\"CFPT Automobile\",\"description\":\"CFPT Automobile\",\"publisher\":{\"@id\":\"https:\/\/edurec.ge.ch\/site\/cfpt-automobile\/#organization\"},\"potentialAction\":[{\"@type\":\"SearchAction\",\"target\":{\"@type\":\"EntryPoint\",\"urlTemplate\":\"https:\/\/edurec.ge.ch\/site\/cfpt-automobile\/?s={search_term_string}\"},\"query-input\":{\"@type\":\"PropertyValueSpecification\",\"valueRequired\":true,\"valueName\":\"search_term_string\"}}],\"inLanguage\":\"fr-FR\"},{\"@type\":\"Organization\",\"@id\":\"https:\/\/edurec.ge.ch\/site\/cfpt-automobile\/#organization\",\"name\":\"CFPT Automobile\",\"url\":\"https:\/\/edurec.ge.ch\/site\/cfpt-automobile\/\",\"logo\":{\"@type\":\"ImageObject\",\"inLanguage\":\"fr-FR\",\"@id\":\"https:\/\/edurec.ge.ch\/site\/cfpt-automobile\/#\/schema\/logo\/image\/\",\"url\":\"https:\/\/edurec.ge.ch\/site\/cfpt-automobile\/wp-content\/uploads\/sites\/117\/2024\/07\/home-page2.svg\",\"contentUrl\":\"https:\/\/edurec.ge.ch\/site\/cfpt-automobile\/wp-content\/uploads\/sites\/117\/2024\/07\/home-page2.svg\",\"caption\":\"CFPT Automobile\"},\"image\":{\"@id\":\"https:\/\/edurec.ge.ch\/site\/cfpt-automobile\/#\/schema\/logo\/image\/\"}}]}<\/script>\n<!-- \/ Yoast SEO plugin. -->","yoast_head_json":{"title":"Fournitures scolaires pour les m\u00e9tiers de l'automobile - CFPT Automobile","robots":{"index":"index","follow":"follow","max-snippet":"max-snippet:-1","max-image-preview":"max-image-preview:large","max-video-preview":"max-video-preview:-1"},"canonical":"https:\/\/edurec.ge.ch\/site\/cfpt-automobile\/rentree_automobile\/","og_locale":"fr_FR","og_type":"article","og_title":"Fournitures scolaires pour les m\u00e9tiers de l'automobile - CFPT Automobile","og_description":"M\u00e9catronicien-ne automobiles (plein temps) M\u00e9catronicien-ne d\u2019automobiles plein-temps premi\u00e8re ann\u00e9e (MA P1) Convocation et fournitures scolaires Commande du support num\u00e9rique ASETA MA Plein temps Mat\u00e9riel num\u00e9rique demand\u00e9 M\u00e9catronicien-ne d\u2019automobiles plein-temps deuxi\u00e8me ann\u00e9e (MA P2) Convocation et fournitures scolaires M\u00e9catronicien-ne d\u2019automobiles plein-temps troisi\u00e8me ann\u00e9e (MA P3) Convocation et fournitures scolaires M\u00e9catronicien-ne d\u2019automobiles plein-temps quatri\u00e8me ann\u00e9e (MA P4) [&hellip;]","og_url":"https:\/\/edurec.ge.ch\/site\/cfpt-automobile\/rentree_automobile\/","og_site_name":"CFPT Automobile","article_modified_time":"2025-08-15T09:59:21+00:00","twitter_card":"summary_large_image","twitter_misc":{"Dur\u00e9e de lecture estim\u00e9e":"2 minutes"},"schema":{"@context":"https:\/\/schema.org","@graph":[{"@type":"WebPage","@id":"https:\/\/edurec.ge.ch\/site\/cfpt-automobile\/rentree_automobile\/","url":"https:\/\/edurec.ge.ch\/site\/cfpt-automobile\/rentree_automobile\/","name":"Fournitures scolaires pour les m\u00e9tiers de l'automobile - CFPT Automobile","isPartOf":{"@id":"https:\/\/edurec.ge.ch\/site\/cfpt-automobile\/#website"},"datePublished":"2023-07-04T14:16:53+00:00","dateModified":"2025-08-15T09:59:21+00:00","breadcrumb":{"@id":"https:\/\/edurec.ge.ch\/site\/cfpt-automobile\/rentree_automobile\/#breadcrumb"},"inLanguage":"fr-FR","potentialAction":[{"@type":"ReadAction","target":["https:\/\/edurec.ge.ch\/site\/cfpt-automobile\/rentree_automobile\/"]}]},{"@type":"BreadcrumbList","@id":"https:\/\/edurec.ge.ch\/site\/cfpt-automobile\/rentree_automobile\/#breadcrumb","itemListElement":[{"@type":"ListItem","position":1,"name":"Accueil","item":"https:\/\/edurec.ge.ch\/site\/cfpt-automobile\/"},{"@type":"ListItem","position":2,"name":"Fournitures scolaires pour les m\u00e9tiers de l&rsquo;automobile"}]},{"@type":"WebSite","@id":"https:\/\/edurec.ge.ch\/site\/cfpt-automobile\/#website","url":"https:\/\/edurec.ge.ch\/site\/cfpt-automobile\/","name":"CFPT Automobile","description":"CFPT Automobile","publisher":{"@id":"https:\/\/edurec.ge.ch\/site\/cfpt-automobile\/#organization"},"potentialAction":[{"@type":"SearchAction","target":{"@type":"EntryPoint","urlTemplate":"https:\/\/edurec.ge.ch\/site\/cfpt-automobile\/?s={search_term_string}"},"query-input":{"@type":"PropertyValueSpecification","valueRequired":true,"valueName":"search_term_string"}}],"inLanguage":"fr-FR"},{"@type":"Organization","@id":"https:\/\/edurec.ge.ch\/site\/cfpt-automobile\/#organization","name":"CFPT Automobile","url":"https:\/\/edurec.ge.ch\/site\/cfpt-automobile\/","logo":{"@type":"ImageObject","inLanguage":"fr-FR","@id":"https:\/\/edurec.ge.ch\/site\/cfpt-automobile\/#\/schema\/logo\/image\/","url":"https:\/\/edurec.ge.ch\/site\/cfpt-automobile\/wp-content\/uploads\/sites\/117\/2024\/07\/home-page2.svg","contentUrl":"https:\/\/edurec.ge.ch\/site\/cfpt-automobile\/wp-content\/uploads\/sites\/117\/2024\/07\/home-page2.svg","caption":"CFPT Automobile"},"image":{"@id":"https:\/\/edurec.ge.ch\/site\/cfpt-automobile\/#\/schema\/logo\/image\/"}}]}},"_links":{"self":[{"href":"https:\/\/edurec.ge.ch\/site\/cfpt-automobile\/wp-json\/wp\/v2\/pages\/2022","targetHints":{"allow":["GET"]}}],"collection":[{"href":"https:\/\/edurec.ge.ch\/site\/cfpt-automobile\/wp-json\/wp\/v2\/pages"}],"about":[{"href":"https:\/\/edurec.ge.ch\/site\/cfpt-automobile\/wp-json\/wp\/v2\/types\/page"}],"author":[{"embeddable":true,"href":"https:\/\/edurec.ge.ch\/site\/cfpt-automobile\/wp-json\/wp\/v2\/users\/11687"}],"replies":[{"embeddable":true,"href":"https:\/\/edurec.ge.ch\/site\/cfpt-automobile\/wp-json\/wp\/v2\/comments?post=2022"}],"version-history":[{"count":50,"href":"https:\/\/edurec.ge.ch\/site\/cfpt-automobile\/wp-json\/wp\/v2\/pages\/2022\/revisions"}],"predecessor-version":[{"id":2622,"href":"https:\/\/edurec.ge.ch\/site\/cfpt-automobile\/wp-json\/wp\/v2\/pages\/2022\/revisions\/2622"}],"wp:attachment":[{"href":"https:\/\/edurec.ge.ch\/site\/cfpt-automobile\/wp-json\/wp\/v2\/media?parent=2022"}],"curies":[{"name":"wp","href":"https:\/\/api.w.org\/{rel}","templated":true}]}}